000
CXUS51 KOKX 230702
CF6JFK
PRELIMINARY LOCAL CLIMATOLOGICAL DATA (WS FORM: F-6)

                                          STATION:   KENNEDY NY
                                          MONTH:     JUNE
                                          YEAR:      2017
                                          LATITUDE:   40 39 N
                                          LONGITUDE:  73 47 W

  TEMPERATURE IN F:       :PCPN:    SNOW:  WIND      :SUNSHINE: SKY     :PK WND
================================================================================
1   2   3   4   5  6A  6B    7    8   9   10  11  12  13   14  15   16   17  18
                                     12Z  AVG MX 2MIN
DY MAX MIN AVG DEP HDD CDD  WTR  SNW DPTH SPD SPD DIR MIN PSBL S-S WX    SPD DR
================================================================================

 1  82  60  71   5   0   6 0.00  0.0    0  9.9 23 260   M    M   5 128    28 260
 2  77  57  67   1   0   2 0.00  0.0    0 11.5 24 320   M    M   2        31 320
 3  76  56  66   0   0   1 0.02  0.0    0 11.5 24 300   M    M   4        29 320
 4  70  54  62  -5   3   0 0.09  0.0    0  6.3 16 150   M    M   6 1      20 150
 5  71  60  66  -1   0   1 0.40  0.0    0  7.6 20 110   M    M  10 138    25 120
 6  60  53  57 -11   8   0 0.05  0.0    0 11.7 18  20   M    M  10 1      23  30
 7  68  52  60  -8   5   0    T  0.0    0  9.2 15 160   M    M   7        21  30
 8  67  54  61  -7   4   0 0.00  0.0    0  5.8 15  90   M    M   6        19  90
 9  84  51  68   0   0   3 0.00  0.0    0  9.3 22 320   M    M   5        29 290
10  81  62  72   3   0   7 0.00  0.0    0 11.2 23 180   M    M   5        29 180
11  87  66  77   8   0  12 0.00  0.0    0 10.6 21 190   M    M   5        26 190
12  92  69  81  11   0  16 0.00  0.0    0 11.2 21 190   M    M   1        23 180
13  94  72  83  13   0  18 0.00  0.0    0  9.8 21 220   M    M   5        25 220
14  82  64  73   3   0   8 0.30  0.0    0  7.1 17  40   M    M   8 13     23  30
15  72  61  67  -3   0   2 0.00  0.0    0  9.7 17 140   M    M   6        22 140
16  70  63  67  -4   0   2 0.03  0.0    0  8.4 20 100   M    M   9 1      23  90
17  73  66  70  -1   0   5 0.34  0.0    0  5.9 12 150   M    M  10 12     14 140
18  79  69  74   3   0   9    T  0.0    0 15.6 30 180   M    M   7 12     39 180
19  79  68  74   2   0   9 1.12  0.0    0 17.3 32 180   M    M   6 13     41 180
20  86  58  72   0   0   7 0.01  0.0    0 13.6 23 230   M    M   5 1      30 260
21  86  69  78   6   0  13 0.00  0.0    0 11.6 21 240   M    M   5        24 240
22  79  66  73   1   0   8 0.00  0.0    0  8.5 20 180   M    M   6        24 180
================================================================================
SM 1715 1350        20 129  2.36     0.0 223.3          M      133
================================================================================
AV 78.0 61.4                              10.2 FASTST   M    M   6    MAX(MPH)
                                 MISC ---->  # 32 180               # 41  180
================================================================================
NOTES:
# LAST OF SEVERAL OCCURRENCES

COLUMN 17 PEAK WIND IN M.P.H.

PRELIMINARY LOCAL CLIMATOLOGICAL DATA (WS FORM: F-6) , PAGE 2

                                          STATION:  KENNEDY NY
                                          MONTH:    JUNE
                                          YEAR:     2017
                                          LATITUDE:   40 39 N
                                          LONGITUDE:  73 47 W

[TEMPERATURE DATA]      [PRECIPITATION DATA]       SYMBOLS USED IN COLUMN 16

AVERAGE MONTHLY: 69.7   TOTAL FOR MONTH:   2.36    1 = FOG OR MIST
DPTR FM NORMAL:   0.4   DPTR FM NORMAL:   -0.59    2 = FOG REDUCING VISIBILITY
HIGHEST:    94 ON 13    GRTST 24HR  1.12 ON 19-19      TO 1/4 MILE OR LESS
LOWEST:     51 ON  9                               3 = THUNDER
                        SNOW, ICE PELLETS, HAIL    4 = ICE PELLETS
                        TOTAL MONTH:   0.0 INCH    5 = HAIL
                        GRTST 24HR     0.0         6 = FREEZING RAIN OR DRIZZLE
                        GRTST DEPTH:   0           7 = DUSTSTORM OR SANDSTORM:
                                                       VSBY 1/2 MILE OR LESS
                                                   8 = SMOKE OR HAZE
[NO. OF DAYS WITH]      [WEATHER - DAYS WITH]      9 = BLOWING SNOW
                                                   X = TORNADO
MAX 32 OR BELOW:   0    0.01 INCH OR MORE:   9
MAX 90 OR ABOVE:   2    0.10 INCH OR MORE:   4
MIN 32 OR BELOW:   0    0.50 INCH OR MORE:   1
MIN  0 OR BELOW:   0    1.00 INCH OR MORE:   1

[HDD (BASE 65) ]
TOTAL THIS MO.    20    CLEAR  (SCALE 0-3)   2
DPTR FM NORMAL     0    PTCLDY (SCALE 4-7)  16
TOTAL FM JUL 1  4197    CLOUDY (SCALE 8-10)  4
DPTR FM NORMAL  -641

[CDD (BASE 65) ]
TOTAL THIS MO.   129
DPTR FM NORMAL    17    [PRESSURE DATA]
TOTAL FM JAN 1   179    HIGHEST SLP M ON M
DPTR FM NORMAL    32    LOWEST  SLP 29.69 ON  6

[REMARKS]
