000
CXUS55 KJKL 261000
CF6JKL
PRELIMINARY LOCAL CLIMATOLOGICAL DATA (WS FORM: F-6)

                                          STATION:   JACKSON KY
                                          MONTH:     MAY
                                          YEAR:      2016
                                          LATITUDE:   37 35 N
                                          LONGITUDE:  83 19 W

  TEMPERATURE IN F:       :PCPN:    SNOW:  WIND      :SUNSHINE: SKY     :PK WND
================================================================================
1   2   3   4   5  6A  6B    7    8   9   10  11  12  13   14  15   16   17  18
                                     12Z  AVG MX 2MIN
DY MAX MIN AVG DEP HDD CDD  WTR  SNW DPTH SPD SPD DIR MIN PSBL S-S WX    SPD DR
================================================================================

 1  80  60  70   8   0   5 2.08  0.0    0  2.4 17 310   M    M   5 123    25 300
 2  73  58  66   4   0   1 1.17  0.0    0  2.1 17 310   M    M   8 123    27 280
 3  65  52  59  -3   6   0 0.06  0.0    0  4.1 14 280   M    M  10 123    20 280
 4  65  45  55  -7  10   0 0.27  0.0    0  3.0 14 300   M    M   7 1      24 290
 5  53  41  47 -15  18   0 0.02  0.0    0  4.3 12 310   M    M   8 12     18 320
 6  68  44  56  -6   9   0 0.00  0.0    0  5.9 14 320   M    M   3 1      22 330
 7  78  49  64   1   1   0 0.28  0.0    0  4.2 14 260   M    M   3 138    25 280
 8  66  54  60  -3   5   0 0.03  0.0    0  2.1  8 350   M    M   8 1      13 270
 9  73  56  65   2   0   0    T  0.0    0  1.2  7 270   M    M   2        11 290
10  78  59  69   6   0   4 0.24  0.0    0  3.2 20 330   M    M   4 13     29 330
11  81  58  70   6   0   5 0.70  0.0    0  1.9 13 280   M    M   4 123    26 270
12  83  60  72   8   0   7 0.29  0.0    0  1.3 10 330   M    M   5 123    18 280
13  71  54  63  -1   2   0    T  0.0    0  5.0 13 300   M    M   4 1      20 310
14  61  43  52 -12  13   0 0.14  0.0    0  5.9 20 300   M    M   7 1      26 300
15  60  41  51 -13  14   0 0.00  0.0    0  4.2 16 290   M    M   7        28 310
16  57  39  48 -17  17   0    T  0.0    0  1.2  8 120   M    M   6        12 140
17  59  46  53 -12  12   0 0.27  0.0    0  0.6  6  60   M    M   9 1      11  80
18  56  49  53 -12  12   0 0.08  0.0    0  0.3  6  60   M    M  10 18     12  20
19  69  45  57  -8   8   0 0.00  0.0    0  1.9  8 110   M    M   4 12     14 110
20  71  54  63  -2   2   0 0.72  0.0    0  1.8  9 150   M    M   6 1      12 140
21  70  55  63  -3   2   0 0.05  0.0    0  4.8 20 310   M    M   9 12     26 310
22  74  50  62  -4   3   0 0.00  0.0    0  4.2 15 320   M    M   2 12     19 310
23  74  50  62  -4   3   0 0.00  0.0    0  0.6  7  90   M    M   2        10  70
24  81  53  67   1   0   2 0.00  0.0    0  1.5  9 310   M    M   0        14 300
25  83  60  72   5   0   7 0.00  0.0    0  2.2  8 270   M    M   4        16 260
================================================================================
SM 1749 1275       137  31  6.40     0.0  69.9          M      137
================================================================================
AV 70.0 51.0                               2.8 FASTST   M    M   5    MAX(MPH)
                                 MISC ---->  # 20 330               # 29  330
================================================================================
NOTES:
# LAST OF SEVERAL OCCURRENCES

COLUMN 17 PEAK WIND IN M.P.H.

PRELIMINARY LOCAL CLIMATOLOGICAL DATA (WS FORM: F-6) , PAGE 2

                                          STATION:  JACKSON KY
                                          MONTH:    MAY
                                          YEAR:     2016
                                          LATITUDE:   37 35 N
                                          LONGITUDE:  83 19 W

[TEMPERATURE DATA]      [PRECIPITATION DATA]       SYMBOLS USED IN COLUMN 16

AVERAGE MONTHLY: 60.5   TOTAL FOR MONTH:   6.40    1 = FOG OR MIST
DPTR FM NORMAL:  -3.5   DPTR FM NORMAL:    2.25    2 = FOG REDUCING VISIBILITY
HIGHEST:    83 ON 25,12 GRTST 24HR  2.95 ON 30- 1      TO 1/4 MILE OR LESS
LOWEST:     39 ON 16                               3 = THUNDER
                        SNOW, ICE PELLETS, HAIL    4 = ICE PELLETS
                        TOTAL MONTH:   0.0 INCH    5 = HAIL
                        GRTST 24HR     0.0         6 = FREEZING RAIN OR DRIZZLE
                        GRTST DEPTH:   0           7 = DUSTSTORM OR SANDSTORM:
                                                       VSBY 1/2 MILE OR LESS
                                                   8 = SMOKE OR HAZE
[NO. OF DAYS WITH]      [WEATHER - DAYS WITH]      9 = BLOWING SNOW
                                                   X = TORNADO
MAX 32 OR BELOW:   0    0.01 INCH OR MORE:  15
MAX 90 OR ABOVE:   0    0.10 INCH OR MORE:  10
MIN 32 OR BELOW:   0    0.50 INCH OR MORE:   4
MIN  0 OR BELOW:   0    1.00 INCH OR MORE:   2

[HDD (BASE 65) ]
TOTAL THIS MO.   137    CLEAR  (SCALE 0-3)   5
DPTR FM NORMAL    47    PTCLDY (SCALE 4-7)  15
TOTAL FM JUL 1  3454    CLOUDY (SCALE 8-10)  5
DPTR FM NORMAL  -757

[CDD (BASE 65) ]
TOTAL THIS MO.    31
DPTR FM NORMAL   -36    [PRESSURE DATA]
TOTAL FM JAN 1    85    HIGHEST SLP M ON M
DPTR FM NORMAL   -28    LOWEST  SLP 29.65 ON  4

[REMARKS]
