000
CXUS53 KSGF 170800
CF6JLN
PRELIMINARY LOCAL CLIMATOLOGICAL DATA (WS FORM: F-6)

                                          STATION:   JOPLIN MO
                                          MONTH:     DECEMBER
                                          YEAR:      2017
                                          LATITUDE:   37 10 N
                                          LONGITUDE:  94 30 W

  TEMPERATURE IN F:       :PCPN:    SNOW:  WIND      :SUNSHINE: SKY     :PK WND
================================================================================
1   2   3   4   5  6A  6B    7    8   9   10  11  12  13   14  15   16   17  18
                                     12Z  AVG MX 2MIN
DY MAX MIN AVG DEP HDD CDD  WTR  SNW DPTH SPD SPD DIR MIN PSBL S-S WX    SPD DR
================================================================================

 1  61  34  48   7  17   0 0.00    M    M  6.6 18 210   M    M   1        22 200
 2  67  44  56  15   9   0 0.00    M    M  2.8 10 220   M    M   2        13 220
 3  73  44  59  18   6   0 0.00    M    M 12.3 25 180   M    M   1        33 190
 4  73  40  57  17   8   0 0.16    M    M 20.4 37 190   M    M   4 13     50 200
 5  44  30  37  -3  28   0 0.00    M    M 10.0 20 320   M    M   2        26 340
 6  50  26  38  -2  27   0 0.00    M    M  8.9 20 300   M    M   1        26 220
 7  33  19  26 -13  39   0 0.00    M    M  8.3 18 340   M    M   0        26 350
 8  41  13  27 -12  38   0 0.00    M    M  9.0 16 200   M    M   2        22 210
 9  46  25  36  -2  29   0 0.00    M    M  8.7 23 340   M    M   0        32 320
10  58  24  41   3  24   0 0.00    M    M  9.0 18 220   M    M   0        27 230
11  65  34  50  12  15   0 0.00    M    M 12.7 26 340   M    M   1        37 290
12  42  23  33  -5  32   0 0.00    M    M  8.7 22 340   M    M   0        33 340
13  62  30  46   9  19   0 0.00    M    M 12.3 25 200   M    M   0        35 190
14  41  27  34  -3  31   0 0.00    M    M  4.6 13  10   M    M   6        18 360
15  47  31  39   2  26   0 0.00    M    M  9.2 20 200   M    M   3        27 210
16  59  38  49  12  16   0    T    M    M 15.4 28 200   M    M   0        36 200
================================================================================
SM  862  482       364   0  0.16    M    158.9          M       23
================================================================================
AV 53.9 30.1                               9.9 FASTST   M    M   1    MAX(MPH)
                                 MISC ---->  # 37 190               # 50  200
================================================================================
NOTES:
# LAST OF SEVERAL OCCURRENCES

COLUMN 17 PEAK WIND IN M.P.H.

PRELIMINARY LOCAL CLIMATOLOGICAL DATA (WS FORM: F-6) , PAGE 2

                                          STATION:  JOPLIN MO
                                          MONTH:    DECEMBER
                                          YEAR:     2017
                                          LATITUDE:   37 10 N
                                          LONGITUDE:  94 30 W

[TEMPERATURE DATA]      [PRECIPITATION DATA]       SYMBOLS USED IN COLUMN 16

AVERAGE MONTHLY: 42.0   TOTAL FOR MONTH:   0.16    1 = FOG OR MIST
DPTR FM NORMAL:   3.2   DPTR FM NORMAL:   -1.42    2 = FOG REDUCING VISIBILITY
HIGHEST:    73 ON  4, 3 GRTST 24HR  0.16 ON  4- 4      TO 1/4 MILE OR LESS
LOWEST:     13 ON  8                               3 = THUNDER
                        SNOW, ICE PELLETS, HAIL    4 = ICE PELLETS
                        TOTAL MONTH:    M          5 = HAIL
                        GRTST 24HR    M  ON   M    6 = FREEZING RAIN OR DRIZZLE
                        GRTST DEPTH:  M  ON   M    7 = DUSTSTORM OR SANDSTORM:
                                                       VSBY 1/2 MILE OR LESS
                                                   8 = SMOKE OR HAZE
[NO. OF DAYS WITH]      [WEATHER - DAYS WITH]      9 = BLOWING SNOW
                                                   X = TORNADO
MAX 32 OR BELOW:   0    0.01 INCH OR MORE:   1
MAX 90 OR ABOVE:   0    0.10 INCH OR MORE:   1
MIN 32 OR BELOW:  10    0.50 INCH OR MORE:   0
MIN  0 OR BELOW:   0    1.00 INCH OR MORE:   0

[HDD (BASE 65) ]
TOTAL THIS MO.   364    CLEAR  (SCALE 0-3)  13
DPTR FM NORMAL   -55    PTCLDY (SCALE 4-7)   3
TOTAL FM JUL 1  1009    CLOUDY (SCALE 8-10)  0
DPTR FM NORMAL  -167

[CDD (BASE 65) ]
TOTAL THIS MO.     0
DPTR FM NORMAL     0    [PRESSURE DATA]
TOTAL FM JAN 1  1750    HIGHEST SLP M ON M
DPTR FM NORMAL    52    LOWEST  SLP 29.65 ON  4

[REMARKS]
