000
CXUS53 KGRR 271017
CF6JXN
PRELIMINARY LOCAL CLIMATOLOGICAL DATA (WS FORM: F-6)

                                          STATION:   JACKSON MI
                                          MONTH:     JULY
                                          YEAR:      2016
                                          LATITUDE:   42 16 N
                                          LONGITUDE:  84 28 W

  TEMPERATURE IN F:       :PCPN:    SNOW:  WIND      :SUNSHINE: SKY     :PK WND
================================================================================
1   2   3   4   5  6A  6B    7    8   9   10  11  12  13   14  15   16   17  18
                                     12Z  AVG MX 2MIN
DY MAX MIN AVG DEP HDD CDD  WTR  SNW DPTH SPD SPD DIR MIN PSBL S-S WX    SPD DR
================================================================================

 1  74  53  64  -7   1   0 0.34    M    M  8.3 18 310   M    M   6 13     25 300
 2  77  47  62  -9   3   0 0.00    M    M  3.7  9 240   M    M   0        14 360
 3  79  51  65  -6   0   0 0.00    M    M  4.8 13 160   M    M   0 18     18 160
 4  79  52  66  -5   0   1 0.00    M    M  6.1 15 150   M    M   7 1      21 140
 5  85  64  75   4   0  10 0.00    M    M  6.3 16 250   M    M   5 1      21 240
 6  88  64  76   5   0  11 0.00    M    M  5.8 15 230   M    M   0        21 200
 7  89  64  77   6   0  12 2.88    M    M  4.4 14 240   M    M   3 13     19 250
 8  87  68  78   7   0  13 0.24    M    M  7.1 21 320   M    M   6 13     30 300
 9  77  63  70  -1   0   5 0.00    M    M  8.3 21 310   M    M   5        26 310
10  83  58  71   0   0   6 0.00    M    M  3.2 10 240   M    M   1        15 270
11  86  65  76   5   0  11    T    M    M  5.2 12 170   M    M   3        16 130
12  90  67  79   8   0  14 0.99    M    M  9.3 32 250   M    M   1 138    47 250
13  88  70  79   8   0  14 0.18    M    M  8.0 18 220   M    M   5 138    24 240
14  85  68  77   6   0  12    T    M    M 11.6 22 260   M    M   4        31 270
15  76  63  70  -1   0   5    T    M    M  7.5 16 280   M    M   4        20 280
16  76  59  68  -3   0   3 0.00    M    M  4.0 10 350   M    M   6        14 330
17  84  54  69  -2   0   4 0.00    M    M 10.3 24 240   M    M   1        32 190
18  82  66  74   3   0   9 0.13    M    M  7.7 31 250   M    M   4 13     45 260
19  84  59  72   1   0   7 0.00    M    M  4.9 10  20   M    M   1         M  M
20  88  60  74   3   0   9 0.00    M    M  5.2 13 240   M    M   0        18 220
21  89  67  78   7   0  13 0.25    M    M  8.3 29 320   M    M   1 13     40 310
22  89  72  81  10   0  16 0.00    M    M  7.3 16 250   M    M   0        20 240
23  91  66  79   8   0  14 0.00    M    M  1.6  8  70   M    M   0 12     23 150
24  85  71  78   7   0  13 0.45    M    M  7.8 17 220   M    M   3 13     24 210
25  86  68  77   6   0  12 0.00    M    M  8.4 16 310   M    M   3 3      23 250
26  85  61  73   2   0   8 0.00    M    M  2.3  9 310   M    M   1 1      13 290
================================================================================
SM 2182 1620         4 222  5.46    M    167.4          M       70
================================================================================
AV 83.9 62.3                               6.4 FASTST   M    M   3    MAX(MPH)
                                 MISC ---->  # 32 250               # 47  250
================================================================================
NOTES:
# LAST OF SEVERAL OCCURRENCES

COLUMN 17 PEAK WIND IN M.P.H.

PRELIMINARY LOCAL CLIMATOLOGICAL DATA (WS FORM: F-6) , PAGE 2

                                          STATION:  JACKSON MI
                                          MONTH:    JULY
                                          YEAR:     2016
                                          LATITUDE:   42 16 N
                                          LONGITUDE:  84 28 W

[TEMPERATURE DATA]      [PRECIPITATION DATA]       SYMBOLS USED IN COLUMN 16

AVERAGE MONTHLY: 73.1   TOTAL FOR MONTH:   5.46    1 = FOG OR MIST
DPTR FM NORMAL:   2.1   DPTR FM NORMAL:    2.51    2 = FOG REDUCING VISIBILITY
HIGHEST:    91 ON 23    GRTST 24HR  3.12 ON  7- 8      TO 1/4 MILE OR LESS
LOWEST:     47 ON  2                               3 = THUNDER
                        SNOW, ICE PELLETS, HAIL    4 = ICE PELLETS
                        TOTAL MONTH:    M          5 = HAIL
                        GRTST 24HR    M  ON   M    6 = FREEZING RAIN OR DRIZZLE
                        GRTST DEPTH:  M  ON   M    7 = DUSTSTORM OR SANDSTORM:
                                                       VSBY 1/2 MILE OR LESS
                                                   8 = SMOKE OR HAZE
[NO. OF DAYS WITH]      [WEATHER - DAYS WITH]      9 = BLOWING SNOW
                                                   X = TORNADO
MAX 32 OR BELOW:   0    0.01 INCH OR MORE:   8
MAX 90 OR ABOVE:   2    0.10 INCH OR MORE:   8
MIN 32 OR BELOW:   0    0.50 INCH OR MORE:   2
MIN  0 OR BELOW:   0    1.00 INCH OR MORE:   1

[HDD (BASE 65) ]
TOTAL THIS MO.     4    CLEAR  (SCALE 0-3)  15
DPTR FM NORMAL     3    PTCLDY (SCALE 4-7)  11
TOTAL FM JUL 1     4    CLOUDY (SCALE 8-10)  0
DPTR FM NORMAL     3

[CDD (BASE 65) ]
TOTAL THIS MO.   222
DPTR FM NORMAL    48    [PRESSURE DATA]
TOTAL FM JAN 1   427    HIGHEST SLP M ON M
DPTR FM NORMAL    90    LOWEST  SLP 29.71 ON  8

[REMARKS]
