000
CXUS53 KGRR 211017
CF6JXN
PRELIMINARY LOCAL CLIMATOLOGICAL DATA (WS FORM: F-6)

                                          STATION:   JACKSON
                                          MONTH:     FEBRUARY
                                          YEAR:      2017
                                          LATITUDE:   42 16 N
                                          LONGITUDE:  84 28 W

  TEMPERATURE IN F:       :PCPN:    SNOW:  WIND      :SUNSHINE: SKY     :PK WND
================================================================================
1   2   3   4   5  6A  6B    7    8   9   10  11  12  13   14  15   16   17  18
                                     12Z  AVG MX 2MIN
DY MAX MIN AVG DEP HDD CDD  WTR  SNW DPTH SPD SPD DIR MIN PSBL S-S WX    SPD DR
================================================================================

 1  36  24  30   6  35   0 0.03    M    M  9.7 26 290   M    M   8 18     35 290
 2  28   9  19  -5  46   0    T    M    M 12.8 23 270   M    M   6        33 300
 3  22   9  16  -8  49   0 0.00    M    M 11.7 26 300   M    M   4        34 300
 4  29  10  20  -4  45   0 0.00    M    M  9.5 17 200   M    M   3        21 190
 5  36  22  29   5  36   0 0.00    M    M 11.2 23 290   M    M   8        30 280
 6  44  16  30   6  35   0    T    M    M  4.5 12 120   M    M   2 8      17 270
 7  55  35  45  20  20   0 1.24    M    M 11.3 28 250   M    M  10 128    37 260
 8  37  23  30   5  35   0    T    M    M 10.3 24 300   M    M  10 1      32 290
 9  23  15  19  -6  46   0    T    M    M 13.2 24 310   M    M   7 8      31 310
10  37  16  27   2  38   0    T    M    M 12.4 24 180   M    M   4        31 170
11  47  36  42  17  23   0 0.01    M    M  6.1 16 260   M    M   6 1      20 260
12  42  31  37  11  28   0 0.08    M    M 12.7 32 290   M    M   8 1      44 280
13  43  27  35   9  30   0 0.00    M    M 10.1 17 300   M    M   0        23 290
14  48  32  40  14  25   0    T    M    M 13.5 28 320   M    M   2 1      34 310
15  33  24  29   3  36   0    T    M    M 14.5 23 300   M    M   9        33 290
16  33  23  28   2  37   0    T    M    M  7.7 17 320   M    M   7        26 310
17  53  27  40  13  25   0 0.00    M    M  8.3 17 240   M    M   1        23 240
18  66  40  53  26  12   0 0.00    M    M 12.2 20 250   M    M   0        27 240
19  64  31  48  21  17   0 0.00    M    M  5.8 15 310   M    M   0        21 310
20  58  34  46  19  19   0 0.00  0.0    0  9.9 20 130   M    M   0        26 120
================================================================================
SM  834  484       637   0  1.36     0.0 207.4          M       95
================================================================================
AV 41.7 24.2                              10.4 FASTST   M    M   5    MAX(MPH)
                                 MISC ---->  # 32 290               # 44  280
================================================================================
NOTES:
# LAST OF SEVERAL OCCURRENCES

COLUMN 17 PEAK WIND IN M.P.H.

PRELIMINARY LOCAL CLIMATOLOGICAL DATA (WS FORM: F-6) , PAGE 2

                                          STATION:  JACKSON
                                          MONTH:    FEBRUARY
                                          YEAR:     2017
                                          LATITUDE:   42 16 N
                                          LONGITUDE:  84 28 W

[TEMPERATURE DATA]      [PRECIPITATION DATA]       SYMBOLS USED IN COLUMN 16

AVERAGE MONTHLY: 33.0   TOTAL FOR MONTH:   1.36    1 = FOG OR MIST
DPTR FM NORMAL:   7.6   DPTR FM NORMAL:    0.49    2 = FOG REDUCING VISIBILITY
HIGHEST:    66 ON 18    GRTST 24HR  1.24 ON  7- 7      TO 1/4 MILE OR LESS
LOWEST:      9 ON  3, 2                            3 = THUNDER
                        SNOW, ICE PELLETS, HAIL    4 = ICE PELLETS
                        TOTAL MONTH:   0.0 INCH    5 = HAIL
                        GRTST 24HR     0.0         6 = FREEZING RAIN OR DRIZZLE
                        GRTST DEPTH:   0           7 = DUSTSTORM OR SANDSTORM:
                                                       VSBY 1/2 MILE OR LESS
                                                   8 = SMOKE OR HAZE
[NO. OF DAYS WITH]      [WEATHER - DAYS WITH]      9 = BLOWING SNOW
                                                   X = TORNADO
MAX 32 OR BELOW:   4    0.01 INCH OR MORE:   4
MAX 90 OR ABOVE:   0    0.10 INCH OR MORE:   1
MIN 32 OR BELOW:  16    0.50 INCH OR MORE:   1
MIN  0 OR BELOW:   0    1.00 INCH OR MORE:   1

[HDD (BASE 65) ]
TOTAL THIS MO.   637    CLEAR  (SCALE 0-3)   8
DPTR FM NORMAL  -155    PTCLDY (SCALE 4-7)   8
TOTAL FM JUL 1  3853    CLOUDY (SCALE 8-10)  4
DPTR FM NORMAL  -770

[CDD (BASE 65) ]
TOTAL THIS MO.     0
DPTR FM NORMAL     0    [PRESSURE DATA]
TOTAL FM JAN 1     0    HIGHEST SLP M ON M
DPTR FM NORMAL     0    LOWEST  SLP 29.25 ON  7

[REMARKS]
