000
CXUS53 KGID 180730
CF6JYR
PRELIMINARY LOCAL CLIMATOLOGICAL DATA (WS FORM: F-6)

                                          STATION:   YORK
                                          MONTH:     DECEMBER
                                          YEAR:      2014
                                          LATITUDE:   40 54 N
                                          LONGITUDE:  97 37 W

  TEMPERATURE IN F:       :PCPN:    SNOW:  WIND      :SUNSHINE: SKY     :PK WND
================================================================================
1   2   3   4   5  6A  6B    7    8   9   10  11  12  13   14  15   16   17  18
                                     12Z  AVG MX 2MIN
DY MAX MIN AVG DEP HDD CDD  WTR  SNW DPTH SPD SPD DIR MIN PSBL S-S WX    SPD DR
================================================================================

 1  23  14  19   M  46   0 0.00    M    M 11.4 18  10   M    M   3        25 360
 2  48  16  32   M  33   0 0.00    M    M 12.1 22 220   M    M   2 8      27 220
 3  37  21  29   M  36   0 0.00    M    M  8.5 13  20   M    M   1         M  M
 4  45  19  32   M  33   0 0.00    M    M  8.8 13 190   M    M   1         M  M
 5  54  28  41   M  24   0 0.00    M    M  6.5 10 360   M    M   0 1       M  M
 6  37  19  28   M  37   0 0.00    M    M  7.1 10  30   M    M   2 1       M  M
 7  39  27  33   M  32   0 0.00    M    M 10.3 16 190   M    M  10 12     22 200
 8  52  25  39   M  26   0 0.00    M    M 11.0 17  10   M    M   0        17  10
 9  34  16  25   M  40   0 0.00    M    M  6.3  9 150   M    M   0         M  M
10  36  23  30   M  35   0 0.00    M    M  6.8 10 160   M    M   8 1       M  M
11  37  32  35   M  30   0 0.00    M    M  8.0 12 200   M    M  10 18      M  M
12  54  37  46   M  19   0 0.00    M    M  9.7 13 200   M    M  10 1       M  M
13  54  48  51   M  14   0    T    M    M 12.8 16 190   M    M  10 1      23 180
14  57  41  49   M  16   0 0.08    M    M 12.8 16 170   M    M  10 1      27 170
15  41  27  34   M  31   0 0.07    M    M 19.9 35 330   M    M   9        43 340
16  27  19  23   M  42   0    T    M    M 14.7 29 330   M    M  10        39 340
17  27  19  23   M  42   0 0.00    M    M  5.9  8 130   M    M  10         M  M
================================================================================
SM  702  431       536   0  0.15    M    172.6          M       96
================================================================================
AV 41.3 25.4                              10.2 FASTST   M    M   6    MAX(MPH)
                                 MISC ---->  # 35 330                 43    M
================================================================================
NOTES:
# LAST OF SEVERAL OCCURRENCES

COLUMN 17 PEAK WIND IN M.P.H.

PRELIMINARY LOCAL CLIMATOLOGICAL DATA (WS FORM: F-6) , PAGE 2

                                          STATION:  YORK
                                          MONTH:    DECEMBER
                                          YEAR:     2014
                                          LATITUDE:   40 54 N
                                          LONGITUDE:  97 37 W

[TEMPERATURE DATA]      [PRECIPITATION DATA]       SYMBOLS USED IN COLUMN 16

AVERAGE MONTHLY: 33.3   TOTAL FOR MONTH:   0.15    1 = FOG OR MIST
DPTR FM NORMAL:     M   DPTR FM NORMAL:       M    2 = FOG REDUCING VISIBILITY
HIGHEST:    57 ON 14    GRTST 24HR  0.08 ON 14-14      TO 1/4 MILE OR LESS
LOWEST:     14 ON  1                               3 = THUNDER
                        SNOW, ICE PELLETS, HAIL    4 = ICE PELLETS
                        TOTAL MONTH:    M          5 = HAIL
                        GRTST 24HR    M  ON   M    6 = FREEZING RAIN OR DRIZZLE
                        GRTST DEPTH:  M  ON   M    7 = DUSTSTORM OR SANDSTORM:
                                                       VSBY 1/2 MILE OR LESS
                                                   8 = SMOKE OR HAZE
[NO. OF DAYS WITH]      [WEATHER - DAYS WITH]      9 = BLOWING SNOW
                                                   X = TORNADO
MAX 32 OR BELOW:   3    0.01 INCH OR MORE:   2
MAX 90 OR ABOVE:   0    0.10 INCH OR MORE:   0
MIN 32 OR BELOW:  14    0.50 INCH OR MORE:   0
MIN  0 OR BELOW:   0    1.00 INCH OR MORE:   0

[HDD (BASE 65) ]
TOTAL THIS MO.   536    CLEAR  (SCALE 0-3)   8
DPTR FM NORMAL     M    PTCLDY (SCALE 4-7)   1
TOTAL FM JUL 1  1961    CLOUDY (SCALE 8-10)  8
DPTR FM NORMAL     M

[CDD (BASE 65) ]
TOTAL THIS MO.     0
DPTR FM NORMAL     M    [PRESSURE DATA]
TOTAL FM JAN 1   845    HIGHEST SLP M ON M
DPTR FM NORMAL     M    LOWEST  SLP M ON M

[REMARKS]
