000
CXUS55 KPUB 301059
CF6LAA
PRELIMINARY LOCAL CLIMATOLOGICAL DATA (WS FORM: F-6)

                                          STATION:   LAMAR CO
                                          MONTH:     JULY
                                          YEAR:      2015
                                          LATITUDE:   38  4 N
                                          LONGITUDE: 102 41 W

  TEMPERATURE IN F:       :PCPN:    SNOW:  WIND      :SUNSHINE: SKY     :PK WND
================================================================================
1   2   3   4   5  6A  6B    7    8   9   10  11  12  13   14  15   16   17  18
                                     12Z  AVG MX 2MIN
DY MAX MIN AVG DEP HDD CDD  WTR  SNW DPTH SPD SPD DIR MIN PSBL S-S WX    SPD DR
================================================================================

 1  99  65  82   6   0  17 0.21  0.0    0  9.3 41 340   M    M   1 1      52 340
 2  90  64  77   1   0  12 0.00  0.0    0  8.5 24  40   M    M   1 18     30  30
 3  91  61  76   0   0  11 0.01  0.0    0  7.3 23 160   M    M   2 18     29 160
 4  99  60  80   4   0  15 0.00  0.0    0  9.2 28 190   M    M   0 8      37 180
 5 102  62  82   6   0  17 0.00  0.0    0 10.1 25 180   M    M   0        37 220
 6  76  66  71  -6   0   6 0.01  0.0    0 12.7 22  20   M    M   7 18     30  10
 7  81  54  68  -9   0   3 0.00  0.0    0  9.0 16 130   M    M   2 1      23 130
 8  83  56  70  -7   0   5 0.05  0.0    0 10.3 21 170   M    M   5 18     27 150
 9  83  58  71  -6   0   6 0.00  0.0    0  7.6 21 160   M    M   6 18     28 160
10  95  65  80   3   0  15 0.00  0.0    0 10.8 20 170   M    M   1 8      25 180
11  99  58  79   2   0  14 0.00  0.0    0  9.1 17  70   M    M   0        23 210
12 103  62  83   6   0  18 0.00  0.0    0  8.4 20 270   M    M   0        23 270
13 104  69  87   9   0  22 0.45  0.0    0  7.9 29 120   M    M   1        37 110
14  97  61  79   1   0  14 1.04  0.0    0  7.4 62 200   M    M   2 1      76 210
15  88  63  76  -2   0  11 0.01  0.0    0  5.9 21 180   M    M   0 38     24 180
16  93  60  77  -1   0  12 0.00  0.0    0  5.3 14 170   M    M   0 1      19 180
17  96  60  78   0   0  13 0.00  0.0    0  6.1 16 270   M    M   0        20 270
18  96  61  79   1   0  14 0.04  0.0    0  7.3 24 140   M    M   0        33 140
19  93  62  78   0   0  13 0.43  0.0    0  6.6 26 180   M    M   1 13     36 180
20  91  66  79   1   0  14 0.04  0.0    0  7.1 17  40   M    M   4 1      22  30
21  85  62  74  -4   0   9 0.68  0.0    0 11.3 21 290   M    M   5 138    27 150
22  91  63  77  -1   0  12 0.00  0.0    0  5.5 13 120   M    M   3 1      16 120
23  98  68  83   5   0  18 0.00  0.0    0  6.6 21  60   M    M   3 18     25  60
24 102  64  83   5   0  18    T  0.0    0  7.9 26 200   M    M   1 8      34 200
25  99  65  82   4   0  17 0.00  0.0    0  7.1 14 100   M    M   0        17  80
26 100  63  82   4   0  17 0.00  0.0    0  7.3 33 210   M    M   1 18     39 220
27 102  69  86   8   0  21    T  0.0    0 14.3 25 220   M    M   1        42 200
28  92  66  79   1   0  14 0.00  0.0    0 11.3 23 210   M    M   0 8      28 220
29  86  62  74  -4   0   9 0.00  0.0    0  9.5 23 120   M    M   0        29 120
================================================================================
SM 2714 1815         0 387  2.97     0.0 246.7          M       47
================================================================================
AV 93.6 62.6                               8.5 FASTST   M    M   2    MAX(MPH)
                                 MISC ---->  # 62 200               # 76  210
================================================================================
NOTES:
# LAST OF SEVERAL OCCURRENCES

COLUMN 17 PEAK WIND IN M.P.H.

PRELIMINARY LOCAL CLIMATOLOGICAL DATA (WS FORM: F-6) , PAGE 2

                                          STATION:  LAMAR CO
                                          MONTH:    JULY
                                          YEAR:     2015
                                          LATITUDE:   38  4 N
                                          LONGITUDE: 102 41 W

[TEMPERATURE DATA]      [PRECIPITATION DATA]       SYMBOLS USED IN COLUMN 16

AVERAGE MONTHLY: 78.1   TOTAL FOR MONTH:   2.97    1 = FOG OR MIST
DPTR FM NORMAL:   0.7   DPTR FM NORMAL:    0.28    2 = FOG REDUCING VISIBILITY
HIGHEST:   104 ON 13    GRTST 24HR  1.49 ON 13-14      TO 1/4 MILE OR LESS
LOWEST:     54 ON  7                               3 = THUNDER
                        SNOW, ICE PELLETS, HAIL    4 = ICE PELLETS
                        TOTAL MONTH:   0.0 INCH    5 = HAIL
                        GRTST 24HR     0.0         6 = FREEZING RAIN OR DRIZZLE
                        GRTST DEPTH:   0           7 = DUSTSTORM OR SANDSTORM:
                                                       VSBY 1/2 MILE OR LESS
                                                   8 = SMOKE OR HAZE
[NO. OF DAYS WITH]      [WEATHER - DAYS WITH]      9 = BLOWING SNOW
                                                   X = TORNADO
MAX 32 OR BELOW:   0    0.01 INCH OR MORE:  11
MAX 90 OR ABOVE:  22    0.10 INCH OR MORE:   5
MIN 32 OR BELOW:   0    0.50 INCH OR MORE:   2
MIN  0 OR BELOW:   0    1.00 INCH OR MORE:   1

[HDD (BASE 65) ]
TOTAL THIS MO.     0    CLEAR  (SCALE 0-3)  24
DPTR FM NORMAL     0    PTCLDY (SCALE 4-7)   5
TOTAL FM JUL 1     0    CLOUDY (SCALE 8-10)  0
DPTR FM NORMAL     0

[CDD (BASE 65) ]
TOTAL THIS MO.   387
DPTR FM NORMAL    27    [PRESSURE DATA]
TOTAL FM JAN 1   696    HIGHEST SLP M ON M
DPTR FM NORMAL    56    LOWEST  SLP 29.81 ON 27

[REMARKS]
