000
CXUS53 KIND 191140
CF6LAF
PRELIMINARY LOCAL CLIMATOLOGICAL DATA (WS FORM: F-6)

                                          STATION:   LAFAYETTE IN
                                          MONTH:     JANUARY
                                          YEAR:      2018
                                          LATITUDE:   40 25 N
                                          LONGITUDE:  86 56 W

  TEMPERATURE IN F:       :PCPN:    SNOW:  WIND      :SUNSHINE: SKY     :PK WND
================================================================================
1   2   3   4   5  6A  6B    7    8   9   10  11  12  13   14  15   16   17  18
                                     12Z  AVG MX 2MIN
DY MAX MIN AVG DEP HDD CDD  WTR  SNW DPTH SPD SPD DIR MIN PSBL S-S WX    SPD DR
================================================================================

 1  -4 -17 -10 -37  75   0 0.00    M    M  6.6 14 260   M    M   0        17 260
 2   4 -19  -7 -34  72   0 0.00    M    M  4.9 12 210   M    M   0        16 220
 3  18  -1   9 -18  56   0    T    M    M  9.2 22 270   M    M   7 1      28 270
 4   6 -10  -2 -29  67   0 0.00    M    M  6.1 15 290   M    M   1        17 290
 5   6 -15  -4 -30  69   0 0.00    M    M  5.4 16 280   M    M   0 1      21 280
 6  10 -17  -3 -29  68   0 0.00    M    M  3.3  6 100   M    M   0         8 220
 7  35  -2  17  -9  48   0 0.06    M    M  8.1 14 180   M    M   7 1      20 200
 8  34  29  32   6  33   0 0.05    M    M  9.5 16 270   M    M  10 1      21 220
 9  32  27  30   4  35   0 0.00    M    M  4.5 12  80   M    M   7 1      13 240
10  55  32  44  18  21   0 0.02    M    M  9.2 17 190   M    M  10 12     25 200
11  59  28  44  18  21   0 0.17    M    M 11.4 21 310   M    M  10 16     27 310
12  28  19  24  -2  41   0 0.26    M    M 16.4 28  10   M    M   9 168    38 360
13  19   4  12 -14  53   0    T    M    M  8.7 18 320   M    M   3 1      26  20
14  20  -3   9 -17  56   0 0.01    M    M  5.1 16 170   M    M   3 1      24 170
15  24   4  14 -12  51   0 0.05    M    M 10.4 21 290   M    M  10 18     27 290
16   8  -2   3 -23  62   0    T    M    M  9.6 15 270   M    M   9 18     20 260
17  16  -2   7 -19  58   0 0.00    M    M  6.8 13 230   M    M   0 1      18 220
18  29  13  21  -5  44   0 0.00    M    M 11.3 21 220   M    M   0        27 220
================================================================================
SM  399   68       930   0  0.62    M    146.5          M       86
================================================================================
AV 22.2  3.8                               8.1 FASTST   M    M   5    MAX(MPH)
                                 MISC ---->  # 28  10               # 38  360
================================================================================
NOTES:
# LAST OF SEVERAL OCCURRENCES

COLUMN 17 PEAK WIND IN M.P.H.

PRELIMINARY LOCAL CLIMATOLOGICAL DATA (WS FORM: F-6) , PAGE 2

                                          STATION:  LAFAYETTE IN
                                          MONTH:    JANUARY
                                          YEAR:     2018
                                          LATITUDE:   40 25 N
                                          LONGITUDE:  86 56 W

[TEMPERATURE DATA]      [PRECIPITATION DATA]       SYMBOLS USED IN COLUMN 16

AVERAGE MONTHLY: 13.0   TOTAL FOR MONTH:   0.62    1 = FOG OR MIST
DPTR FM NORMAL: -13.2   DPTR FM NORMAL:   -0.51    2 = FOG REDUCING VISIBILITY
HIGHEST:    59 ON 11    GRTST 24HR  0.26 ON 12-12      TO 1/4 MILE OR LESS
LOWEST:    -19 ON  2                               3 = THUNDER
                        SNOW, ICE PELLETS, HAIL    4 = ICE PELLETS
                        TOTAL MONTH:    M          5 = HAIL
                        GRTST 24HR    M  ON   M    6 = FREEZING RAIN OR DRIZZLE
                        GRTST DEPTH:  M  ON   M    7 = DUSTSTORM OR SANDSTORM:
                                                       VSBY 1/2 MILE OR LESS
                                                   8 = SMOKE OR HAZE
[NO. OF DAYS WITH]      [WEATHER - DAYS WITH]      9 = BLOWING SNOW
                                                   X = TORNADO
MAX 32 OR BELOW:  14    0.01 INCH OR MORE:   7
MAX 90 OR ABOVE:   0    0.10 INCH OR MORE:   2
MIN 32 OR BELOW:  18    0.50 INCH OR MORE:   0
MIN  0 OR BELOW:  10    1.00 INCH OR MORE:   0

[HDD (BASE 65) ]
TOTAL THIS MO.   930    CLEAR  (SCALE 0-3)   9
DPTR FM NORMAL   232    PTCLDY (SCALE 4-7)   3
TOTAL FM JUL 1  3139    CLOUDY (SCALE 8-10)  6
DPTR FM NORMAL   266

[CDD (BASE 65) ]
TOTAL THIS MO.     0
DPTR FM NORMAL     0    [PRESSURE DATA]
TOTAL FM JAN 1     0    HIGHEST SLP M ON M
DPTR FM NORMAL     0    LOWEST  SLP 29.76 ON 11

[REMARKS]
