000
CXUS53 KGRR 011017
CF6LAN
PRELIMINARY LOCAL CLIMATOLOGICAL DATA (WS FORM: F-6)

                                          STATION:   LANSING MI
                                          MONTH:     APRIL
                                          YEAR:      2016
                                          LATITUDE:   42 46 N
                                          LONGITUDE:  84 36 W

  TEMPERATURE IN F:       :PCPN:    SNOW:  WIND      :SUNSHINE: SKY     :PK WND
================================================================================
1   2   3   4   5  6A  6B    7    8   9   10  11  12  13   14  15   16   17  18
                                     12Z  AVG MX 2MIN
DY MAX MIN AVG DEP HDD CDD  WTR  SNW DPTH SPD SPD DIR MIN PSBL S-S WX    SPD DR
================================================================================

 1  49  34  42   0  23   0 0.01  0.0    0 12.6 22 290   M    M   7 1      27 250
 2  38  25  32 -10  33   0 0.16  1.7    T 10.4 24 340   M    M   8 128    36 340
 3  52  20  36  -6  29   0 0.04    T    1 10.9 21 190   M    M   8 1      27 180
 4  33  24  29 -14  36   0    T    T    0 11.6 22  30   M    M  10 18     28 340
 5  42  19  31 -12  34   0 0.01    T    0  6.8 22 130   M    M   2 48     29 130
 6  47  32  40  -4  25   0    M    T    0 12.6 22 150   M    M  10 14     28 150
 7  39  31  35  -9  30   0 0.18  0.2    0 10.7 22 310   M    M  10 18     29 320
 8  40  26  33 -12  32   0 0.25  4.7    0  7.9 22  40   M    M   6 18     27  40
 9  32  23  28 -17  37   0 0.02  0.2    4  9.4 21  20   M    M   6 1      29  20
10  41  27  34 -11  31   0 0.57  0.7    T 13.8 25 160   M    M  10 1468   31 160
11  53  34  44  -2  21   0 0.03  0.0    0 13.1 29 290   M    M   4 18     37 300
12  47  30  39  -7  26   0 0.00  0.0    0  7.1 17 350   M    M   2        22 320
13  53  29  41  -6  24   0 0.00  0.0    0  6.9 15 140   M    M   5        18 150
14  60  31  46  -1  19   0 0.00  0.0    0  6.5 15  90   M    M   0        19 100
15  70  33  52   5  13   0 0.00  0.0    0  5.6 15 140   M    M   0        20 120
16  76  40  58  10   7   0 0.00  0.0    0  6.1 13 120   M    M   0        19 160
17  78  41  60  12   5   0 0.00  0.0    0  2.9  9 110   M    M   0        12 110
18  81  50  66  18   0   1 0.00  0.0    0  7.1 18  50   M    M   0        25  50
19  62  43  53   4  12   0 0.01  0.0    0 10.0 18  50   M    M   6 1      25  40
20  68  45  57   8   8   0    T  0.0    0 10.0 20 130   M    M   4        25 140
21  62  48  55   5  10   0 0.25  0.0    0  6.9 16 200   M    M   9 18     22 200
22  57  41  49  -1  16   0    T  0.0    0  8.2 15  40   M    M   9 12     18  20
23  58  34  46  -4  19   0 0.00  0.0    0  5.7 13  40   M    M   0        20  40
24  68  40  54   3  11   0 0.00  0.0    0  8.1 15 140   M    M   1        20 130
25  79  46  63  12   2   0 0.20  0.0    0 10.4 28 310   M    M   4 13     37 310
26  51  36  44  -7  21   0 0.02  0.0    0  9.5 18  60   M    M   9 123    24  40
27  60  33  47  -5  18   0 0.00  0.0    0 10.1 21  70   M    M   1        27  60
28  47  38  43  -9  22   0 0.31  0.0    0  9.2 15  70   M    M   8 1      20  80
29  51  40  46  -6  19   0 0.02  0.0    0  6.1 14  40   M    M  10        17  50
30  56  36  46  -7  19   0 0.43  0.0    0  8.1 16  50   M    M   5 1      24 120
================================================================================
SM 1650 1029       602   1  2.51     7.5 264.3          M      154
================================================================================
AV 55.0 34.3                               8.8 FASTST   M    M   5    MAX(MPH)
                                 MISC ---->  # 29 290               # 37  300
================================================================================
NOTES:
# LAST OF SEVERAL OCCURRENCES

COLUMN 17 PEAK WIND IN M.P.H.

PRELIMINARY LOCAL CLIMATOLOGICAL DATA (WS FORM: F-6) , PAGE 2

                                          STATION:  LANSING MI
                                          MONTH:    APRIL
                                          YEAR:     2016
                                          LATITUDE:   42 46 N
                                          LONGITUDE:  84 36 W

[TEMPERATURE DATA]      [PRECIPITATION DATA]       SYMBOLS USED IN COLUMN 16

AVERAGE MONTHLY: 44.7   TOTAL FOR MONTH:   2.51    1 = FOG OR MIST
DPTR FM NORMAL:  -2.8   DPTR FM NORMAL:   -0.52    2 = FOG REDUCING VISIBILITY
HIGHEST:    81 ON 18    GRTST 24HR  1.10 ON 31- 1      TO 1/4 MILE OR LESS
LOWEST:     19 ON  5                               3 = THUNDER
                        SNOW, ICE PELLETS, HAIL    4 = ICE PELLETS
                        TOTAL MONTH:   7.5 INCHES  5 = HAIL
                        GRTST 24HR   4.7 ON   M    6 = FREEZING RAIN OR DRIZZLE
                        GRTST DEPTH:   4 ON  9     7 = DUSTSTORM OR SANDSTORM:
                                                       VSBY 1/2 MILE OR LESS
                                                   8 = SMOKE OR HAZE
[NO. OF DAYS WITH]      [WEATHER - DAYS WITH]      9 = BLOWING SNOW
                                                   X = TORNADO
MAX 32 OR BELOW:   1    0.01 INCH OR MORE:  16
MAX 90 OR ABOVE:   0    0.10 INCH OR MORE:   8
MIN 32 OR BELOW:  12    0.50 INCH OR MORE:   1
MIN  0 OR BELOW:   0    1.00 INCH OR MORE:   0

[HDD (BASE 65) ]
TOTAL THIS MO.   602    CLEAR  (SCALE 0-3)  10
DPTR FM NORMAL    68    PTCLDY (SCALE 4-7)  12
TOTAL FM JUL 1  5525    CLOUDY (SCALE 8-10)  8
DPTR FM NORMAL  -873

[CDD (BASE 65) ]
TOTAL THIS MO.     1
DPTR FM NORMAL    -5    [PRESSURE DATA]
TOTAL FM JAN 1     1    HIGHEST SLP 30.53 ON  5
DPTR FM NORMAL    -6    LOWEST  SLP 29.43 ON  7

[REMARKS]
#FINAL-04-16#
