000
CXUS55 KCYS 251000
CF6LAR
PRELIMINARY LOCAL CLIMATOLOGICAL DATA (WS FORM: F-6)

                                          STATION:   LARAMIE WYOMING AIRPORT
                                          MONTH:     FEBRUARY
                                          YEAR:      2017
                                          LATITUDE:   41 18 N
                                          LONGITUDE: 105 40 W

  TEMPERATURE IN F:       :PCPN:    SNOW:  WIND      :SUNSHINE: SKY     :PK WND
================================================================================
1   2   3   4   5  6A  6B    7    8   9   10  11  12  13   14  15   16   17  18
                                     12Z  AVG MX 2MIN
DY MAX MIN AVG DEP HDD CDD  WTR  SNW DPTH SPD SPD DIR MIN PSBL S-S WX    SPD DR
================================================================================

 1  38  12  25   3  40   0    T    M    M 16.0 46 270   M    M   7 8      56 270
 2  31   9  20  -2  45   0    T    M    M 10.5 30 160   M    M   9 19     35 160
 3  39   6  23   1  42   0 0.00    M    M 10.0 30 230   M    M   3 12     34 230
 4  37  25  31   9  34   0 0.00    M    M 19.2 47 260   M    M   3        56 260
 5  44  29  37  15  28   0 0.00    M    M 11.1 29 250   M    M   4        34 230
 6  40  29  35  13  30   0    T    M    M 18.6 39 260   M    M   1        47 260
 7  41  31  36  14  29   0    T    M    M 28.2 59 260   M    M   5        76 270
 8  40  31  36  14  29   0    T    M    M 32.0 56 280   M    M   2 1      72 280
 9  56  38  47  25  18   0 0.00    M    M 19.9 44 260   M    M   5        56 280
10  58  37  48  26  17   0 0.00    M    M 23.3 48 240   M    M   1        61 230
11  40  24  32  10  33   0 0.01    M    M 11.8 24 260   M    M   6 1      30 260
12  45  15  30   7  35   0 0.00    M    M  4.6 10 360   M    M   0        13  10
13  40  14  27   4  38   0 0.00    M    M  6.7 15 360   M    M   3 12     20 360
14  38  11  25   2  40   0 0.00  0.0    0  6.8 17 360   M    M   0        23 360
15  54  15  35  12  30   0 0.00    M    M  7.7 20 260   M    M   0        24 270
16  59  26  43  19  22   0 0.00    M    M 15.1 29 230   M    M   0        34 230
17  52  30  41  17  24   0 0.00    M    M 10.9 24 240   M    M   1        30 230
18  55  26  41  17  24   0 0.00    M    M  9.0 25 230   M    M   4        30 220
19  52  22  37  13  28   0 0.02    M    M  8.4 25 260   M    M   5 1      32 300
20  48  25  37  13  28   0 0.00    M    M 19.0 36 240   M    M   1        43 240
21  54  35  45  20  20   0 0.00    M    M 23.0 46 230   M    M   0        56 230
22  44  25  35  10  30   0 0.11    M    M  8.2 29 300   M    M  10 1      35 300
23  28   9  19  -6  46   0    M    M    M 14.5 33 120   M    M  10 18     42 120
24  17   0   9 -17  56   0    T    M    M  5.4 17 160   M    M   8 18     21 150
================================================================================
SM 1050  524       766   0  0.14     0.0 339.9          M       88
================================================================================
AV 43.8 21.8                              14.2 FASTST   M    M   4    MAX(MPH)
                                 MISC ---->  # 59 260               # 76  270
================================================================================
NOTES:
# LAST OF SEVERAL OCCURRENCES

COLUMN 17 PEAK WIND IN M.P.H.

PRELIMINARY LOCAL CLIMATOLOGICAL DATA (WS FORM: F-6) , PAGE 2

                                          STATION:  LARAMIE WYOMING AIRPORT
                                          MONTH:    FEBRUARY
                                          YEAR:     2017
                                          LATITUDE:   41 18 N
                                          LONGITUDE: 105 40 W

[TEMPERATURE DATA]      [PRECIPITATION DATA]       SYMBOLS USED IN COLUMN 16

AVERAGE MONTHLY: 32.8   TOTAL FOR MONTH:   0.14    1 = FOG OR MIST
DPTR FM NORMAL:   9.7   DPTR FM NORMAL:   -0.14    2 = FOG REDUCING VISIBILITY
HIGHEST:    59 ON 16    GRTST 24HR  0.11 ON 22-22      TO 1/4 MILE OR LESS
LOWEST:      0 ON 24                               3 = THUNDER
                        SNOW, ICE PELLETS, HAIL    4 = ICE PELLETS
                        TOTAL MONTH:   0.0 INCH    5 = HAIL
                        GRTST 24HR     0.0         6 = FREEZING RAIN OR DRIZZLE
                        GRTST DEPTH:   0           7 = DUSTSTORM OR SANDSTORM:
                                                       VSBY 1/2 MILE OR LESS
                                                   8 = SMOKE OR HAZE
[NO. OF DAYS WITH]      [WEATHER - DAYS WITH]      9 = BLOWING SNOW
                                                   X = TORNADO
MAX 32 OR BELOW:   3    0.01 INCH OR MORE:   3
MAX 90 OR ABOVE:   0    0.10 INCH OR MORE:   1
MIN 32 OR BELOW:  21    0.50 INCH OR MORE:   0
MIN  0 OR BELOW:   1    1.00 INCH OR MORE:   0

[HDD (BASE 65) ]
TOTAL THIS MO.   766    CLEAR  (SCALE 0-3)  13
DPTR FM NORMAL  -238    PTCLDY (SCALE 4-7)   8
TOTAL FM JUL 1  5440    CLOUDY (SCALE 8-10)  3
DPTR FM NORMAL  -579

[CDD (BASE 65) ]
TOTAL THIS MO.     0
DPTR FM NORMAL     0    [PRESSURE DATA]
TOTAL FM JAN 1     0    HIGHEST SLP M ON M
DPTR FM NORMAL     0    LOWEST  SLP 29.43 ON  7

[REMARKS]
