000
CXUS55 KVEF 170940
CF6LAS
PRELIMINARY LOCAL CLIMATOLOGICAL DATA (WS FORM: F-6)

                                          STATION:   LAS VEGAS NV
                                          MONTH:     JANUARY
                                          YEAR:      2018
                                          LATITUDE:   36  4 N
                                          LONGITUDE: 115 10 W

  TEMPERATURE IN F:       :PCPN:    SNOW:  WIND      :SUNSHINE: SKY     :PK WND
================================================================================
1   2   3   4   5  6A  6B    7    8   9   10  11  12  13   14  15   16   17  18
                                     12Z  AVG MX 2MIN
DY MAX MIN AVG DEP HDD CDD  WTR  SNW DPTH SPD SPD DIR MIN PSBL S-S WX    SPD DR
================================================================================

 1  64  40  52   5  13   0 0.00  0.0    0  3.0  8 210   M    M   7         9 210
 2  64  44  54   6  11   0 0.00  0.0    0  2.7  7 200   M    M   9         8 200
 3  63  41  52   4  13   0 0.00  0.0    0  3.0  8  10   M    M   7        11 210
 4  65  45  55   7  10   0 0.00  0.0    0  2.9  7  70   M    M   7         9  80
 5  66  44  55   7  10   0 0.00  0.0    0  3.3  8 210   M    M   7         9  40
 6  64  49  57   9   8   0 0.00  0.0    0  3.1 13  40   M    M   8        15  40
 7  65  47  56   8   9   0 0.00  0.0    0  3.4 18  20   M    M   5        21  20
 8  56  49  53   5  12   0 0.14    M    0  2.4  7 290   M    M  10 1       8 190
 9  51  45  48   0  17   0 1.33    M    0  3.7 13 260   M    M   8 1      15 260
10  63  42  53   5  12   0 0.00  0.0    0  4.3 12 190   M    M   4        14 270
11  62  44  53   5  12   0 0.00  0.0    0  3.8 10  60   M    M   3        12  60
12  63  44  54   6  11   0 0.00  0.0    0  3.3 10  60   M    M   3        13  20
13  66  43  55   7  10   0 0.00  0.0    0  4.2  9 350   M    M   5        14 340
14  67  45  56   8   9   0 0.00  0.0    0  4.0 10  30   M    M   8        13  30
15  67  46  57   8   8   0 0.00  0.0    0  2.0  8 200   M    M   7        10 210
16  65  49  57   8   8   0 0.00  0.0    0  3.3 10  60   M    M   8        12  60
================================================================================
SM 1011  717       173   0  1.47     0.0  52.4          M      106
================================================================================
AV 63.2 44.8                               3.3 FASTST   M    M   7    MAX(MPH)
                                 MISC ---->  # 18  20               # 21   20
================================================================================
NOTES:
# LAST OF SEVERAL OCCURRENCES

COLUMN 17 PEAK WIND IN M.P.H.

PRELIMINARY LOCAL CLIMATOLOGICAL DATA (WS FORM: F-6) , PAGE 2

                                          STATION:  LAS VEGAS NV
                                          MONTH:    JANUARY
                                          YEAR:     2018
                                          LATITUDE:   36  4 N
                                          LONGITUDE: 115 10 W

[TEMPERATURE DATA]      [PRECIPITATION DATA]       SYMBOLS USED IN COLUMN 16

AVERAGE MONTHLY: 54.0   TOTAL FOR MONTH:   1.47    1 = FOG OR MIST
DPTR FM NORMAL:   5.9   DPTR FM NORMAL:    1.17    2 = FOG REDUCING VISIBILITY
HIGHEST:    67 ON 15,14 GRTST 24HR  1.33 ON  9- 9      TO 1/4 MILE OR LESS
LOWEST:     40 ON  1                               3 = THUNDER
                        SNOW, ICE PELLETS, HAIL    4 = ICE PELLETS
                        TOTAL MONTH:   0.0 INCH    5 = HAIL
                        GRTST 24HR     0.0         6 = FREEZING RAIN OR DRIZZLE
                        GRTST DEPTH:   0           7 = DUSTSTORM OR SANDSTORM:
                                                       VSBY 1/2 MILE OR LESS
                                                   8 = SMOKE OR HAZE
[NO. OF DAYS WITH]      [WEATHER - DAYS WITH]      9 = BLOWING SNOW
                                                   X = TORNADO
MAX 32 OR BELOW:   0    0.01 INCH OR MORE:   2
MAX 90 OR ABOVE:   0    0.10 INCH OR MORE:   2
MIN 32 OR BELOW:   0    0.50 INCH OR MORE:   1
MIN  0 OR BELOW:   0    1.00 INCH OR MORE:   1

[HDD (BASE 65) ]
TOTAL THIS MO.   173    CLEAR  (SCALE 0-3)   1
DPTR FM NORMAL   -98    PTCLDY (SCALE 4-7)  12
TOTAL FM JUL 1   647    CLOUDY (SCALE 8-10)  3
DPTR FM NORMAL  -471

[CDD (BASE 65) ]
TOTAL THIS MO.     0
DPTR FM NORMAL     0    [PRESSURE DATA]
TOTAL FM JAN 1     0    HIGHEST SLP M ON M
DPTR FM NORMAL     0    LOWEST  SLP 29.68 ON  9

[REMARKS]
