000
CXUS54 KHGX 231415
CF6LBX
PRELIMINARY LOCAL CLIMATOLOGICAL DATA (WS FORM: F-6)

                                          STATION:   ANGLETON/LAKE_JACKS
                                          MONTH:     AUGUST
                                          YEAR:      2017
                                          LATITUDE:   29  6 N
                                          LONGITUDE:  95 28 W

  TEMPERATURE IN F:       :PCPN:    SNOW:  WIND      :SUNSHINE: SKY     :PK WND
================================================================================
1   2   3   4   5  6A  6B    7    8   9   10  11  12  13   14  15   16   17  18
                                     12Z  AVG MX 2MIN
DY MAX MIN AVG DEP HDD CDD  WTR  SNW DPTH SPD SPD DIR MIN PSBL S-S WX    SPD DR
================================================================================

 1  93  73  83   0   0  18 0.00  0.0    0  6.6 15 120   M    M   2        22  90
 2  93  75  84   1   0  19 0.16  0.0    0  5.5 18  10   M    M   3 13     23  10
 3  87  76  82  -1   0  17    T  0.0    0  4.3  9 190   M    M   3 13     13 220
 4  93  74  84   1   0  19 0.62  0.0    0  2.6 20  70   M    M   3 13     28  70
 5  91  74  83   0   0  18 0.52  0.0    0  4.7 16 230   M    M   2 13     26 210
 6  91  79  85   2   0  20 0.11  0.0    0 10.2 22 180   M    M   3 13     26 170
 7  92  76  84   1   0  19 0.53  0.0    0  8.0 23 180   M    M   4 138    27 180
 8  88  76  82  -1   0  17 0.64  0.0    0  3.3 15 130   M    M   4 1      20 130
 9  94  76  85   2   0  20    T  0.0    0  4.0 14 140   M    M   3 1      18 140
10  93  77  85   2   0  20 0.09  0.0    0  4.3 14 180   M    M   1 13     16 180
11  92  77  85   2   0  20 0.11  0.0    0  2.5 15 210   M    M   2 13     20 210
12  95  75  85   2   0  20 0.00  0.0    0  5.8 16 180   M    M   2 1      23 170
13  94  77  86   3   0  21 0.00  0.0    0  7.2 17 180   M    M   1        27 180
14  94  78  86   3   0  21 0.00  0.0    0  8.2 18 180   M    M   2        25 180
15  94  79  87   4   0  22 0.00  0.0    0  8.7 20 180   M    M   2        26 200
16  94  81  88   5   0  23 0.04  0.0    0 12.0 23 180   M    M   4 1      29 180
17  94  78  86   3   0  21 0.00  0.0    0  7.6 17 190   M    M   2        22 170
18  96  76  86   3   0  21 0.00  0.0    0  5.2 15 170   M    M   1 1      20 190
19  95  75  85   2   0  20 0.06  0.0    0  3.8 17 350   M    M   2 13     21 360
20  95  73  84   1   0  19 0.00  0.0    0  3.2 16 150   M    M   2 1      19 140
21  93  74  84   1   0  19 0.00  0.0    0  5.2 16 120   M    M   1 1      22 130
22  95  72  84   1   0  19 0.00  0.0    0  3.4 14 130   M    M   1 1      18 140
================================================================================
SM 2046 1671         0 433  2.88     0.0 126.3          M       50
================================================================================
AV 93.0 76.0                               5.7 FASTST   M    M   2    MAX(MPH)
                                 MISC ---->  # 23 180               # 29  180
================================================================================
NOTES:
# LAST OF SEVERAL OCCURRENCES

COLUMN 17 PEAK WIND IN M.P.H.

PRELIMINARY LOCAL CLIMATOLOGICAL DATA (WS FORM: F-6) , PAGE 2

                                          STATION:  ANGLETON/LAKE_JACKS
                                          MONTH:    AUGUST
                                          YEAR:     2017
                                          LATITUDE:   29  6 N
                                          LONGITUDE:  95 28 W

[TEMPERATURE DATA]      [PRECIPITATION DATA]       SYMBOLS USED IN COLUMN 16

AVERAGE MONTHLY: 84.5   TOTAL FOR MONTH:   2.88    1 = FOG OR MIST
DPTR FM NORMAL:   1.5   DPTR FM NORMAL:    0.98    2 = FOG REDUCING VISIBILITY
HIGHEST:    96 ON 18    GRTST 24HR  0.64 ON  8- 8      TO 1/4 MILE OR LESS
LOWEST:     72 ON 22                               3 = THUNDER
                        SNOW, ICE PELLETS, HAIL    4 = ICE PELLETS
                        TOTAL MONTH:   0.0 INCH    5 = HAIL
                        GRTST 24HR     0.0         6 = FREEZING RAIN OR DRIZZLE
                        GRTST DEPTH:   0           7 = DUSTSTORM OR SANDSTORM:
                                                       VSBY 1/2 MILE OR LESS
                                                   8 = SMOKE OR HAZE
[NO. OF DAYS WITH]      [WEATHER - DAYS WITH]      9 = BLOWING SNOW
                                                   X = TORNADO
MAX 32 OR BELOW:   0    0.01 INCH OR MORE:  10
MAX 90 OR ABOVE:  20    0.10 INCH OR MORE:   7
MIN 32 OR BELOW:   0    0.50 INCH OR MORE:   4
MIN  0 OR BELOW:   0    1.00 INCH OR MORE:   0

[HDD (BASE 65) ]
TOTAL THIS MO.     0    CLEAR  (SCALE 0-3)  17
DPTR FM NORMAL     0    PTCLDY (SCALE 4-7)   5
TOTAL FM JUL 1     0    CLOUDY (SCALE 8-10)  0
DPTR FM NORMAL     0

[CDD (BASE 65) ]
TOTAL THIS MO.   433
DPTR FM NORMAL    37    [PRESSURE DATA]
TOTAL FM JAN 1  2534    HIGHEST SLP M ON M
DPTR FM NORMAL   548    LOWEST  SLP 29.79 ON 14

[REMARKS]
