304
CXUS54 KLCH 241010
CF6LCH
PRELIMINARY LOCAL CLIMATOLOGICAL DATA (WS FORM: F-6)

                                          STATION:   LAKE CHARLES
                                          MONTH:     JULY
                                          YEAR:      2016
                                          LATITUDE:   30  7 N
                                          LONGITUDE:  93 13 W

  TEMPERATURE IN F:       :PCPN:    SNOW:  WIND      :SUNSHINE: SKY     :PK WND
================================================================================
1   2   3   4   5  6A  6B    7    8   9   10  11  12  13   14  15   16   17  18
                                     12Z  AVG MX 2MIN
DY MAX MIN AVG DEP HDD CDD  WTR  SNW DPTH SPD SPD DIR MIN PSBL S-S WX    SPD DR
================================================================================

 1  94  76  85   3   0  20 0.03  0.0    0  2.1 10 180   M    M   2 1      14 170
 2  93  76  85   3   0  20 0.15  0.0    0  4.3 15 210   M    M   2 13     22 220
 3  92  77  85   3   0  20 0.00  0.0    0  7.6 15 220   M    M   1        23 210
 4  92  82  87   5   0  22 0.07  0.0    0 10.1 18 210   M    M   2 3      26 210
 5  92  83  88   5   0  23 0.00  0.0    0  8.1 16 220   M    M   2        22 210
 6  92  80  86   3   0  21    T  0.0    0  8.9 16 190   M    M   2        23 190
 7  93  81  87   4   0  22 0.00  0.0    0  7.3 14 190   M    M   3        21 200
 8  93  79  86   3   0  21 0.00  0.0    0  5.2 13 190   M    M   1        19 190
 9  93  77  85   2   0  20 0.00  0.0    0  3.9 14 200   M    M   1        19 220
10  92  74  83   0   0  18 0.97  0.0    0  3.7 36 330   M    M   0 138    48 320
11  92  78  85   2   0  20 0.00  0.0    0  6.5 15 220   M    M   1        21 210
12  92  76  84   1   0  19 0.00  0.0    0  6.6 14 210   M    M   2        22 200
13  93  79  86   3   0  21    T  0.0    0  6.3 15 180   M    M   1        21 180
14  93  78  86   3   0  21 0.00  0.0    0  5.2 16 250   M    M   2 3      20 240
15  92  78  85   2   0  20 0.01  0.0    0  5.2 14 220   M    M   1 3      20 220
16  91  76  84   1   0  19 0.00  0.0    0  3.9 15 190   M    M   1 13     22 200
17  90  75  83   0   0  18    T  0.0    0  4.7 16  50   M    M   1 38     20  40
18  92  77  85   2   0  20 0.01  0.0    0  4.7 12  40   M    M   3 13     15  10
19  91  76  84   1   0  19 0.45  0.0    0  4.4 18 230   M    M   2 13     27 220
20  96  75  86   3   0  21 0.00  0.0    0  3.1  9  80   M    M   0 1      14  90
21  97  77  87   4   0  22 0.00  0.0    0  2.8 15 120   M    M   1 3      19 120
22  96  78  87   4   0  22    T  0.0    0  3.3 13 190   M    M   2 13     18 180
23  94  77  86   3   0  21    T  0.0    0  4.0 14  60   M    M   1 13     19  50
================================================================================
SM 2135 1785         0 470  1.69     0.0 121.9          M       34
================================================================================
AV 92.8 77.6                               5.3 FASTST   M    M   1    MAX(MPH)
                                 MISC ---->  # 36 330               # 48  320
================================================================================
NOTES:
# LAST OF SEVERAL OCCURRENCES

COLUMN 17 PEAK WIND IN M.P.H.

PRELIMINARY LOCAL CLIMATOLOGICAL DATA (WS FORM: F-6) , PAGE 2

                                          STATION:  LAKE CHARLES
                                          MONTH:    JULY
                                          YEAR:     2016
                                          LATITUDE:   30  7 N
                                          LONGITUDE:  93 13 W

[TEMPERATURE DATA]      [PRECIPITATION DATA]       SYMBOLS USED IN COLUMN 16

AVERAGE MONTHLY: 85.2   TOTAL FOR MONTH:   1.69    1 = FOG OR MIST
DPTR FM NORMAL:   2.4   DPTR FM NORMAL:   -2.56    2 = FOG REDUCING VISIBILITY
HIGHEST:    97 ON 21    GRTST 24HR  0.97 ON 10-10      TO 1/4 MILE OR LESS
LOWEST:     74 ON 10                               3 = THUNDER
                        SNOW, ICE PELLETS, HAIL    4 = ICE PELLETS
                        TOTAL MONTH:   0.0 INCH    5 = HAIL
                        GRTST 24HR     0.0         6 = FREEZING RAIN OR DRIZZLE
                        GRTST DEPTH:   0           7 = DUSTSTORM OR SANDSTORM:
                                                       VSBY 1/2 MILE OR LESS
                                                   8 = SMOKE OR HAZE
[NO. OF DAYS WITH]      [WEATHER - DAYS WITH]      9 = BLOWING SNOW
                                                   X = TORNADO
MAX 32 OR BELOW:   0    0.01 INCH OR MORE:   7
MAX 90 OR ABOVE:  23    0.10 INCH OR MORE:   3
MIN 32 OR BELOW:   0    0.50 INCH OR MORE:   1
MIN  0 OR BELOW:   0    1.00 INCH OR MORE:   0

[HDD (BASE 65) ]
TOTAL THIS MO.     0    CLEAR  (SCALE 0-3)  23
DPTR FM NORMAL     0    PTCLDY (SCALE 4-7)   0
TOTAL FM JUL 1     0    CLOUDY (SCALE 8-10)  0
DPTR FM NORMAL     0

[CDD (BASE 65) ]
TOTAL THIS MO.   470
DPTR FM NORMAL    59    [PRESSURE DATA]
TOTAL FM JAN 1  1598    HIGHEST SLP M ON M
DPTR FM NORMAL   169    LOWEST  SLP 29.92 ON 23

[REMARKS]
