000
CXUS54 KLCH 230826
CF6LFT
PRELIMINARY LOCAL CLIMATOLOGICAL DATA (WS FORM: F-6)

                                          STATION:   LAFAYETTE
                                          MONTH:     OCTOBER
                                          YEAR:      2017
                                          LATITUDE:   30 12 N
                                          LONGITUDE:  92  0 W

  TEMPERATURE IN F:       :PCPN:    SNOW:  WIND      :SUNSHINE: SKY     :PK WND
================================================================================
1   2   3   4   5  6A  6B    7    8   9   10  11  12  13   14  15   16   17  18
                                     12Z  AVG MX 2MIN
DY MAX MIN AVG DEP HDD CDD  WTR  SNW DPTH SPD SPD DIR MIN PSBL S-S WX    SPD DR
================================================================================

 1  90  70  80   5   0  15 0.00  0.0    0  3.6 12 100   M    M   3        19  70
 2  87  71  79   5   0  14 0.27  0.0    0  5.7 15 170   M    M   8 13     21 170
 3  90  71  81   7   0  16    T  0.0    0  5.6 13 100   M    M   6        21 110
 4  88  69  79   5   0  14 0.00  0.0    0  4.6 13  60   M    M   1        17  40
 5  88  67  78   4   0  13 0.00  0.0    0  4.4 14  40   M    M   1        22  10
 6  90  64  77   4   0  12 0.00  0.0    0  4.5 15  60   M    M   2        23  60
 7  89  74  82   9   0  17 0.03  0.0    0  5.7 13  80   M    M   4 1      23 100
 8  93  73  83  10   0  18 0.00  0.0    0  3.5 14 200   M    M   3        17 210
 9  87  77  82  10   0  17 0.68  0.0    0  2.3 18 320   M    M   5 1238   21 330
10  89  77  83  11   0  18 0.00  0.0    0  2.8 18  10   M    M   5 128    22  10
11  89  68  79   7   0  14 0.00  0.0    0  7.6 15 360   M    M   1        18 360
12  90  68  79   8   0  14 0.00  0.0    0  5.0 13  20   M    M   1        14  20
13  91  68  80   9   0  15 0.00  0.0    0  1.8  9  40   M    M   0        12  40
14  92  72  82  11   0  17 0.00  0.0    0  2.1 12 170   M    M   3 128    17 140
15  92  71  82  11   0  17 0.00  0.0    0  6.2 23  10   M    M   4 12     30 360
16  77  54  66  -4   0   1 0.00  0.0    0 14.5 25  20   M    M   2        33  20
17  79  49  64  -6   1   0 0.00  0.0    0  6.0 14  20   M    M   0 8      18  30
18  83  54  69  -1   0   4 0.00  0.0    0  2.7  9  50   M    M   0        13  80
19  84  57  71   2   0   6 0.00  0.0    0  3.3  9  70   M    M   1 1      14  40
20  79  67  73   4   0   8 0.00  0.0    0  3.1 12  80   M    M   1        19 110
21  87  71  79  10   0  14 0.72  0.0    0  5.3 15 180   M    M   8 138    24  80
22  77  59  68  -1   0   3 0.55  0.0    0  6.7 37 340   M    M   5 13     48 340
================================================================================
SM 1911 1471         1 267  2.25     0.0 107.0          M       64
================================================================================
AV 86.9 66.9                               4.9 FASTST   M    M   3    MAX(MPH)
                                 MISC ---->  # 37 340               # 48  340
================================================================================
NOTES:
# LAST OF SEVERAL OCCURRENCES

COLUMN 17 PEAK WIND IN M.P.H.

PRELIMINARY LOCAL CLIMATOLOGICAL DATA (WS FORM: F-6) , PAGE 2

                                          STATION:  LAFAYETTE
                                          MONTH:    OCTOBER
                                          YEAR:     2017
                                          LATITUDE:   30 12 N
                                          LONGITUDE:  92  0 W

[TEMPERATURE DATA]      [PRECIPITATION DATA]       SYMBOLS USED IN COLUMN 16

AVERAGE MONTHLY: 76.9   TOTAL FOR MONTH:   2.25    1 = FOG OR MIST
DPTR FM NORMAL:   5.2   DPTR FM NORMAL:   -1.44    2 = FOG REDUCING VISIBILITY
HIGHEST:    93 ON  8    GRTST 24HR  0.72 ON 21-21      TO 1/4 MILE OR LESS
LOWEST:     49 ON 17                               3 = THUNDER
                        SNOW, ICE PELLETS, HAIL    4 = ICE PELLETS
                        TOTAL MONTH:   0.0 INCH    5 = HAIL
                        GRTST 24HR     0.0         6 = FREEZING RAIN OR DRIZZLE
                        GRTST DEPTH:   0           7 = DUSTSTORM OR SANDSTORM:
                                                       VSBY 1/2 MILE OR LESS
                                                   8 = SMOKE OR HAZE
[NO. OF DAYS WITH]      [WEATHER - DAYS WITH]      9 = BLOWING SNOW
                                                   X = TORNADO
MAX 32 OR BELOW:   0    0.01 INCH OR MORE:   5
MAX 90 OR ABOVE:   8    0.10 INCH OR MORE:   4
MIN 32 OR BELOW:   0    0.50 INCH OR MORE:   3
MIN  0 OR BELOW:   0    1.00 INCH OR MORE:   0

[HDD (BASE 65) ]
TOTAL THIS MO.     1    CLEAR  (SCALE 0-3)  14
DPTR FM NORMAL   -13    PTCLDY (SCALE 4-7)   7
TOTAL FM JUL 1     1    CLOUDY (SCALE 8-10)  1
DPTR FM NORMAL   -14

[CDD (BASE 65) ]
TOTAL THIS MO.   267
DPTR FM NORMAL   105    [PRESSURE DATA]
TOTAL FM JAN 1  3217    HIGHEST SLP M ON M
DPTR FM NORMAL   367    LOWEST  SLP 29.67 ON  7

[REMARKS]
