000
CXUS54 KLCH 262311
CF6LFT
PRELIMINARY LOCAL CLIMATOLOGICAL DATA (WS FORM: F-6)

                                          STATION:   LAFAYETTE
                                          MONTH:     FEBRUARY
                                          YEAR:      2015
                                          LATITUDE:   30 12 N
                                          LONGITUDE:  92  0 W

  TEMPERATURE IN F:       :PCPN:    SNOW:  WIND      :SUNSHINE: SKY     :PK WND
================================================================================
1   2   3   4   5  6A  6B    7    8   9   10  11  12  13   14  15   16   17  18
                                     12Z  AVG MX 2MIN
DY MAX MIN AVG DEP HDD CDD  WTR  SNW DPTH SPD SPD DIR MIN PSBL S-S WX    SPD DR
================================================================================

 1  71  55  63   9   2   0 0.06  0.0    0  8.9 23 350   M    M   8 1      33 350
 2  54  34  44 -10  21   0 0.00  0.0    0 11.6 24 340   M    M   1        31 350
 3  47  33  40 -14  25   0 0.00    M    0  3.9  8  30   M    M   3        10  60
 4  51  43  47  -7  18   0 0.67    M    0  5.1 13  90   M    M  10 1      21 100
 5  56  39  48  -6  17   0 0.00  0.0    0 10.6 18 360   M    M   5        23 360
 6  61  33  47  -7  18   0 0.00  0.0    0  2.8  8  10   M    M   0        10  20
 7  68  37  53  -1  12   0 0.00  0.0    0  4.5 15 200   M    M   1 1      19 200
 8  74  51  63   9   2   0 0.00  0.0    0  6.8 21 210   M    M   4 18     25 220
 9  77  57  67  12   0   2 0.00  0.0    0  8.0 21 340   M    M   3 1      25 340
10  67  43  55   0  10   0 0.00  0.0    0  7.3 15  30   M    M   0 8      20  30
11  74  41  58   3   7   0 0.00  0.0    0  2.6  8  90   M    M   0        13  40
12  63  42  53  -2  12   0 0.00  0.0    0  9.6 22 360   M    M   0        25  10
13  59  33  46  -9  19   0 0.00  0.0    0  5.5 12  40   M    M   0        16  40
14  71  39  55  -1  10   0 0.00  0.0    0  5.9 17 230   M    M   0 1      20 240
15  65  52  59   3   6   0 0.00  0.0    0  2.7 10  20   M    M   5 128    12 220
16  72  37  55  -1  10   0 0.78    M    0 13.5 26 340   M    M   8 1      35 210
17  47  31  39 -17  26   0 0.02    M    0 12.3 21  20   M    M   5        27  10
18  57  30  44 -12  21   0 0.00  0.0    0  5.2 20 310   M    M   0        25 310
19  55  33  44 -13  21   0 0.00  0.0    0  4.4 13  30   M    M   0        17  30
20  67  40  54  -3  11   0 0.00  0.0    0  8.3 18 170   M    M   7        30 160
21  70  63  67  10   0   2 0.02  0.0    0 11.1 24 200   M    M   9        32 210
22  72  45  59   2   6   0 0.17    M    0  8.8 17 360   M    M   8 1      22 360
23  45  33  39 -19  26   0 0.10    M    0 14.9 22  30   M    M  10 1      29  30
24  43  31  37 -21  28   0 0.00    M    0  9.6 16  30   M    M   9 1      19  30
25  41  38  40 -18  25   0 0.67    M    0 10.0 20 340   M    M  10 13     25 330
================================================================================
SM 1527 1013       353   4  2.49     0.0 193.9          M      106
================================================================================
AV 61.1 40.5                               7.8 FASTST   M    M   4    MAX(MPH)
                                 MISC ---->  # 26 340               # 35  210
================================================================================
NOTES:
# LAST OF SEVERAL OCCURRENCES

COLUMN 17 PEAK WIND IN M.P.H.

PRELIMINARY LOCAL CLIMATOLOGICAL DATA (WS FORM: F-6) , PAGE 2

                                          STATION:  LAFAYETTE
                                          MONTH:    FEBRUARY
                                          YEAR:     2015
                                          LATITUDE:   30 12 N
                                          LONGITUDE:  92  0 W

[TEMPERATURE DATA]      [PRECIPITATION DATA]       SYMBOLS USED IN COLUMN 16

AVERAGE MONTHLY: 50.8   TOTAL FOR MONTH:   2.49    1 = FOG OR MIST
DPTR FM NORMAL:  -4.8   DPTR FM NORMAL:   -1.53    2 = FOG REDUCING VISIBILITY
HIGHEST:    77 ON  9    GRTST 24HR  0.80 ON 16-17      TO 1/4 MILE OR LESS
LOWEST:     30 ON 18                               3 = THUNDER
                        SNOW, ICE PELLETS, HAIL    4 = ICE PELLETS
                        TOTAL MONTH:   0.0 INCH    5 = HAIL
                        GRTST 24HR     0.0         6 = FREEZING RAIN OR DRIZZLE
                        GRTST DEPTH:   0           7 = DUSTSTORM OR SANDSTORM:
                                                       VSBY 1/2 MILE OR LESS
                                                   8 = SMOKE OR HAZE
[NO. OF DAYS WITH]      [WEATHER - DAYS WITH]      9 = BLOWING SNOW
                                                   X = TORNADO
MAX 32 OR BELOW:   0    0.01 INCH OR MORE:   8
MAX 90 OR ABOVE:   0    0.10 INCH OR MORE:   5
MIN 32 OR BELOW:   3    0.50 INCH OR MORE:   3
MIN  0 OR BELOW:   0    1.00 INCH OR MORE:   0

[HDD (BASE 65) ]
TOTAL THIS MO.   353    CLEAR  (SCALE 0-3)  11
DPTR FM NORMAL   100    PTCLDY (SCALE 4-7)   7
TOTAL FM JUL 1  1385    CLOUDY (SCALE 8-10)  7
DPTR FM NORMAL   176

[CDD (BASE 65) ]
TOTAL THIS MO.     4
DPTR FM NORMAL   -21    [PRESSURE DATA]
TOTAL FM JAN 1     5    HIGHEST SLP M ON M
DPTR FM NORMAL   -34    LOWEST  SLP 29.80 ON 25

[REMARKS]
