000
CXUS55 KPUB 201059
CF6LHX
PRELIMINARY LOCAL CLIMATOLOGICAL DATA (WS FORM: F-6)

                                          STATION:   LA JUNTA CO
                                          MONTH:     OCTOBER
                                          YEAR:      2017
                                          LATITUDE:   38  2 N
                                          LONGITUDE: 103 31 W

  TEMPERATURE IN F:       :PCPN:    SNOW:  WIND      :SUNSHINE: SKY     :PK WND
================================================================================
1   2   3   4   5  6A  6B    7    8   9   10  11  12  13   14  15   16   17  18
                                     12Z  AVG MX 2MIN
DY MAX MIN AVG DEP HDD CDD  WTR  SNW DPTH SPD SPD DIR MIN PSBL S-S WX    SPD DR
================================================================================

 1  86  49  68   8   0   3    T  0.0    0 14.8 28 260   M    M   0        37 260
 2  74  46  60   0   5   0 0.00  0.0    0  8.7 30 360   M    M   4        36 360
 3  65  45  55  -4  10   0    T  0.0    0  7.4 13 110   M    M   9        17 120
 4  70  55  63   4   2   0 0.26  0.0    0  9.9 22 140   M    M   7 123    28 300
 5  76  53  65   7   0   0 0.00  0.0    0  6.2 16  40   M    M   4 12     20  30
 6  86  47  67   9   0   2 0.00  0.0    0  8.8 37  10   M    M   5 12     48 350
 7  83  43  63   5   2   0 0.00  0.0    0 11.1 20 260   M    M   0        24 260
 8  79  45  62   5   3   0    T  0.0    0 10.2 30  30   M    M   0        40  30
 9  53  35  44 -13  21   0 0.07  0.0    0 14.7 32  10   M    M  10 1      42  20
10  62  31  47  -9  18   0 0.00  0.0    0  6.5 12 200   M    M   0        16 200
11  79  34  57   1   8   0 0.00  0.0    0  7.8 18 130   M    M   0        25 140
12  89  47  68  12   0   3 0.00  0.0    0 12.8 24 240   M    M   0 8      34 260
13  70  42  56   1   9   0 0.00  0.0    0  7.5 20 350   M    M   1        27 360
14  86  39  63   8   2   0 0.00  0.0    0 12.2 38  20   M    M   0        46  10
15  68  29  49  -5  16   0 0.00  0.0    0  5.9 13 130   M    M   0        17 150
16  82  34  58   4   7   0 0.00  0.0    0  6.3 16 260   M    M   0        19 260
17  79  39  59   5   6   0 0.00  0.0    0  7.0 14 290   M    M   0        18 270
18  83  40  62   9   3   0 0.00  0.0    0  7.1 14 290   M    M   0        21 350
19  79  38  59   6   6   0 0.00  0.0    0  6.5 14 180   M    M   0        20 180
================================================================================
SM 1449  791       118   8  0.33     0.0 171.4          M       40
================================================================================
AV 76.3 41.6                               9.0 FASTST   M    M   2    MAX(MPH)
                                 MISC ---->  # 38  20               # 48  350
================================================================================
NOTES:
# LAST OF SEVERAL OCCURRENCES

COLUMN 17 PEAK WIND IN M.P.H.

PRELIMINARY LOCAL CLIMATOLOGICAL DATA (WS FORM: F-6) , PAGE 2

                                          STATION:  LA JUNTA CO
                                          MONTH:    OCTOBER
                                          YEAR:     2017
                                          LATITUDE:   38  2 N
                                          LONGITUDE: 103 31 W

[TEMPERATURE DATA]      [PRECIPITATION DATA]       SYMBOLS USED IN COLUMN 16

AVERAGE MONTHLY: 59.0   TOTAL FOR MONTH:   0.33    1 = FOG OR MIST
DPTR FM NORMAL:   2.5   DPTR FM NORMAL:   -0.24    2 = FOG REDUCING VISIBILITY
HIGHEST:    89 ON 12    GRTST 24HR  0.26 ON  4- 4      TO 1/4 MILE OR LESS
LOWEST:     29 ON 15                               3 = THUNDER
                        SNOW, ICE PELLETS, HAIL    4 = ICE PELLETS
                        TOTAL MONTH:   0.0 INCH    5 = HAIL
                        GRTST 24HR     0.0         6 = FREEZING RAIN OR DRIZZLE
                        GRTST DEPTH:   0           7 = DUSTSTORM OR SANDSTORM:
                                                       VSBY 1/2 MILE OR LESS
                                                   8 = SMOKE OR HAZE
[NO. OF DAYS WITH]      [WEATHER - DAYS WITH]      9 = BLOWING SNOW
                                                   X = TORNADO
MAX 32 OR BELOW:   0    0.01 INCH OR MORE:   2
MAX 90 OR ABOVE:   0    0.10 INCH OR MORE:   1
MIN 32 OR BELOW:   2    0.50 INCH OR MORE:   0
MIN  0 OR BELOW:   0    1.00 INCH OR MORE:   0

[HDD (BASE 65) ]
TOTAL THIS MO.   118    CLEAR  (SCALE 0-3)  13
DPTR FM NORMAL   -55    PTCLDY (SCALE 4-7)   4
TOTAL FM JUL 1   179    CLOUDY (SCALE 8-10)  2
DPTR FM NORMAL   -67

[CDD (BASE 65) ]
TOTAL THIS MO.     8
DPTR FM NORMAL     1    [PRESSURE DATA]
TOTAL FM JAN 1  1251    HIGHEST SLP M ON M
DPTR FM NORMAL    28    LOWEST  SLP 29.57 ON  8

[REMARKS]
