169
CXUS55 KBOU 290758
CF6LIC
PRELIMINARY LOCAL CLIMATOLOGICAL DATA (WS FORM: F-6)

                                          STATION:   LIMON CO
                                          MONTH:     MAY
                                          YEAR:      2017
                                          LATITUDE:   39 10 N
                                          LONGITUDE: 103 42 W

  TEMPERATURE IN F:       :PCPN:    SNOW:  WIND      :SUNSHINE: SKY     :PK WND
================================================================================
1   2   3   4   5  6A  6B    7    8   9   10  11  12  13   14  15   16   17  18
                                     12Z  AVG MX 2MIN
DY MAX MIN AVG DEP HDD CDD  WTR  SNW DPTH SPD SPD DIR MIN PSBL S-S WX    SPD DR
================================================================================

 1  64  27  46   M  19   0    T    M    M  8.6 20  30   M    M   6        23  30
 2  54  27  41   M  24   0 0.01    M    M  7.2 22 200   M    M   4 1      26 200
 3  54  26  40   M  25   0 0.23    M    M 13.9 33 310   M    M   6 1      41 310
 4  67  24  46   M  19   0 0.00    M    M  7.6 22  10   M    M   0        26  20
 5  77  33  55   M  10   0 0.00    M    M  6.0 16 180   M    M   0        22 180
 6  80  37  59   M   6   0 0.00    M    M  9.7 23 180   M    M   0        30 150
 7  80  41  61   M   4   0 0.03    M    M  9.1 37 240   M    M   2 3      59 160
 8  77  49  63   M   2   0 0.24    M    M 10.8 28 330   M    M   4 13     36 340
 9  63  46  55   M  10   0 0.11    M    M 11.0 25 180   M    M   6 1      32 190
10  55  43  49   M  16   0 0.11    M    M 14.0 25  30   M    M   8 1      30  40
11  56  34  45   M  20   0 0.03    M    M 10.3 21 350   M    M   6 1      26 360
12  70  31  51   M  14   0 0.00    M    M 12.4 26 150   M    M   0        30 150
13  81  37  59   M   6   0 0.00    M    M 12.5 24 200   M    M   0        31 170
14  76  42  59   M   6   0 0.00    M    M 11.2 23  10   M    M   0        30 140
15  81  39  60   M   5   0 0.00    M    M  9.2 25 190   M    M   0        35 190
16  75  43  59   M   6   0    T    M    M 14.6 38 330   M    M   3 3      49 340
17  70  39  55   M  10   0    T    M    M 13.0 26  70   M    M   6        36  70
18  49  33  41   M  24   0 0.16    M    M 18.1 29 320   M    M  10 12     35 320
19  39  33  36   M  29   0 0.21    M    M 17.1 26 320   M    M  10 1      31 320
20  60  31  46   M  19   0 0.00    M    M 15.7 28 310   M    M   5        34 330
21  66  31  49   M  16   0    T    M    M  7.7 37 350   M    M   6        47 350
22  66  40  53   M  12   0 0.04    M    M 13.2 37 360   M    M   5        46 360
23  60  33  47   M  18   0 0.00    M    M 16.1 31 350   M    M   3        39 350
24  81  27  54   M  11   0 0.00    M    M  7.2 21 160   M    M   0        27 160
25  82  38  60   M   5   0    T    M    M  8.1 35 270   M    M   2 3      52 200
26  72  41  57   M   8   0 0.60    M    M 14.5 35 280   M    M   4 13     42 280
27  61  41  51   M  14   0 0.23    M    M 14.5 29 320   M    M   5 1      38 320
28  69  37  53   M  12   0 0.01    M    M  8.9 31 340   M    M   2        37 330
================================================================================
SM 1885 1003       370   0  2.01    M    322.2          M      103
================================================================================
AV 67.3 35.8                              11.5 FASTST   M    M   4    MAX(MPH)
                                 MISC ---->  # 38 330               # 59  160
================================================================================
NOTES:
# LAST OF SEVERAL OCCURRENCES

COLUMN 17 PEAK WIND IN M.P.H.

PRELIMINARY LOCAL CLIMATOLOGICAL DATA (WS FORM: F-6) , PAGE 2

                                          STATION:  LIMON CO
                                          MONTH:    MAY
                                          YEAR:     2017
                                          LATITUDE:   39 10 N
                                          LONGITUDE: 103 42 W

[TEMPERATURE DATA]      [PRECIPITATION DATA]       SYMBOLS USED IN COLUMN 16

AVERAGE MONTHLY: 51.6   TOTAL FOR MONTH:   2.01    1 = FOG OR MIST
DPTR FM NORMAL:     M   DPTR FM NORMAL:       M    2 = FOG REDUCING VISIBILITY
HIGHEST:    82 ON 25    GRTST 24HR  0.60 ON 26-26      TO 1/4 MILE OR LESS
LOWEST:     24 ON  4                               3 = THUNDER
                        SNOW, ICE PELLETS, HAIL    4 = ICE PELLETS
                        TOTAL MONTH:    M          5 = HAIL
                        GRTST 24HR    M  ON   M    6 = FREEZING RAIN OR DRIZZLE
                        GRTST DEPTH:  M  ON   M    7 = DUSTSTORM OR SANDSTORM:
                                                       VSBY 1/2 MILE OR LESS
                                                   8 = SMOKE OR HAZE
[NO. OF DAYS WITH]      [WEATHER - DAYS WITH]      9 = BLOWING SNOW
                                                   X = TORNADO
MAX 32 OR BELOW:   0    0.01 INCH OR MORE:  13
MAX 90 OR ABOVE:   0    0.10 INCH OR MORE:   8
MIN 32 OR BELOW:   8    0.50 INCH OR MORE:   1
MIN  0 OR BELOW:   0    1.00 INCH OR MORE:   0

[HDD (BASE 65) ]
TOTAL THIS MO.   370    CLEAR  (SCALE 0-3)  11
DPTR FM NORMAL     M    PTCLDY (SCALE 4-7)  15
TOTAL FM JUL 1  6310    CLOUDY (SCALE 8-10)  2
DPTR FM NORMAL     M

[CDD (BASE 65) ]
TOTAL THIS MO.     0
DPTR FM NORMAL     M    [PRESSURE DATA]
TOTAL FM JAN 1     0    HIGHEST SLP M ON M
DPTR FM NORMAL     M    LOWEST  SLP 29.36 ON 16

[REMARKS]
