000
CXUS55 KBOU 270813
CF6LIC
PRELIMINARY LOCAL CLIMATOLOGICAL DATA (WS FORM: F-6)

                                          STATION:   LIMON CO
                                          MONTH:     MARCH
                                          YEAR:      2015
                                          LATITUDE:   39 10 N
                                          LONGITUDE: 103 42 W

  TEMPERATURE IN F:       :PCPN:    SNOW:  WIND      :SUNSHINE: SKY     :PK WND
================================================================================
1   2   3   4   5  6A  6B    7    8   9   10  11  12  13   14  15   16   17  18
                                     12Z  AVG MX 2MIN
DY MAX MIN AVG DEP HDD CDD  WTR  SNW DPTH SPD SPD DIR MIN PSBL S-S WX    SPD DR
================================================================================

 1  27   1  14   M  51   0 0.01    M    M  7.0 17 360   M    M   8 12     20 360
 2  41  20  31   M  34   0    T    M    M 17.4 26 230   M    M   7 18     37 230
 3  40  18  29   M  36   0 0.01    M    M 12.8 28 340   M    M   4 168    34 340
 4  19 -10   5   M  60   0 0.02    M    M  7.3 18  20   M    M   6 1      21  30
 5  31  -8  12   M  53   0 0.00    M    M  5.8 12 350   M    M   0        12  10
 6  45   5  25   M  40   0 0.00    M    M  4.9  9 360   M    M   0        10 350
 7  48  15  32   M  33   0 0.00    M    M  6.3 16 170   M    M   0        20 180
 8  49  25  37   M  28   0 0.00    M    M  7.7 20 340   M    M   0        24 340
 9  56  25  41   M  24   0 0.00    M    M  5.3 15 180   M    M   0        22 180
10  60  26  43   M  22   0 0.00    M    M  8.1 23 360   M    M   0        35  10
11  63  25  44   M  21   0 0.00    M    M  7.4 20 200   M    M   0        26 180
12  62  28  45   M  20   0 0.00    M    M 10.9 23 360   M    M   0        29  10
13  58  35  47   M  18   0 0.00    M    M 12.8 24  30   M    M   3        30  10
14  62  24  43   M  22   0 0.00    M    M  8.5 20 170   M    M   0        26 160
15  74  25  50   M  15   0 0.00    M    M  9.0 21 200   M    M   0        25 200
16  79  26  53   M  12   0 0.00    M    M 14.5 35  40   M    M   0        42  40
17  51  31  41   M  24   0 0.00    M    M 12.9 24 150   M    M   4 1      30 150
18  66  30  48   M  17   0    T    M    M  8.6 20 160   M    M   4        24 170
19  48  29  39   M  26   0 0.43    M    M  9.2 22 340   M    M   7 1      26 340
20  64  24  44   M  21   0 0.00    M    M  4.5 14 150   M    M   0        21 120
21  65  24  45   M  20   0 0.00    M    M  6.2 15 190   M    M   0        20 180
22  69  27  48   M  17   0    T    M    M  9.9 32  70   M    M   2        58  60
23  61  32  47   M  18   0    T    M    M 12.7 29 160   M    M   0        36 180
24  62  33  48   M  17   0 0.01    M    M 10.5 31 310   M    M   1        37 320
25  41  27  34   M  31   0 0.04    M    M 13.9 29 360   M    M   5 1      35 360
26  57  20  39   M  26   0 0.00    M    M  9.0 25 330   M    M   1        30 350
================================================================================
SM 1398  557       706   0  0.52    M    243.1          M       52
================================================================================
AV 53.8 21.4                               9.3 FASTST   M    M   2    MAX(MPH)
                                 MISC ---->  # 35  40               # 58   60
================================================================================
NOTES:
# LAST OF SEVERAL OCCURRENCES

COLUMN 17 PEAK WIND IN M.P.H.

PRELIMINARY LOCAL CLIMATOLOGICAL DATA (WS FORM: F-6) , PAGE 2

                                          STATION:  LIMON CO
                                          MONTH:    MARCH
                                          YEAR:     2015
                                          LATITUDE:   39 10 N
                                          LONGITUDE: 103 42 W

[TEMPERATURE DATA]      [PRECIPITATION DATA]       SYMBOLS USED IN COLUMN 16

AVERAGE MONTHLY: 37.6   TOTAL FOR MONTH:   0.52    1 = FOG OR MIST
DPTR FM NORMAL:     M   DPTR FM NORMAL:       M    2 = FOG REDUCING VISIBILITY
HIGHEST:    79 ON 16    GRTST 24HR  0.43 ON 19-19      TO 1/4 MILE OR LESS
LOWEST:    -10 ON  4                               3 = THUNDER
                        SNOW, ICE PELLETS, HAIL    4 = ICE PELLETS
                        TOTAL MONTH:    M          5 = HAIL
                        GRTST 24HR    M  ON   M    6 = FREEZING RAIN OR DRIZZLE
                        GRTST DEPTH:  M  ON   M    7 = DUSTSTORM OR SANDSTORM:
                                                       VSBY 1/2 MILE OR LESS
                                                   8 = SMOKE OR HAZE
[NO. OF DAYS WITH]      [WEATHER - DAYS WITH]      9 = BLOWING SNOW
                                                   X = TORNADO
MAX 32 OR BELOW:   3    0.01 INCH OR MORE:   6
MAX 90 OR ABOVE:   0    0.10 INCH OR MORE:   1
MIN 32 OR BELOW:  24    0.50 INCH OR MORE:   0
MIN  0 OR BELOW:   2    1.00 INCH OR MORE:   0

[HDD (BASE 65) ]
TOTAL THIS MO.   706    CLEAR  (SCALE 0-3)  18
DPTR FM NORMAL     M    PTCLDY (SCALE 4-7)   7
TOTAL FM JUL 1  5605    CLOUDY (SCALE 8-10)  1
DPTR FM NORMAL     M

[CDD (BASE 65) ]
TOTAL THIS MO.     0
DPTR FM NORMAL     M    [PRESSURE DATA]
TOTAL FM JAN 1     0    HIGHEST SLP M ON M
DPTR FM NORMAL     M    LOWEST  SLP 29.57 ON  2

[REMARKS]
