635
CXUS55 KBOU 270758
CF6LIC
PRELIMINARY LOCAL CLIMATOLOGICAL DATA (WS FORM: F-6)

                                          STATION:   LIMON CO
                                          MONTH:     MAY
                                          YEAR:      2016
                                          LATITUDE:   39 10 N
                                          LONGITUDE: 103 42 W

  TEMPERATURE IN F:       :PCPN:    SNOW:  WIND      :SUNSHINE: SKY     :PK WND
================================================================================
1   2   3   4   5  6A  6B    7    8   9   10  11  12  13   14  15   16   17  18
                                     12Z  AVG MX 2MIN
DY MAX MIN AVG DEP HDD CDD  WTR  SNW DPTH SPD SPD DIR MIN PSBL S-S WX    SPD DR
================================================================================

 1  38  26  32   M  33   0    T    M    M 15.8 35 340   M    M   7 1      42 330
 2  52  20  36   M  29   0 0.00    M    M  6.1 12 300   M    M   0        15 260
 3  65  33  49   M  16   0    T    M    M 15.6 29 360   M    M   2        51 320
 4  73  34  54   M  11   0 0.00    M    M  5.2 13 290   M    M   0        15 110
 5  78  34  56   M   9   0 0.00    M    M  7.0 18 140   M    M   0        25 110
 6  80  38  59   M   6   0 0.00    M    M 11.4 28 160   M    M   0        39 160
 7  76  37  57   M   8   0 0.00    M    M 12.8 38 180   M    M   1        50 180
 8  65  33  49   M  16   0 0.01    M    M  7.7 26 160   M    M   4 12     32 160
 9  66  36  51   M  14   0    T    M    M  8.1 20 340   M    M   4        27 340
10  64  37  51   M  14   0 0.03    M    M 13.3 30  30   M    M   3 13     37  30
11  59  32  46   M  19   0 0.18    M    M  6.2 20 330   M    M   6 1      28 340
12  67  29  48   M  17   0 0.00    M    M  5.1 16 190   M    M   0        21 180
13  71  33  52   M  13   0 0.00    M    M 10.1 23  10   M    M   0        29  20
14  55  37  46   M  19   0 0.00    M    M 13.7 21 140   M    M   7        27 140
15  59  38  49   M  16   0 0.18    M    M 17.1 35  80   M    M   9 1      39  70
16  47  38  43   M  22   0 0.05    M    M  9.2 18 150   M    M  10 12     21 150
17  47  38  43   M  22   0 0.07    M    M  5.9 13  20   M    M  10 1      14  20
18  59  34  47   M  18   0 0.00    M    M 11.9 22 160   M    M   7        29 160
19  68  32  50   M  15   0 0.00    M    M 11.8 24 150   M    M   3 12     29 140
20  76  44  60   M   5   0 0.00    M    M 13.4 29 130   M    M   4 12     34 130
21  83  53  68   M   0   3 0.00    M    M 14.1 29 190   M    M   3        42 180
22  81  40  61   M   4   0 0.00    M    M 13.7 33 360   M    M   0        43 360
23  72  44  58   M   7   0 0.00    M    M  9.2 24 130   M    M   1        31 140
24  76  43  60   M   5   0 0.00    M    M 13.1 29 180   M    M   3        37 180
25  74  44  59   M   6   0    T    M    M  9.0 21  70   M    M   3 1      25  70
26  69  39  54   M  11   0 1.33    M    M 10.4 40 280   M    M   7 13     52 290
================================================================================
SM 1720  946       355   3  1.85    M    276.9          M       94
================================================================================
AV 66.2 36.4                              10.6 FASTST   M    M   4    MAX(MPH)
                                 MISC ---->  # 40 280               # 52  290
================================================================================
NOTES:
# LAST OF SEVERAL OCCURRENCES

COLUMN 17 PEAK WIND IN M.P.H.

PRELIMINARY LOCAL CLIMATOLOGICAL DATA (WS FORM: F-6) , PAGE 2

                                          STATION:  LIMON CO
                                          MONTH:    MAY
                                          YEAR:     2016
                                          LATITUDE:   39 10 N
                                          LONGITUDE: 103 42 W

[TEMPERATURE DATA]      [PRECIPITATION DATA]       SYMBOLS USED IN COLUMN 16

AVERAGE MONTHLY: 51.3   TOTAL FOR MONTH:   1.85    1 = FOG OR MIST
DPTR FM NORMAL:     M   DPTR FM NORMAL:       M    2 = FOG REDUCING VISIBILITY
HIGHEST:    83 ON 21    GRTST 24HR  1.33 ON 26-26      TO 1/4 MILE OR LESS
LOWEST:     20 ON  2                               3 = THUNDER
                        SNOW, ICE PELLETS, HAIL    4 = ICE PELLETS
                        TOTAL MONTH:    M          5 = HAIL
                        GRTST 24HR    M  ON   M    6 = FREEZING RAIN OR DRIZZLE
                        GRTST DEPTH:  M  ON   M    7 = DUSTSTORM OR SANDSTORM:
                                                       VSBY 1/2 MILE OR LESS
                                                   8 = SMOKE OR HAZE
[NO. OF DAYS WITH]      [WEATHER - DAYS WITH]      9 = BLOWING SNOW
                                                   X = TORNADO
MAX 32 OR BELOW:   0    0.01 INCH OR MORE:   7
MAX 90 OR ABOVE:   0    0.10 INCH OR MORE:   3
MIN 32 OR BELOW:   5    0.50 INCH OR MORE:   1
MIN  0 OR BELOW:   0    1.00 INCH OR MORE:   1

[HDD (BASE 65) ]
TOTAL THIS MO.   355    CLEAR  (SCALE 0-3)  11
DPTR FM NORMAL     M    PTCLDY (SCALE 4-7)  12
TOTAL FM JUL 1  6541    CLOUDY (SCALE 8-10)  3
DPTR FM NORMAL     M

[CDD (BASE 65) ]
TOTAL THIS MO.     3
DPTR FM NORMAL     M    [PRESSURE DATA]
TOTAL FM JAN 1     3    HIGHEST SLP M ON M
DPTR FM NORMAL     M    LOWEST  SLP 29.46 ON  9

[REMARKS]
