000
CXUS55 KBOU 010731
CF6LIC
PRELIMINARY LOCAL CLIMATOLOGICAL DATA (WS FORM: F-6)

                                          STATION:   LIMON CO
                                          MONTH:     APRIL
                                          YEAR:      2016
                                          LATITUDE:   39 10 N
                                          LONGITUDE: 103 42 W

  TEMPERATURE IN F:       :PCPN:    SNOW:  WIND      :SUNSHINE: SKY     :PK WND
================================================================================
1   2   3   4   5  6A  6B    7    8   9   10  11  12  13   14  15   16   17  18
                                     12Z  AVG MX 2MIN
DY MAX MIN AVG DEP HDD CDD  WTR  SNW DPTH SPD SPD DIR MIN PSBL S-S WX    SPD DR
================================================================================

 1  47  15  31   M  34   0 0.00    M    M 11.9 30 320   M    M   4        42 340
 2  62  26  44   M  21   0 0.00    M    M  7.0 21 320   M    M   3        29 320
 3  68  25  47   M  18   0 0.00    M    M  8.9 20 350   M    M   1        30 340
 4  70  29  50   M  15   0 0.00    M    M  8.5 22 190   M    M   2        29 180
 5  69  26  48   M  17   0 0.00    M    M 13.5 45 340   M    M   2        56 310
 6  31  21  26   M  39   0 0.00    M    M  7.5 13 270   M    M   0         M  M
 7  63  29  46   M  19   0 0.00    M    M  9.0 25 360   M    M   2        31  10
 8  65  25  45   M  20   0 0.00    M    M  5.6 21  10   M    M   0        27  20
 9  73  26  50   M  15   0 0.00    M    M  8.1 30 310   M    M   2        38 300
10  66  36  51   M  14   0 0.41    M    M  9.7 24  50   M    M   6 13     32  60
11  52  34  43   M  22   0 0.06    M    M  8.7 20 180   M    M   7        25 180
12  66  36  51   M  14   0 0.00    M    M  8.5 18 180   M    M   4 1      23 190
13  70  37  54   M  11   0 0.00    M    M  5.6 16 150   M    M   1        19 150
14  75  33  54   M  11   0 0.00    M    M 10.7 31 330   M    M   1        35 170
15  60  34  47   M  18   0 0.08    M    M 17.2 30  10   M    M   4 1      37 350
16  34  31  33   M  32   0 0.57    M    M 22.2 33 350   M    M  10 12     41 350
17  34  29  32   M  33   0 0.01    M    M 19.2 30 350   M    M  10 1      37 350
18  42  27  35   M  30   0 0.00    M    M  9.8 18 350   M    M   4        22 340
19  49  32  41   M  24   0 0.02    M    M  3.9 12 300   M    M   9 1      19 320
20  55  28  42   M  23   0 0.04    M    M  8.2 36 340   M    M   3 1      48 340
21  63  31  47   M  18   0 0.00    M    M 10.0 22 320   M    M   0        30 320
22  75  28  52   M  13   0 0.00    M    M 10.2 23 170   M    M   0        34 160
23  76  33  55   M  10   0 0.00    M    M 10.4 40 220   M    M   0        55 220
24  69  29  49   M  16   0 0.00    M    M 10.2 23 330   M    M   0        33 250
25  68  30  49   M  16   0    T    M    M 15.3 33 120   M    M   1 3      44 130
26  57  31  44   M  21   0    T    M    M 13.6 33 310   M    M   2 13     48 310
27  54  28  41   M  24   0 0.00    M    M 16.8 31 350   M    M   4        41 350
28  41  33  37   M  28   0 0.08    M    M  9.1 18  60   M    M  10 1      22  70
29  34  29  32   M  33   0 1.23    M    M  8.4 15  30   M    M  10 12     18  30
================================================================================
SM 1688  851       609   0  2.50    M    307.7          M      102
================================================================================
AV 58.2 29.3                              10.6 FASTST   M    M   4    MAX(MPH)
                                 MISC ---->  # 45 340               # 56  310
================================================================================
NOTES:
# LAST OF SEVERAL OCCURRENCES

COLUMN 17 PEAK WIND IN M.P.H.

PRELIMINARY LOCAL CLIMATOLOGICAL DATA (WS FORM: F-6) , PAGE 2

                                          STATION:  LIMON CO
                                          MONTH:    APRIL
                                          YEAR:     2016
                                          LATITUDE:   39 10 N
                                          LONGITUDE: 103 42 W

[TEMPERATURE DATA]      [PRECIPITATION DATA]       SYMBOLS USED IN COLUMN 16

AVERAGE MONTHLY: 43.8   TOTAL FOR MONTH:   2.50    1 = FOG OR MIST
DPTR FM NORMAL:     M   DPTR FM NORMAL:       M    2 = FOG REDUCING VISIBILITY
HIGHEST:    76 ON 23    GRTST 24HR  1.27 ON 28-29      TO 1/4 MILE OR LESS
LOWEST:     15 ON  1                               3 = THUNDER
                        SNOW, ICE PELLETS, HAIL    4 = ICE PELLETS
                        TOTAL MONTH:    M          5 = HAIL
                        GRTST 24HR    M  ON   M    6 = FREEZING RAIN OR DRIZZLE
                        GRTST DEPTH:  M  ON   M    7 = DUSTSTORM OR SANDSTORM:
                                                       VSBY 1/2 MILE OR LESS
                                                   8 = SMOKE OR HAZE
[NO. OF DAYS WITH]      [WEATHER - DAYS WITH]      9 = BLOWING SNOW
                                                   X = TORNADO
MAX 32 OR BELOW:   1    0.01 INCH OR MORE:   9
MAX 90 OR ABOVE:   0    0.10 INCH OR MORE:   3
MIN 32 OR BELOW:  21    0.50 INCH OR MORE:   2
MIN  0 OR BELOW:   0    1.00 INCH OR MORE:   1

[HDD (BASE 65) ]
TOTAL THIS MO.   609    CLEAR  (SCALE 0-3)  16
DPTR FM NORMAL     M    PTCLDY (SCALE 4-7)   8
TOTAL FM JUL 1  6153    CLOUDY (SCALE 8-10)  5
DPTR FM NORMAL     M

[CDD (BASE 65) ]
TOTAL THIS MO.     0
DPTR FM NORMAL     M    [PRESSURE DATA]
TOTAL FM JAN 1     0    HIGHEST SLP M ON M
DPTR FM NORMAL     M    LOWEST  SLP 29.43 ON 26

[REMARKS]
