000
CXHW51 PHFO 191250
CF6LIH
PRELIMINARY LOCAL CLIMATOLOGICAL DATA (WS FORM: F-6)

                                          STATION:   LIHUE HI
                                          MONTH:     DECEMBER
                                          YEAR:      2014
                                          LATITUDE:   21 58 N
                                          LONGITUDE: 159 21 W

  TEMPERATURE IN F:       :PCPN:    SNOW:  WIND      :SUNSHINE: SKY     :PK WND
================================================================================
1   2   3   4   5  6A  6B    7    8   9   10  11  12  13   14  15   16   17  18
                                     12Z  AVG MX 2MIN
DY MAX MIN AVG DEP HDD CDD  WTR  SNW DPTH SPD SPD DIR MIN PSBL S-S WX    SPD DR
================================================================================

 1  79  68  74   0   0   9    T  0.0    0 18.6 28  40   M    M   7        33  30
 2  80  71  76   2   0  11    T  0.0    0 14.8 22  70   M    M   6        26  70
 3  77  69  73  -1   0   8 0.01  0.0    0 12.1 18  40   M    M   9 1      24  10
 4  79  72  76   2   0  11 0.00  0.0    0 12.7 16  60   M    M   7        22  70
 5  79  67  73  -1   0   8 0.03  0.0    0  7.4 14  70   M    M   9        15  70
 6  79  64  72  -2   0   7 0.00  0.0    0  8.3 16  30   M    M   2        21  40
 7  78  65  72  -2   0   7 0.13  0.0    0  6.1  9  60   M    M   3 1      16  80
 8  80  63  72  -2   0   7 0.00  0.0    0  8.3 16 180   M    M   2        23 180
 9  79  63  71  -3   0   6 0.00  0.0    0  6.9 15 180   M    M   3        21 180
10  76  63  70  -4   0   5    T  0.0    0 11.5 24  20   M    M   8 1      28  20
11  75  62  69  -5   0   4    T  0.0    0 11.4 18  40   M    M   7        21  50
12  75  60  68  -6   0   3 0.00  0.0    0 10.0 21  40   M    M   5        23  40
13  74  65  70  -3   0   5 0.14  0.0    0 18.5 30  40   M    M   8 18     36  40
14  71  64  68  -5   0   3    T  0.0    0 21.8 29  40   M    M  10        35  50
15  80  65  73   0   0   8 0.02  0.0    0 19.9 28  70   M    M   8 18     33  80
16  81  72  77   4   0  12    T  0.0    0 16.7 26  80   M    M   8        32  70
17  81  73  77   4   0  12 0.02  0.0    0 13.3 22  70   M    M   8 18     25  70
18  80  71  76   3   0  11 0.06  0.0    0 16.1 25  80   M    M   9 18     33  80
================================================================================
SM 1403 1197         0 137  0.41     0.0 234.4          M      119
================================================================================
AV 77.9 66.5                              13.0 FASTST   M    M   7    MAX(MPH)
                                 MISC ---->  # 30  40               # 36   40
================================================================================
NOTES:
# LAST OF SEVERAL OCCURRENCES

COLUMN 17 PEAK WIND IN M.P.H.

PRELIMINARY LOCAL CLIMATOLOGICAL DATA (WS FORM: F-6) , PAGE 2

                                          STATION:  LIHUE HI
                                          MONTH:    DECEMBER
                                          YEAR:     2014
                                          LATITUDE:   21 58 N
                                          LONGITUDE: 159 21 W

[TEMPERATURE DATA]      [PRECIPITATION DATA]       SYMBOLS USED IN COLUMN 16

AVERAGE MONTHLY: 72.2   TOTAL FOR MONTH:   0.41    1 = FOG OR MIST
DPTR FM NORMAL:  -1.4   DPTR FM NORMAL:   -2.58    2 = FOG REDUCING VISIBILITY
HIGHEST:    81 ON 17,16 GRTST 24HR  0.14 ON 13-13      TO 1/4 MILE OR LESS
LOWEST:     60 ON 12                               3 = THUNDER
                        SNOW, ICE PELLETS, HAIL    4 = ICE PELLETS
                        TOTAL MONTH:   0.0 INCH    5 = HAIL
                        GRTST 24HR     0.0         6 = FREEZING RAIN OR DRIZZLE
                        GRTST DEPTH:   0           7 = DUSTSTORM OR SANDSTORM:
                                                       VSBY 1/2 MILE OR LESS
                                                   8 = SMOKE OR HAZE
[NO. OF DAYS WITH]      [WEATHER - DAYS WITH]      9 = BLOWING SNOW
                                                   X = TORNADO
MAX 32 OR BELOW:   0    0.01 INCH OR MORE:   7
MAX 90 OR ABOVE:   0    0.10 INCH OR MORE:   2
MIN 32 OR BELOW:   0    0.50 INCH OR MORE:   0
MIN  0 OR BELOW:   0    1.00 INCH OR MORE:   0

[HDD (BASE 65) ]
TOTAL THIS MO.     0    CLEAR  (SCALE 0-3)   4
DPTR FM NORMAL     0    PTCLDY (SCALE 4-7)   9
TOTAL FM JUL 1     0    CLOUDY (SCALE 8-10)  5
DPTR FM NORMAL     0

[CDD (BASE 65) ]
TOTAL THIS MO.   137
DPTR FM NORMAL   -18    [PRESSURE DATA]
TOTAL FM JAN 1  3953    HIGHEST SLP M ON M
DPTR FM NORMAL   107    LOWEST  SLP 29.95 ON  3

[REMARKS]
