000
CXUS54 KLZK 291130
CF6LIT
PRELIMINARY LOCAL CLIMATOLOGICAL DATA (WS FORM: F-6)

                                          STATION:   Little Rock Adams Field
                                          MONTH:     APRIL
                                          YEAR:      2017
                                          LATITUDE:   34 43 N
                                          LONGITUDE:  92 14 W

  TEMPERATURE IN F:       :PCPN:    SNOW:  WIND      :SUNSHINE: SKY     :PK WND
================================================================================
1   2   3   4   5  6A  6B    7    8   9   10  11  12  13   14  15   16   17  18
                                     12Z  AVG MX 2MIN
DY MAX MIN AVG DEP HDD CDD  WTR  SNW DPTH SPD SPD DIR MIN PSBL S-S WX    SPD DR
================================================================================

 1  71  50  61   3   4   0 0.00  0.0    0 11.5 18  70   M    M   3 8      22  60
 2  70  54  62   4   3   0 1.48  0.0    0  8.8 26  70   M    M   9 13     31  70
 3  75  55  65   7   0   0 0.04  0.0    0 11.1 24 240   M    M   7 1      31 230
 4  82  51  67   8   0   2 0.00  0.0    0  7.5 24 310   M    M   4        31 320
 5  70  46  58  -1   7   0    T  0.0    0 12.5 33 250   M    M   7        42 290
 6  68  44  56  -3   9   0 0.00  0.0    0 12.6 24 310   M    M   2        31 300
 7  70  42  56  -4   9   0 0.00  0.0    0  5.4 13 330   M    M   2        17 320
 8  79  44  62   2   3   0 0.00  0.0    0  8.0 22 200   M    M   5        27 200
 9  81  58  70  10   0   5 0.00  0.0    0 13.1 28 210   M    M   4        36 230
10  76  62  69   9   0   4 0.39  0.0    0  9.6 29 140   M    M   8 13     35 140
11  66  53  60  -1   5   0 0.00  0.0    0  5.5 10  20   M    M   9        14  40
12  77  51  64   3   1   0 0.00  0.0    0  5.2 16 140   M    M   3        20 140
13  83  57  70   9   0   5 0.00  0.0    0  3.3 10 150   M    M   7 1      15 130
14  83  61  72  10   0   7 0.00  0.0    0  5.7 15 190   M    M   9        20 240
15  81  60  71   9   0   6    T  0.0    0  9.0 18 200   M    M   4 3      22 150
16  79  63  71   9   0   6 0.00  0.0    0  7.5 18 170   M    M   8        22 170
17  75  62  69   7   0   4 0.77  0.0    0  6.0 16 310   M    M   9 13     22 320
18  79  63  71   8   0   6    T  0.0    0  5.1 14 150   M    M   7 1      17 130
19  83  60  72   9   0   7 0.01  0.0    0  6.5 17 160   M    M   3        21 170
20  83  63  73  10   0   8 0.00  0.0    0  7.8 15 210   M    M   3        20 220
21  72  57  65   1   0   0 0.13  0.0    0  7.7 29 340   M    M   7 13     35 350
22  60  50  55  -9  10   0 0.46  0.0    0  9.8 28 360   M    M  10 13     37 360
23  72  49  61  -3   4   0 0.00  0.0    0 10.4 21 340   M    M   3        26 340
24  76  45  61  -3   4   0 0.00  0.0    0  5.6 10 120   M    M   2        15 120
25  81  49  65   0   0   0 0.00  0.0    0 10.1 24 200   M    M   3        31 200
26  73  51  62  -3   3   0 1.71  0.0    0 11.1 23 150   M    M  10 13     29 300
27  68  44  56  -9   9   0 0.00  0.0    0  6.3 17 290   M    M   4        22 280
28  83  54  69   3   0   4 0.00  0.0    0  9.0 21 190   M    M   9        28 190
================================================================================
SM 2116 1498        71  64  4.99     0.0 231.7          M      161
================================================================================
AV 75.6 53.5                               8.3 FASTST   M    M   6    MAX(MPH)
                                 MISC ---->  # 33 250               # 42  290
================================================================================
NOTES:
# LAST OF SEVERAL OCCURRENCES

COLUMN 17 PEAK WIND IN M.P.H.

PRELIMINARY LOCAL CLIMATOLOGICAL DATA (WS FORM: F-6) , PAGE 2

                                          STATION:  Little Rock Adams Field
                                          MONTH:    APRIL
                                          YEAR:     2017
                                          LATITUDE:   34 43 N
                                          LONGITUDE:  92 14 W

[TEMPERATURE DATA]      [PRECIPITATION DATA]       SYMBOLS USED IN COLUMN 16

AVERAGE MONTHLY: 64.5   TOTAL FOR MONTH:   4.99    1 = FOG OR MIST
DPTR FM NORMAL:   2.8   DPTR FM NORMAL:    0.20    2 = FOG REDUCING VISIBILITY
HIGHEST:    83 ON 28,20 GRTST 24HR  1.71 ON 26-26      TO 1/4 MILE OR LESS
LOWEST:     42 ON  7                               3 = THUNDER
                        SNOW, ICE PELLETS, HAIL    4 = ICE PELLETS
                        TOTAL MONTH:   0.0 INCH    5 = HAIL
                        GRTST 24HR     0.0         6 = FREEZING RAIN OR DRIZZLE
                        GRTST DEPTH:   0           7 = DUSTSTORM OR SANDSTORM:
                                                       VSBY 1/2 MILE OR LESS
                                                   8 = SMOKE OR HAZE
[NO. OF DAYS WITH]      [WEATHER - DAYS WITH]      9 = BLOWING SNOW
                                                   X = TORNADO
MAX 32 OR BELOW:   0    0.01 INCH OR MORE:   8
MAX 90 OR ABOVE:   0    0.10 INCH OR MORE:   6
MIN 32 OR BELOW:   0    0.50 INCH OR MORE:   3
MIN  0 OR BELOW:   0    1.00 INCH OR MORE:   2

[HDD (BASE 65) ]
TOTAL THIS MO.    71    CLEAR  (SCALE 0-3)   6
DPTR FM NORMAL   -70    PTCLDY (SCALE 4-7)  14
TOTAL FM JUL 1  2265    CLOUDY (SCALE 8-10)  8
DPTR FM NORMAL  -764

[CDD (BASE 65) ]
TOTAL THIS MO.    64
DPTR FM NORMAL    14    [PRESSURE DATA]
TOTAL FM JAN 1    97    HIGHEST SLP M ON M
DPTR FM NORMAL    31    LOWEST  SLP 29.44 ON 26

[REMARKS]
