000
CXUS55 KPIH 181200
CF6LLJ

PRELIMINARY LOCAL CLIMATOLOGICAL DATA (WS FORM: F-6)

                                          STATION:   CHALLIS ID
                                          MONTH:     AUGUST
                                          YEAR:      2017
                                          LATITUDE:   44 31 N
                                          LONGITUDE: 114 13 W

  TEMPERATURE IN F:       :PCPN:    SNOW:  WIND      :SUNSHINE: SKY     :PK WND
================================================================================
1   2   3   4   5  6A  6B    7    8   9   10  11  12  13   14  15   16   17  18
                                     12Z  AVG MX 2MIN
DY MAX MIN AVG DEP HDD CDD  WTR  SNW DPTH SPD SPD DIR MIN PSBL S-S WX    SPD DR
================================================================================

 1  92  50  71   1   0   6 0.00    M    M  5.0 18 290   M    M   0        23 290
 2  91  50  71   1   0   6 0.00    M    M  3.2 15 310   M    M   0        20 330
 3  92  50  71   2   0   6 0.00    M    M  3.6 10 320   M    M   0        19 350
 4  93  51  72   3   0   7 0.00    M    M  4.3 15 300   M    M   0        19 300
 5  88  53  71   2   0   6 0.00    M    M  4.6 16  40   M    M   2 8      22  30
 6  84  50  67  -2   0   2 0.00    M    M  3.7 10 310   M    M   2 8      13 310
 7  84  51  68  -1   0   3    T    M    M  4.3 30 330   M    M   1 8      39 330
 8  85  53  69   1   0   4 0.01    M    M  5.8 24 170   M    M   1        32 160
 9  85  49  67  -1   0   2    T    M    M  3.5 18 150   M    M   1        23 140
10  85  47  66  -2   0   1 0.00    M    M  2.2 12 150   M    M   0 8      17 130
11  79  52  66  -2   0   1    T    M    M  4.6 28 310   M    M   1 38     37 300
12  86  44  65  -3   0   0 0.03    M    M  2.7 17 190   M    M   1 3      23 160
13  78  56  67   0   0   2    T    M    M  6.9 31 270   M    M   4        40 270
14  78  53  66  -1   0   1 0.12    M    M  3.4 14 150   M    M   4 1      20 150
15  82  48  65  -2   0   0 0.00    M    M  3.2 20 160   M    M   0        26 170
16  84  46  65  -1   0   0 0.00    M    M  3.6 14 300   M    M   0        17 300
17  85  46  66   0   0   1 0.00    M    M  3.4 14 300   M    M   1        17 310
================================================================================
SM 1451  849         0  48  0.16    M     68.0          M       18
================================================================================
AV 85.4 49.9                               4.0 FASTST   M    M   1    MAX(MPH)
                                 MISC ---->  # 31 270               # 40  270
================================================================================
NOTES:
# LAST OF SEVERAL OCCURRENCES
PRECIPITATION SUSPECT DURING FREEZING/FROZEN EVENTS

COLUMN 17 PEAK WIND IN M.P.H.

PRELIMINARY LOCAL CLIMATOLOGICAL DATA (WS FORM: F-6) , PAGE 2

                                          STATION:  CHALLIS ID
                                          MONTH:    AUGUST
                                          YEAR:     2017
                                          LATITUDE:   44 31 N
                                          LONGITUDE: 114 13 W

[TEMPERATURE DATA]      [PRECIPITATION DATA]       SYMBOLS USED IN COLUMN 16

AVERAGE MONTHLY: 67.7   TOTAL FOR MONTH:   0.16    1 = FOG OR MIST
DPTR FM NORMAL:  -0.5   DPTR FM NORMAL:   -0.30    2 = FOG REDUCING VISIBILITY
HIGHEST:    93 ON  4    GRTST 24HR  0.12 ON 14-14      TO 1/4 MILE OR LESS
LOWEST:     44 ON 12                               3 = THUNDER
                        SNOW, ICE PELLETS, HAIL    4 = ICE PELLETS
                        TOTAL MONTH:    M          5 = HAIL
                        GRTST 24HR    M  ON   M    6 = FREEZING RAIN OR DRIZZLE
                        GRTST DEPTH:  M  ON   M    7 = DUSTSTORM OR SANDSTORM:
                                                       VSBY 1/2 MILE OR LESS
                                                   8 = SMOKE OR HAZE
[NO. OF DAYS WITH]      [WEATHER - DAYS WITH]      9 = BLOWING SNOW
                                                   X = TORNADO
MAX 32 OR BELOW:   0    0.01 INCH OR MORE:   3
MAX 90 OR ABOVE:   4    0.10 INCH OR MORE:   1
MIN 32 OR BELOW:   0    0.50 INCH OR MORE:   0
MIN  0 OR BELOW:   0    1.00 INCH OR MORE:   0

[HDD (BASE 65) ]
TOTAL THIS MO.     0    CLEAR  (SCALE 0-3)  15
DPTR FM NORMAL   -12    PTCLDY (SCALE 4-7)   2
TOTAL FM JUL 1     4    CLOUDY (SCALE 8-10)  0
DPTR FM NORMAL   -29

[CDD (BASE 65) ]
TOTAL THIS MO.    48
DPTR FM NORMAL   -17    [PRESSURE DATA]
TOTAL FM JAN 1   289    HIGHEST SLP M ON M
DPTR FM NORMAL    68    LOWEST  SLP 29.68 ON M

[REMARKS]
