000
CXUS55 KPIH 281200
CF6LLJ

PRELIMINARY LOCAL CLIMATOLOGICAL DATA (WS FORM: F-6)

                                          STATION:   CHALLIS ID
                                          MONTH:     MAY
                                          YEAR:      2015
                                          LATITUDE:   44 31 N
                                          LONGITUDE: 114 13 W

  TEMPERATURE IN F:       :PCPN:    SNOW:  WIND      :SUNSHINE: SKY     :PK WND
================================================================================
1   2   3   4   5  6A  6B    7    8   9   10  11  12  13   14  15   16   17  18
                                     12Z  AVG MX 2MIN
DY MAX MIN AVG DEP HDD CDD  WTR  SNW DPTH SPD SPD DIR MIN PSBL S-S WX    SPD DR
================================================================================

 1  75  33  54   7  11   0 0.00    M    M  4.9 21 240   M    M   0        28 310
 2  75  41  58  10   7   0 0.00    M    M  8.4 31 270   M    M   0        37 270
 3  73  36  55   7  10   0    T    M    M  2.9 17 140   M    M   4        22 150
 4  73  38  56   8   9   0    T    M    M  3.5 23 300   M    M   3        31 310
 5  72  39  56   7   9   0 0.01    M    M  5.8 32 180   M    M   2        39 180
 6  62  34  48  -1  17   0    T    M    M  5.6 22 350   M    M   5        26 350
 7  59  43  51   2  14   0 0.00    M    M 10.8 18  10   M    M   9        26  20
 8  62  40  51   1  14   0 0.00    M    M  9.8 22  30   M    M   3        27  10
 9  63  36  50   0  15   0 0.00    M    M  8.8 22  30   M    M   1        27  30
10  65  32  49  -1  16   0 0.00    M    M  4.4 14  20   M    M   0        20 350
11  64  35  50  -1  15   0    T    M    M  4.7 28 150   M    M   5        33 150
12  58  41  50  -1  15   0    T    M    M  4.8 25 200   M    M   5 13     30 200
13  67  36  52   1  13   0 0.04    M    M  6.1 21 180   M    M   1 13     28 190
14  70  41  56   4   9   0    T    M    M  6.5 23 260   M    M   5        30 120
15  57  46  52   0  13   0 0.30    M    M  5.0 18 240   M    M   9 13     24 250
16  57  43  50  -2  15   0 0.23    M    M  7.0 20  40   M    M   9        24  40
17  57  41  49  -3  16   0 0.00    M    M  7.7 13 360   M    M   7        17  10
18  63  35  49  -4  16   0 0.01    M    M  4.2 17  10   M    M   5        23 120
19  64  45  55   2  10   0 0.02    M    M  9.3 18  20   M    M   6 1      24  10
20  63  48  56   3   9   0    T    M    M  5.3 16 140   M    M  10        22 140
21  65  48  57   3   8   0    T    M    M  5.6 16 160   M    M   7        20 140
22  68  42  55   1  10   0    T    M    M  5.0 17 200   M    M   3 3      23 130
23  69  45  57   3   8   0    T    M    M  7.1 20 340   M    M   6        29  70
24  70  45  58   4   7   0    T    M    M  7.3 16 320   M    M   5        23 340
25  72  40  56   1   9   0    T    M    M  4.9 18 310   M    M   6        24  20
26  72  41  57   2   8   0 0.10    M    M  5.2 21 140   M    M   3 3      28 170
27  65  42  54  -1  11   0 0.23    M    M  4.8 21 310   M    M   6 3      25 310
================================================================================
SM 1780 1086       314   0  0.94    M    165.4          M      125
================================================================================
AV 65.9 40.2                               6.1 FASTST   M    M   5    MAX(MPH)
                                 MISC ---->  # 32 180               # 39  180
================================================================================
NOTES:
# LAST OF SEVERAL OCCURRENCES

COLUMN 17 PEAK WIND IN M.P.H.

PRELIMINARY LOCAL CLIMATOLOGICAL DATA (WS FORM: F-6) , PAGE 2

                                          STATION:  CHALLIS ID
                                          MONTH:    MAY
                                          YEAR:     2015
                                          LATITUDE:   44 31 N
                                          LONGITUDE: 114 13 W

[TEMPERATURE DATA]      [PRECIPITATION DATA]       SYMBOLS USED IN COLUMN 16

AVERAGE MONTHLY: 53.1   TOTAL FOR MONTH:   0.94    1 = FOG OR MIST
DPTR FM NORMAL:   1.6   DPTR FM NORMAL:   -0.31    2 = FOG REDUCING VISIBILITY
HIGHEST:    75 ON  2, 1 GRTST 24HR  0.36 ON 15-16      TO 1/4 MILE OR LESS
LOWEST:     32 ON 10                               3 = THUNDER
                        SNOW, ICE PELLETS, HAIL    4 = ICE PELLETS
                        TOTAL MONTH:    M          5 = HAIL
                        GRTST 24HR    M  ON   M    6 = FREEZING RAIN OR DRIZZLE
                        GRTST DEPTH:  M  ON   M    7 = DUSTSTORM OR SANDSTORM:
                                                       VSBY 1/2 MILE OR LESS
                                                   8 = SMOKE OR HAZE
[NO. OF DAYS WITH]      [WEATHER - DAYS WITH]      9 = BLOWING SNOW
                                                   X = TORNADO
MAX 32 OR BELOW:   0    0.01 INCH OR MORE:   8
MAX 90 OR ABOVE:   0    0.10 INCH OR MORE:   4
MIN 32 OR BELOW:   1    0.50 INCH OR MORE:   0
MIN  0 OR BELOW:   0    1.00 INCH OR MORE:   0

[HDD (BASE 65) ]
TOTAL THIS MO.   314    CLEAR  (SCALE 0-3)   8
DPTR FM NORMAL   -53    PTCLDY (SCALE 4-7)  15
TOTAL FM JUL 1  6776    CLOUDY (SCALE 8-10)  4
DPTR FM NORMAL -1182

[CDD (BASE 65) ]
TOTAL THIS MO.     0
DPTR FM NORMAL     0    [PRESSURE DATA]
TOTAL FM JAN 1     0    HIGHEST SLP M ON M
DPTR FM NORMAL     0    LOWEST  SLP 29.55 ON 12

[REMARKS]
