000
CXUS53 KMKX 200657
CF6LNR
PRELIMINARY LOCAL CLIMATOLOGICAL DATA (WS FORM: F-6)

                                          STATION:   LONE ROCK WI
                                          MONTH:     OCTOBER
                                          YEAR:      2014
                                          LATITUDE:   43 12 N
                                          LONGITUDE:  90 11 W

  TEMPERATURE IN F:       :PCPN:    SNOW:  WIND      :SUNSHINE: SKY     :PK WND
================================================================================
1   2   3   4   5  6A  6B    7    8   9   10  11  12  13   14  15   16   17  18
                                     12Z  AVG MX 2MIN
DY MAX MIN AVG DEP HDD CDD  WTR  SNW DPTH SPD SPD DIR MIN PSBL S-S WX    SPD DR
================================================================================

 1  75  49  62   7   3   0    T  0.0    0  8.3 16 120   M    M   7        21 100
 2  74  62  68  14   0   3 0.21  0.0    0  6.5 22 330   M    M   9 8      29 320
 3  62  44  53  -1  12   0 0.09    M    0 17.1 32 290   M    M  10        46 280
 4  53  35  44  -9  21   0 0.09  0.0    0 10.6 24 280   M    M   7        32 280
 5  57  32  45  -8  20   0    T    M    0  5.1 18 280   M    M   5        25 280
 6  61  44  53   0  12   0 0.00    M    M  5.5 20 280   M    M   5        26 280
 7  69  43  56   4   9   0    T    M    M  6.9 23 280   M    M   4        29 290
 8  70  38  54   2  11   0 0.00    M    M  9.1 30 280   M    M   0        39 280
 9  63  37  50  -2  15   0 0.00  0.0    0  3.9 14 290   M    M   0        17 280
10  63  33  48  -3  17   0 0.00  0.0    0  2.8  9 360   M    M   0 8      13  80
11  64  28  46  -5  19   0 0.00  0.0    0  1.5  9 230   M    M   0 18     15 220
12  66  35  51   1  14   0    T  0.0    0  8.3 18 160   M    M   4 8      25 160
13  62  54  58   8   7   0 1.16  0.0    0  7.0 23  30   M    M  10 18     30  20
14  60  54  57   7   8   0 0.54    M    M 14.4 31 360   M    M  10        45 360
15  62  49  56   7   9   0 0.00  0.0    M  8.2 20 350   M    M   9        28 350
16  69  46  58   9   7   0 0.00    M    M  3.1 12 200   M    M   4 128    15 220
17  60  50  55   6  10   0 0.00    M    M  9.4 22 290   M    M   7        32 290
18  57  34  46  -2  19   0    T    M    M  6.9 21 340   M    M   4        28 350
19  63  30  47  -1  18   0    T    M    M  6.0 22 200   M    M   2 128    28 200
================================================================================
SM 1210  797       231   3  2.09     0.0 140.6          M       97
================================================================================
AV 63.7 41.9                               7.4 FASTST   M    M   5    MAX(MPH)
                                 MISC ---->  # 32 290               # 46  280
================================================================================
NOTES:
# LAST OF SEVERAL OCCURRENCES

COLUMN 17 PEAK WIND IN M.P.H.

PRELIMINARY LOCAL CLIMATOLOGICAL DATA (WS FORM: F-6) , PAGE 2

                                          STATION:  LONE ROCK WI
                                          MONTH:    OCTOBER
                                          YEAR:     2014
                                          LATITUDE:   43 12 N
                                          LONGITUDE:  90 11 W

[TEMPERATURE DATA]      [PRECIPITATION DATA]       SYMBOLS USED IN COLUMN 16

AVERAGE MONTHLY: 52.8   TOTAL FOR MONTH:   2.09    1 = FOG OR MIST
DPTR FM NORMAL:   1.6   DPTR FM NORMAL:    0.59    2 = FOG REDUCING VISIBILITY
HIGHEST:    75 ON  1    GRTST 24HR  1.16 ON 13-13      TO 1/4 MILE OR LESS
LOWEST:     28 ON 11                               3 = THUNDER
                        SNOW, ICE PELLETS, HAIL    4 = ICE PELLETS
                        TOTAL MONTH:   0.0 INCH    5 = HAIL
                        GRTST 24HR     0.0         6 = FREEZING RAIN OR DRIZZLE
                        GRTST DEPTH:   0           7 = DUSTSTORM OR SANDSTORM:
                                                       VSBY 1/2 MILE OR LESS
                                                   8 = SMOKE OR HAZE
[NO. OF DAYS WITH]      [WEATHER - DAYS WITH]      9 = BLOWING SNOW
                                                   X = TORNADO
MAX 32 OR BELOW:   0    0.01 INCH OR MORE:   5
MAX 90 OR ABOVE:   0    0.10 INCH OR MORE:   3
MIN 32 OR BELOW:   3    0.50 INCH OR MORE:   2
MIN  0 OR BELOW:   0    1.00 INCH OR MORE:   1

[HDD (BASE 65) ]
TOTAL THIS MO.   231    CLEAR  (SCALE 0-3)   5
DPTR FM NORMAL   -37    PTCLDY (SCALE 4-7)   9
TOTAL FM JUL 1   350    CLOUDY (SCALE 8-10)  5
DPTR FM NORMAL  -107

[CDD (BASE 65) ]
TOTAL THIS MO.     3
DPTR FM NORMAL     1    [PRESSURE DATA]
TOTAL FM JAN 1   864    HIGHEST SLP M ON M
DPTR FM NORMAL   297    LOWEST  SLP 29.44 ON M

[REMARKS]
