000
CXUS53 KMKX 250702
CF6LNR
PRELIMINARY LOCAL CLIMATOLOGICAL DATA (WS FORM: F-6)

                                          STATION:   LONE ROCK WI
                                          MONTH:     MARCH
                                          YEAR:      2017
                                          LATITUDE:   43 12 N
                                          LONGITUDE:  90 11 W

  TEMPERATURE IN F:       :PCPN:    SNOW:  WIND      :SUNSHINE: SKY     :PK WND
================================================================================
1   2   3   4   5  6A  6B    7    8   9   10  11  12  13   14  15   16   17  18
                                     12Z  AVG MX 2MIN
DY MAX MIN AVG DEP HDD CDD  WTR  SNW DPTH SPD SPD DIR MIN PSBL S-S WX    SPD DR
================================================================================

 1  41  28  35   7  30   0 0.30    M    0  9.6 21 300   M    M   8 18     28 310
 2  32  22  27  -1  38   0    T    M    0 10.8 17 290   M    M   4 1      22 270
 3  32  14  23  -6  42   0    T    M    0  4.9 13 180   M    M   3 1      15 270
 4  44  26  35   6  30   0    T    M    0 13.9 22 110   M    M   4 1      29 110
 5  60  31  46  16  19   0    T    M    M  9.6 23 180   M    M   7        29 190
 6  64  49  57  27   8   0 0.46    M    M 15.1 35 280   M    M   9 138    42 270
 7  57  36  47  17  18   0    T    M    0 16.8 36 280   M    M   4        45 280
 8  43  31  37   6  28   0 0.00  0.0    0 23.0 40 280   M    M   2 8      54 260
 9  41  28  35   4  30   0 0.00  0.0    0  6.8 15 340   M    M   9        22 300
10  28  17  23  -9  42   0 0.00  0.0    0 11.7 21 320   M    M   0        29 330
11  28  13  21 -11  44   0 0.00  0.0    0  7.7 15 340   M    M   5        19 340
12  31  11  21 -12  44   0 0.08    M    0  6.2 16 110   M    M   4 128    21 110
13  27  16  22 -11  43   0 0.01    M    0  9.3 17  20   M    M  10 128    24  30
14  27  11  19 -15  46   0 0.00    M    M  8.1 17  40   M    M   1        23 360
15  34   5  20 -14  45   0 0.00    M    M  6.8 15 280   M    M   0 8      19 300
16  41  10  26  -8  39   0 0.02    M    M  4.6 14 200   M    M   4 18     17 200
17  57  34  46  11  19   0 0.07    M    0 11.9 29 280   M    M   8 18     39 290
18  47  27  37   2  28   0    T    M    M  9.8 21 300   M    M   6        28 300
19  55  23  39   3  26   0 0.00  0.0    0  7.6 22 170   M    M   1 1      29 160
20  64  31  48  12  17   0 0.00  0.0    0  5.4 20 350   M    M   1 18     27  10
21  50  28  39   2  26   0 0.00  0.0    0  8.9 20 300   M    M   0 1      24 310
22  42  19  31  -6  34   0 0.00  0.0    0  8.0 16 130   M    M   1 8      19 100
23  46  31  39   2  26   0 0.10    M    0 11.0 25 130   M    M   9 138    34 130
24  60  37  49  11  16   0 0.04    M    0  7.5 18  70   M    M   7 18     23  70
================================================================================
SM 1051  578       738   0  1.08     0.0 235.0          M      107
================================================================================
AV 43.8 24.1                               9.8 FASTST   M    M   4    MAX(MPH)
                                 MISC ---->  # 40 280               # 54  260
================================================================================
NOTES:
# LAST OF SEVERAL OCCURRENCES

COLUMN 17 PEAK WIND IN M.P.H.

PRELIMINARY LOCAL CLIMATOLOGICAL DATA (WS FORM: F-6) , PAGE 2

                                          STATION:  LONE ROCK WI
                                          MONTH:    MARCH
                                          YEAR:     2017
                                          LATITUDE:   43 12 N
                                          LONGITUDE:  90 11 W

[TEMPERATURE DATA]      [PRECIPITATION DATA]       SYMBOLS USED IN COLUMN 16

AVERAGE MONTHLY: 33.9   TOTAL FOR MONTH:   1.08    1 = FOG OR MIST
DPTR FM NORMAL:   1.1   DPTR FM NORMAL:   -0.25    2 = FOG REDUCING VISIBILITY
HIGHEST:    64 ON 20, 6 GRTST 24HR  0.46 ON  6- 6      TO 1/4 MILE OR LESS
LOWEST:      5 ON 15                               3 = THUNDER
                        SNOW, ICE PELLETS, HAIL    4 = ICE PELLETS
                        TOTAL MONTH:   0.0 INCH    5 = HAIL
                        GRTST 24HR     0.0         6 = FREEZING RAIN OR DRIZZLE
                        GRTST DEPTH:   0           7 = DUSTSTORM OR SANDSTORM:
                                                       VSBY 1/2 MILE OR LESS
                                                   8 = SMOKE OR HAZE
[NO. OF DAYS WITH]      [WEATHER - DAYS WITH]      9 = BLOWING SNOW
                                                   X = TORNADO
MAX 32 OR BELOW:   7    0.01 INCH OR MORE:   8
MAX 90 OR ABOVE:   0    0.10 INCH OR MORE:   3
MIN 32 OR BELOW:  20    0.50 INCH OR MORE:   0
MIN  0 OR BELOW:   0    1.00 INCH OR MORE:   0

[HDD (BASE 65) ]
TOTAL THIS MO.   738    CLEAR  (SCALE 0-3)   9
DPTR FM NORMAL   -32    PTCLDY (SCALE 4-7)  10
TOTAL FM JUL 1  5265    CLOUDY (SCALE 8-10)  5
DPTR FM NORMAL -1047

[CDD (BASE 65) ]
TOTAL THIS MO.     0
DPTR FM NORMAL     0    [PRESSURE DATA]
TOTAL FM JAN 1     0    HIGHEST SLP M ON M
DPTR FM NORMAL     0    LOWEST  SLP 29.28 ON  6

[REMARKS]
