000
CXUS53 KLMK 190800
CF6LOU
PRELIMINARY LOCAL CLIMATOLOGICAL DATA (WS FORM: F-6)

                                          STATION:   LOUISVILLE BOWMAN KY
                                          MONTH:     FEBRUARY
                                          YEAR:      2018
                                          LATITUDE:   38 13 N
                                          LONGITUDE:  85 40 W

  TEMPERATURE IN F:       :PCPN:    SNOW:  WIND      :SUNSHINE: SKY     :PK WND
================================================================================
1   2   3   4   5  6A  6B    7    8   9   10  11  12  13   14  15   16   17  18
                                     12Z  AVG MX 2MIN
DY MAX MIN AVG DEP HDD CDD  WTR  SNW DPTH SPD SPD DIR MIN PSBL S-S WX    SPD DR
================================================================================

 1  50  22  36   1  29   0 0.10    M    M 10.5 18 310   M    M   5 18     28 310
 2  26  14  20 -15  45   0 0.00    M    M  7.3 16 310   M    M   0        22 320
 3  41  16  29  -7  36   0 0.00    M    M  7.1 14 190   M    M   7        19 190
 4  43  24  34  -2  31   0 0.16    M    M  9.4 24 210   M    M  10 18     36 300
 5  31  20  26 -10  39   0 0.00    M    M  5.2 13 130   M    M   6        20 320
 6  37  30  34  -2  31   0 0.08    M    M  4.7 14  70   M    M  10 16     17  60
 7  33  25  29  -7  36   0 0.58    M    M  7.1 14 330   M    M  10 168    22 340
 8  36  18  27  -9  38   0 0.00    M    M  2.5 12 210   M    M   1 1      17 260
 9  59  28  44   7  21   0 0.00    M    M  5.3 16 200   M    M   1        22 210
10  49  38  44   7  21   0 0.11    M    M  4.0 10 330   M    M  10 1      17 350
11  41  30  36  -1  29   0 0.59    M    M  6.5 16 280   M    M  10 16     20 280
12  45  24  35  -2  30   0    T    M    M  8.9 16  20   M    M   2 16     24  40
13  49  27  38   0  27   0 0.00    M    M  6.2 12 180   M    M   4        17  50
14  62  42  52  14  13   0 0.53    M    M  8.1 18 200   M    M  10 1      26 200
15  73  61  67  29   0   2 0.02    M    M 13.9 25 220   M    M   8 1      38 230
16  70  35  53  15  12   0 0.89    M    M  7.4 20 350   M    M  10 18     32 320
17  40  32  36  -3  29   0 0.28    M    M  4.2 18 280   M    M   8 1      27 300
18  53  28  41   2  24   0 0.00    M    M  5.2 14 140   M    M   2 1      19 130
================================================================================
SM  838  514       491   2  3.34    M    123.5          M      114
================================================================================
AV 46.6 28.6                               6.9 FASTST   M    M   6    MAX(MPH)
                                 MISC ---->  # 25 220               # 38  230
================================================================================
NOTES:
# LAST OF SEVERAL OCCURRENCES

COLUMN 17 PEAK WIND IN M.P.H.

PRELIMINARY LOCAL CLIMATOLOGICAL DATA (WS FORM: F-6) , PAGE 2

                                          STATION:  LOUISVILLE BOWMAN KY
                                          MONTH:    FEBRUARY
                                          YEAR:     2018
                                          LATITUDE:   38 13 N
                                          LONGITUDE:  85 40 W

[TEMPERATURE DATA]      [PRECIPITATION DATA]       SYMBOLS USED IN COLUMN 16

AVERAGE MONTHLY: 37.6   TOTAL FOR MONTH:   3.34    1 = FOG OR MIST
DPTR FM NORMAL:   0.7   DPTR FM NORMAL:    1.29    2 = FOG REDUCING VISIBILITY
HIGHEST:    73 ON 15    GRTST 24HR  0.89 ON 16-16      TO 1/4 MILE OR LESS
LOWEST:     14 ON  2                               3 = THUNDER
                        SNOW, ICE PELLETS, HAIL    4 = ICE PELLETS
                        TOTAL MONTH:    M          5 = HAIL
                        GRTST 24HR    M  ON   M    6 = FREEZING RAIN OR DRIZZLE
                        GRTST DEPTH:  M  ON   M    7 = DUSTSTORM OR SANDSTORM:
                                                       VSBY 1/2 MILE OR LESS
                                                   8 = SMOKE OR HAZE
[NO. OF DAYS WITH]      [WEATHER - DAYS WITH]      9 = BLOWING SNOW
                                                   X = TORNADO
MAX 32 OR BELOW:   2    0.01 INCH OR MORE:  10
MAX 90 OR ABOVE:   0    0.10 INCH OR MORE:   8
MIN 32 OR BELOW:  14    0.50 INCH OR MORE:   4
MIN  0 OR BELOW:   0    1.00 INCH OR MORE:   0

[HDD (BASE 65) ]
TOTAL THIS MO.   491    CLEAR  (SCALE 0-3)   5
DPTR FM NORMAL   -15    PTCLDY (SCALE 4-7)   5
TOTAL FM JUL 1  3165    CLOUDY (SCALE 8-10)  8
DPTR FM NORMAL    50

[CDD (BASE 65) ]
TOTAL THIS MO.     2
DPTR FM NORMAL     2    [PRESSURE DATA]
TOTAL FM JAN 1     2    HIGHEST SLP M ON M
DPTR FM NORMAL     2    LOWEST  SLP 29.77 ON 16

[REMARKS]
