000
CXUS54 KCRP 221300
CF6LRD
PRELIMINARY LOCAL CLIMATOLOGICAL DATA (WS FORM: F-6)

                                          STATION:   LAREDO
                                          MONTH:     FEBRUARY
                                          YEAR:      2017
                                          LATITUDE:   27 31 N
                                          LONGITUDE:  99 28 W

  TEMPERATURE IN F:       :PCPN:    SNOW:  WIND      :SUNSHINE: SKY     :PK WND
================================================================================
1   2   3   4   5  6A  6B    7    8   9   10  11  12  13   14  15   16   17  18
                                     12Z  AVG MX 2MIN
DY MAX MIN AVG DEP HDD CDD  WTR  SNW DPTH SPD SPD DIR MIN PSBL S-S WX    SPD DR
================================================================================

 1  88  54  71  13   0   6 0.00  0.0    0  5.9 13 140   M    M   0         M  M
 2  77  59  68   9   0   3 0.00  0.0    0  9.7 16  30   M    M   5 1       M  M
 3  61  54  58  -1   7   0    T  0.0    0  9.3 14  20   M    M  10         M  M
 4  58  48  53  -6  12   0    T    M    0  6.6  9  80   M    M  10         M  M
 5  74  56  65   6   0   0 0.00  0.0    0  2.5  9 130   M    M   8 1       M  M
 6  87  68  78  19   0  13 0.00  0.0    0  9.3 13 130   M    M   6         M  M
 7  92  66  79  19   0  14 0.00  0.0    0  6.0 10 360   M    M   4 1       M  M
 8  94  53  74  14   0   9 0.00  0.0    0  8.6 18  30   M    M   0        24  30
 9  81  51  66   6   0   1 0.00  0.0    0 10.1 17  30   M    M   0        17 120
10  81  58  70  10   0   5 0.00  0.0    0  8.3 17 170   M    M   5        23 170
11  93  66  80  20   0  15 0.00  0.0    0  9.4 15 140   M    M   3        22 140
12  91  66  79  18   0  14 0.00  0.0    0 12.5 17 150   M    M   4        22 110
13  89  71  80  19   0  15    T  0.0    0 15.9 23 140   M    M   6        33 140
14  72  51  62   1   3   0 0.03  0.0    0 17.8 23 340   M    M   4        32 330
15  69  47  58  -3   7   0 0.00  0.0    0 12.2 20 310   M    M   0        25 330
16  74  41  58  -3   7   0    T  0.0    0  5.2 16 120   M    M   1        16 150
17  85  53  69   7   0   4 0.01  0.0    0  7.4 14 230   M    M   1        17 250
18  94  57  76  14   0  11 0.00  0.0    0  9.6 21 130   M    M   0        30 120
19  89  63  76  14   0  11 0.84  0.0    0  9.8 15 140   M    M   4 3      16  90
20  82  60  71   9   0   6 0.08  0.0    0  8.5 20 350   M    M   1 3      22 350
21  89  53  71   8   0   6 0.00  0.0    0  8.7 18 300   M    M   0        27 300
================================================================================
SM 1720 1195        36 133  0.96     0.0 193.3          M       72
================================================================================
AV 81.9 56.9                               9.2 FASTST   M    M   3    MAX(MPH)
                                 MISC ---->  # 23 140                 33    M
================================================================================
NOTES:
# LAST OF SEVERAL OCCURRENCES

COLUMN 17 PEAK WIND IN M.P.H.

PRELIMINARY LOCAL CLIMATOLOGICAL DATA (WS FORM: F-6) , PAGE 2

                                          STATION:  LAREDO
                                          MONTH:    FEBRUARY
                                          YEAR:     2017
                                          LATITUDE:   27 31 N
                                          LONGITUDE:  99 28 W

[TEMPERATURE DATA]      [PRECIPITATION DATA]       SYMBOLS USED IN COLUMN 16

AVERAGE MONTHLY: 69.4   TOTAL FOR MONTH:   0.96    1 = FOG OR MIST
DPTR FM NORMAL:   9.0   DPTR FM NORMAL:    0.27    2 = FOG REDUCING VISIBILITY
HIGHEST:    94 ON 18, 8 GRTST 24HR  0.92 ON 19-20      TO 1/4 MILE OR LESS
LOWEST:     41 ON 16                               3 = THUNDER
                        SNOW, ICE PELLETS, HAIL    4 = ICE PELLETS
                        TOTAL MONTH:   0.0 INCH    5 = HAIL
                        GRTST 24HR     0.0         6 = FREEZING RAIN OR DRIZZLE
                        GRTST DEPTH:   0           7 = DUSTSTORM OR SANDSTORM:
                                                       VSBY 1/2 MILE OR LESS
                                                   8 = SMOKE OR HAZE
[NO. OF DAYS WITH]      [WEATHER - DAYS WITH]      9 = BLOWING SNOW
                                                   X = TORNADO
MAX 32 OR BELOW:   0    0.01 INCH OR MORE:   4
MAX 90 OR ABOVE:   5    0.10 INCH OR MORE:   1
MIN 32 OR BELOW:   0    0.50 INCH OR MORE:   1
MIN  0 OR BELOW:   0    1.00 INCH OR MORE:   0

[HDD (BASE 65) ]
TOTAL THIS MO.    36    CLEAR  (SCALE 0-3)  10
DPTR FM NORMAL   -98    PTCLDY (SCALE 4-7)   8
TOTAL FM JUL 1   378    CLOUDY (SCALE 8-10)  3
DPTR FM NORMAL  -435

[CDD (BASE 65) ]
TOTAL THIS MO.   133
DPTR FM NORMAL    95    [PRESSURE DATA]
TOTAL FM JAN 1   235    HIGHEST SLP M ON M
DPTR FM NORMAL   169    LOWEST  SLP M ON M

[REMARKS]
