000
CXUS53 KARX 260930
CF6LSE
PRELIMINARY LOCAL CLIMATOLOGICAL DATA (WS FORM: F-6)

                                          STATION:   LA CROSSE WI
                                          MONTH:     DECEMBER
                                          YEAR:      2014
                                          LATITUDE:   43 52 N
                                          LONGITUDE:  91 15 W

  TEMPERATURE IN F:       :PCPN:    SNOW:  WIND      :SUNSHINE: SKY     :PK WND
================================================================================
1   2   3   4   5  6A  6B    7    8   9   10  11  12  13   14  15   16   17  18
                                     12Z  AVG MX 2MIN
DY MAX MIN AVG DEP HDD CDD  WTR  SNW DPTH SPD SPD DIR MIN PSBL S-S WX    SPD DR
================================================================================

 1  14   6  10 -17  55   0 0.00  0.0    T  7.3 14 340   M    M   0        17 320
 2  30   7  19  -8  46   0 0.00  0.0    T 10.0 22 180   M    M   7        26 180
 3  29  14  22  -4  43   0 0.00  0.0    T  8.5 20 290   M    M   0        24 290
 4  34  15  25  -1  40   0 0.00  0.0    T  6.7 16 150   M    M   6        21 160
 5  36  31  34   9  31   0 0.00  0.0    T  5.4  9 360   M    M  10 18     12 350
 6  38  21  30   5  35   0 0.00  0.0    T  4.4 14 360   M    M   1 18     18 360
 7  38  22  30   6  35   0 0.14  0.1    T  9.9 22 150   M    M   4 16     25 150
 8  37  30  34  10  31   0    T    T    T 11.2 20 320   M    M  10 1      24 320
 9  32  24  28   4  37   0 0.00    T    0  7.8 16 340   M    M  10        20 330
10  30  26  28   5  37   0 0.00  0.0    T  1.9  9 100   M    M  10        12  90
11  30  27  29   6  36   0 0.00  0.0    T  4.6 10 200   M    M  10 1      13 230
12  38  29  34  12  31   0    T  0.0    T  6.8 14 210   M    M  10 16     17 220
13  45  34  40  18  25   0 0.00  0.0    0  7.4 12 160   M    M   9 12     14 160
14  48  43  46  24  19   0 0.00  0.0    0  6.7 14 160   M    M  10 12     17 160
15  49  42  46  25  19   0 0.31  0.0    0  4.4 13 150   M    M  10 12     16 160
16  44  24  34  13  31   0 0.04    T    0 16.2 25 310   M    M  10 1      33 320
17  25  17  21   0  44   0    T    T    0  9.5 18 310   M    M   8        22 310
18  26  17  22   2  43   0    T    T    0  2.0  7 170   M    M  10         9 350
19  31  23  27   7  38   0 0.00  0.0    0  4.7 12 180   M    M  10        13 180
20  33  30  32  12  33   0    T    T    0  6.8 10 160   M    M  10 8      13 170
21  39  33  36  16  29   0 0.01  0.0    0 12.4 23 170   M    M  10 18     31 170
22  41  36  39  19  26   0 0.07  0.0    0 10.2 16 150   M    M  10 18     21 150
23  38  33  36  17  29   0 0.37  1.2    0  6.8 12 320   M    M  10 1      16  60
24  38  34  36  17  29   0    T    T    1  8.6 15 330   M    M  10        19 320
25  42  29  36  17  29   0 0.00  0.0    0  7.2 21 220   M    M   6        23 210
================================================================================
SM  885  647       851   0  0.94     1.3 187.4          M      201
================================================================================
AV 35.4 25.9                               7.5 FASTST   M    M   8    MAX(MPH)
                                 MISC ---->  # 25 310               # 33  320
================================================================================
NOTES:
# LAST OF SEVERAL OCCURRENCES

COLUMN 17 PEAK WIND IN M.P.H.

PRELIMINARY LOCAL CLIMATOLOGICAL DATA (WS FORM: F-6) , PAGE 2

                                          STATION:  LA CROSSE WI
                                          MONTH:    DECEMBER
                                          YEAR:     2014
                                          LATITUDE:   43 52 N
                                          LONGITUDE:  91 15 W

[TEMPERATURE DATA]      [PRECIPITATION DATA]       SYMBOLS USED IN COLUMN 16

AVERAGE MONTHLY: 30.6   TOTAL FOR MONTH:   0.94    1 = FOG OR MIST
DPTR FM NORMAL:   8.2   DPTR FM NORMAL:   -0.21    2 = FOG REDUCING VISIBILITY
HIGHEST:    49 ON 15    GRTST 24HR  0.45 ON 22-23      TO 1/4 MILE OR LESS
LOWEST:      6 ON  1                               3 = THUNDER
                        SNOW, ICE PELLETS, HAIL    4 = ICE PELLETS
                        TOTAL MONTH:   1.3 INCHES  5 = HAIL
                        GRTST 24HR   1.2 ON   M    6 = FREEZING RAIN OR DRIZZLE
                        GRTST DEPTH:   1 ON 24     7 = DUSTSTORM OR SANDSTORM:
                                                       VSBY 1/2 MILE OR LESS
                                                   8 = SMOKE OR HAZE
[NO. OF DAYS WITH]      [WEATHER - DAYS WITH]      9 = BLOWING SNOW
                                                   X = TORNADO
MAX 32 OR BELOW:   9    0.01 INCH OR MORE:   6
MAX 90 OR ABOVE:   0    0.10 INCH OR MORE:   3
MIN 32 OR BELOW:  18    0.50 INCH OR MORE:   0
MIN  0 OR BELOW:   0    1.00 INCH OR MORE:   0

[HDD (BASE 65) ]
TOTAL THIS MO.   851    CLEAR  (SCALE 0-3)   3
DPTR FM NORMAL  -213    PTCLDY (SCALE 4-7)   4
TOTAL FM JUL 1  2451    CLOUDY (SCALE 8-10) 18
DPTR FM NORMAL  -113

[CDD (BASE 65) ]
TOTAL THIS MO.     0
DPTR FM NORMAL     0    [PRESSURE DATA]
TOTAL FM JAN 1   822    HIGHEST SLP M ON M
DPTR FM NORMAL    40    LOWEST  SLP 29.55 ON 23

[REMARKS]
