000
CXUS53 KARX 240930
CF6LSE
PRELIMINARY LOCAL CLIMATOLOGICAL DATA (WS FORM: F-6)

                                          STATION:   LA CROSSE WI
                                          MONTH:     SEPTEMBER
                                          YEAR:      2016
                                          LATITUDE:   43 52 N
                                          LONGITUDE:  91 15 W

  TEMPERATURE IN F:       :PCPN:    SNOW:  WIND      :SUNSHINE: SKY     :PK WND
================================================================================
1   2   3   4   5  6A  6B    7    8   9   10  11  12  13   14  15   16   17  18
                                     12Z  AVG MX 2MIN
DY MAX MIN AVG DEP HDD CDD  WTR  SNW DPTH SPD SPD DIR MIN PSBL S-S WX    SPD DR
================================================================================

 1  77  55  66  -2   0   1 0.00  0.0    0  5.1 14  50   M    M   2        18  30
 2  78  52  65  -3   0   0 0.00  0.0    0  4.7 13 160   M    M   1 12     15 160
 3  79  58  69   1   0   4 0.00  0.0    0  8.1 17 180   M    M   2        22 180
 4  83  58  71   3   0   6 0.00  0.0    0 11.1 22 180   M    M   1        28 170
 5  84  69  77  10   0  12 0.50  0.0    0 12.4 26 200   M    M   3 13     33 190
 6  87  71  79  12   0  14 1.42  0.0    0  9.2 30 290   M    M   6 13     37 300
 7  77  69  73   7   0   8 0.79  0.0    0  5.6 18 220   M    M   7 13     22 230
 8  81  62  72   6   0   7 0.00  0.0    0  6.3 15 340   M    M   4 1      19 310
 9  72  59  66   0   0   1 1.76  0.0    0  7.8 26 320   M    M   5 13     32 310
10  73  56  65   0   0   0 0.15  0.0    0 10.1 21 300   M    M   6 1      27 290
11  78  53  66   1   0   1 0.00  0.0    0  9.6 21 220   M    M   0        28 210
12  82  60  71   7   0   6    T  0.0    0 11.7 22 170   M    M   2        29 170
13  73  56  65   1   0   0 0.21  0.0    0  8.4 16 320   M    M   7 13     20 340
14  74  54  64   0   1   0 0.01  0.0    0  3.7  9 330   M    M   1        12 320
15  80  55  68   5   0   3 0.53  0.0    0  7.7 18 130   M    M   2 13     24 180
16  76  66  71   8   0   6 0.25  0.0    0  6.9 21 130   M    M   6 1      28 140
17  74  59  67   5   0   2 0.00  0.0    0  7.0 20 290   M    M   4        24 290
18  83  54  69   7   0   4 0.00  0.0    0 10.2 17 170   M    M   0 1      21 180
19  81  61  71  10   0   6    T  0.0    0  7.8 18 330   M    M   3 123    23 330
20  84  59  72  11   0   7    T  0.0    0  6.4 16 170   M    M   6 12     23 160
21  78  64  71  11   0   6 3.17  0.0    0 11.9 31 170   M    M   7 13     36 170
22  79  66  73  13   0   8 1.53  0.0    0  4.3 20 170   M    M   5 13     24 170
23  70  63  67   7   0   2    T  0.0    0  5.9 15  90   M    M  10 1      19 100
================================================================================
SM 1803 1379         1 104 10.32     0.0 181.9          M       90
================================================================================
AV 78.4 60.0                               7.9 FASTST   M    M   4    MAX(MPH)
                                 MISC ---->  # 31 170               # 37  300
================================================================================
NOTES:
# LAST OF SEVERAL OCCURRENCES

COLUMN 17 PEAK WIND IN M.P.H.

PRELIMINARY LOCAL CLIMATOLOGICAL DATA (WS FORM: F-6) , PAGE 2

                                          STATION:  LA CROSSE WI
                                          MONTH:    SEPTEMBER
                                          YEAR:     2016
                                          LATITUDE:   43 52 N
                                          LONGITUDE:  91 15 W

[TEMPERATURE DATA]      [PRECIPITATION DATA]       SYMBOLS USED IN COLUMN 16

AVERAGE MONTHLY: 69.2   TOTAL FOR MONTH:  10.32    1 = FOG OR MIST
DPTR FM NORMAL:   4.9   DPTR FM NORMAL:    7.50    2 = FOG REDUCING VISIBILITY
HIGHEST:    87 ON  6    GRTST 24HR  3.61 ON 21-22      TO 1/4 MILE OR LESS
LOWEST:     52 ON  2                               3 = THUNDER
                        SNOW, ICE PELLETS, HAIL    4 = ICE PELLETS
                        TOTAL MONTH:   0.0 INCH    5 = HAIL
                        GRTST 24HR     0.0         6 = FREEZING RAIN OR DRIZZLE
                        GRTST DEPTH:   0           7 = DUSTSTORM OR SANDSTORM:
                                                       VSBY 1/2 MILE OR LESS
                                                   8 = SMOKE OR HAZE
[NO. OF DAYS WITH]      [WEATHER - DAYS WITH]      9 = BLOWING SNOW
                                                   X = TORNADO
MAX 32 OR BELOW:   0    0.01 INCH OR MORE:  11
MAX 90 OR ABOVE:   0    0.10 INCH OR MORE:  10
MIN 32 OR BELOW:   0    0.50 INCH OR MORE:   7
MIN  0 OR BELOW:   0    1.00 INCH OR MORE:   4

[HDD (BASE 65) ]
TOTAL THIS MO.     1    CLEAR  (SCALE 0-3)  11
DPTR FM NORMAL   -81    PTCLDY (SCALE 4-7)  11
TOTAL FM JUL 1     1    CLOUDY (SCALE 8-10)  1
DPTR FM NORMAL  -101

[CDD (BASE 65) ]
TOTAL THIS MO.   104
DPTR FM NORMAL    37    [PRESSURE DATA]
TOTAL FM JAN 1  1013    HIGHEST SLP M ON M
DPTR FM NORMAL   246    LOWEST  SLP 29.79 ON  8

[REMARKS]
