000
CXUS54 KHGX 261437
CF6LVJ
PRELIMINARY LOCAL CLIMATOLOGICAL DATA (WS FORM: F-6)

                                          STATION:   HOUSTON/CLOVER_FIELD
                                          MONTH:     DECEMBER
                                          YEAR:      2014
                                          LATITUDE:   29 31 N
                                          LONGITUDE:  95 14 W

  TEMPERATURE IN F:       :PCPN:    SNOW:  WIND      :SUNSHINE: SKY     :PK WND
================================================================================
1   2   3   4   5  6A  6B    7    8   9   10  11  12  13   14  15   16   17  18
                                     12Z  AVG MX 2MIN
DY MAX MIN AVG DEP HDD CDD  WTR  SNW DPTH SPD SPD DIR MIN PSBL S-S WX    SPD DR
================================================================================

 1  70  48  59   1   6   0 0.27  0.0    0  6.3 17 320   M    M   9 12     23 360
 2  57  45  51  -7  14   0 0.02  0.0    0  7.7 16  40   M    M  10 1      23  60
 3  67  54  61   4   4   0 0.00  0.0    0  6.0 13  60   M    M   7 18     16  70
 4  68  58  63   6   2   0 0.08  0.0    0  8.0 12 100   M    M   9 18     17  90
 5  80  65  73  16   0   8 0.47  0.0    0  7.9 20 170   M    M   9 12     26 170
 6  74  62  68  11   0   3 0.01  0.0    0  7.1 16  50   M    M  10 18     23  50
 7  62  57  60   4   5   0 0.00  0.0    0 10.1 16  70   M    M  10        24  80
 8  68  47  58   2   7   0 0.00  0.0    0  8.0 13  40   M    M   3 18     19  60
 9  70  45  58   2   7   0 0.00  0.0    0  5.0 10  60   M    M   0 18     13  70
10  68  44  56   0   9   0 0.00  0.0    0  7.1 13  90   M    M   1 18     16  80
11  71  58  65   9   0   0 0.01  0.0    0  5.5 12 150   M    M   9 1      16 170
12  74  59  67  12   0   2    T  0.0    0  7.1 15 150   M    M   6 1      22 160
13  73  59  66  11   0   1 0.00  0.0    0  8.9 17 130   M    M   5 1      21 120
14  75  60  68  13   0   3    T  0.0    0  9.9 21 150   M    M   7 1      28 140
15  80  64  72  17   0   7    T  0.0    0  7.2 17 230   M    M   7 1      26 280
16  69  50  60   5   5   0 0.00  0.0    0  8.9 17  20   M    M   3        24  10
17  68  48  58   4   7   0 0.02  0.0    0 10.0 16 110   M    M   7 1      24  80
18  72  61  67  13   0   2 0.25  0.0    0  5.8 15  70   M    M   9 138    21  70
19  62  54  58   4   7   0 1.84  0.0    0 12.4 24  40   M    M  10 13     56  80
20  56  50  53  -1  12   0 0.00  0.0    0  9.7 14  40   M    M   9 1      21 360
21  62  50  56   2   9   0 0.00  0.0    0  8.6 14  80   M    M   9 1      18  60
22  77  56  67  13   0   2 0.00  0.0    0  9.3 21 230   M    M   4 1      29 220
23  62  49  56   2   9   0 0.02    M    0  8.9 21  10   M    M   8 123    31 360
24  55  39  47  -7  18   0 0.00  0.0    0  7.3 18 300   M    M   1        24 300
25  66  36  51  -3  14   0 0.00  0.0    0  9.1 26 160   M    M   1        35 170
================================================================================
SM 1706 1318       135  28  2.99     0.0 201.8          M      163
================================================================================
AV 68.2 52.7                               8.1 FASTST   M    M   7    MAX(MPH)
                                 MISC ---->  # 26 160               # 56   80
================================================================================
NOTES:
# LAST OF SEVERAL OCCURRENCES

COLUMN 17 PEAK WIND IN M.P.H.

PRELIMINARY LOCAL CLIMATOLOGICAL DATA (WS FORM: F-6) , PAGE 2

                                          STATION:  HOUSTON/CLOVER_FIELD
                                          MONTH:    DECEMBER
                                          YEAR:     2014
                                          LATITUDE:   29 31 N
                                          LONGITUDE:  95 14 W

[TEMPERATURE DATA]      [PRECIPITATION DATA]       SYMBOLS USED IN COLUMN 16

AVERAGE MONTHLY: 60.5   TOTAL FOR MONTH:   2.99    1 = FOG OR MIST
DPTR FM NORMAL:   5.1   DPTR FM NORMAL:   -0.64    2 = FOG REDUCING VISIBILITY
HIGHEST:    80 ON 15, 5 GRTST 24HR  1.90 ON 18-19      TO 1/4 MILE OR LESS
LOWEST:     36 ON 25                               3 = THUNDER
                        SNOW, ICE PELLETS, HAIL    4 = ICE PELLETS
                        TOTAL MONTH:   0.0 INCH    5 = HAIL
                        GRTST 24HR     0.0         6 = FREEZING RAIN OR DRIZZLE
                        GRTST DEPTH:   0           7 = DUSTSTORM OR SANDSTORM:
                                                       VSBY 1/2 MILE OR LESS
                                                   8 = SMOKE OR HAZE
[NO. OF DAYS WITH]      [WEATHER - DAYS WITH]      9 = BLOWING SNOW
                                                   X = TORNADO
MAX 32 OR BELOW:   0    0.01 INCH OR MORE:  10
MAX 90 OR ABOVE:   0    0.10 INCH OR MORE:   4
MIN 32 OR BELOW:   0    0.50 INCH OR MORE:   1
MIN  0 OR BELOW:   0    1.00 INCH OR MORE:   1

[HDD (BASE 65) ]
TOTAL THIS MO.   135    CLEAR  (SCALE 0-3)   6
DPTR FM NORMAL  -126    PTCLDY (SCALE 4-7)   8
TOTAL FM JUL 1   337    CLOUDY (SCALE 8-10) 11
DPTR FM NORMAL   -87

[CDD (BASE 65) ]
TOTAL THIS MO.    28
DPTR FM NORMAL    12    [PRESSURE DATA]
TOTAL FM JAN 1  3172    HIGHEST SLP M ON M
DPTR FM NORMAL   238    LOWEST  SLP 29.58 ON 22

[REMARKS]
