000
CXUS55 KBYZ 201055
CF6LVM
PRELIMINARY LOCAL CLIMATOLOGICAL DATA (WS FORM: F-6)

                                          STATION:   LIVINGSTON MT
                                          MONTH:     APRIL
                                          YEAR:      2014
                                          LATITUDE:   45 41 N
                                          LONGITUDE: 110 26 W

  TEMPERATURE IN F:       :PCPN:    SNOW:  WIND      :SUNSHINE: SKY     :PK WND
================================================================================
1   2   3   4   5  6A  6B    7    8   9   10  11  12  13   14  15   16   17  18
                                     12Z  AVG MX 2MIN
DY MAX MIN AVG DEP HDD CDD  WTR  SNW DPTH SPD SPD DIR MIN PSBL S-S WX    SPD DR
================================================================================

 1  44  26  35  -4  30   0 0.00    M    M 10.7 25  80   M    M   6        31  80
 2  46  26  36  -3  29   0    T    M    M  9.2 24 300   M    M   9 18     29 300
 3  50  25  38  -1  27   0 0.00    M    M 11.5 26 200   M    M   3        34 210
 4  56  35  46   7  19   0 0.00    M    M 18.1 31 210   M    M   3        40 200
 5  52  33  43   3  22   0 0.08    M    M 12.5 25 250   M    M   7 1      32 250
 6  54  36  45   5  20   0    T    M    M 21.3 44 270   M    M   7        51 280
 7  63  40  52  12  13   0 0.00    M    M 18.8 32 250   M    M   7        42 250
 8  72  40  56  16   9   0 0.00    M    M 23.2 37 230   0    0   0        46 220
 9  68  36  52  12  13   0    T    M    M 19.5 46 300   M    M   7        56 300
10  61  30  46   5  19   0 0.00    M    M 16.5 36 270   M    M   0        45 270
11  69  29  49   8  16   0 0.00    M    M 16.1 39 280   M    M   1        46 280
12  52  25  39  -2  26   0 0.01    M    M 15.0 26  90   M    M   8 1      33  90
13  40  19  30 -11  35   0    T    M    M 12.9 26  90   M    M   8 1      32  80
14  58  16  37  -5  28   0 0.00    M    M 19.9 38 220   M    M   0        50 230
15  55  35  45   3  20   0 0.21    M    M 21.8 45 220   M    M   7 1      58 220
16  51  35  43   1  22   0 0.00    M    M 15.4 28 260   M    M   8        32 260
17  65  31  48   6  17   0 0.00    M    M 10.6 29 240   M    M   4 1      38 220
18  60  37  49   7  16   0 0.34    M    M 16.8 41 280   M    M   6 13     54 280
19  67  34  51   8  14   0 0.00    M    M 14.9 29 220   M    M   0        35 220
================================================================================
SM 1083  588       395   0  0.64    M    304.7            0     91
================================================================================
AV 57.0 30.9                              16.0 FASTST    0   0   5    MAX(MPH)
                                 MISC ---->  # 46 300               # 58  220
================================================================================
NOTES:
# LAST OF SEVERAL OCCURRENCES

COLUMN 17 PEAK WIND IN M.P.H.

PRELIMINARY LOCAL CLIMATOLOGICAL DATA (WS FORM: F-6) , PAGE 2

                                          STATION:  LIVINGSTON MT
                                          MONTH:    APRIL
                                          YEAR:     2014
                                          LATITUDE:   45 41 N
                                          LONGITUDE: 110 26 W

[TEMPERATURE DATA]      [PRECIPITATION DATA]       SYMBOLS USED IN COLUMN 16

AVERAGE MONTHLY: 44.0   TOTAL FOR MONTH:   0.64    1 = FOG OR MIST
DPTR FM NORMAL:   3.3   DPTR FM NORMAL:   -0.38    2 = FOG REDUCING VISIBILITY
HIGHEST:    72 ON  8    GRTST 24HR  0.34 ON 18-18      TO 1/4 MILE OR LESS
LOWEST:     16 ON 14                               3 = THUNDER
                        SNOW, ICE PELLETS, HAIL    4 = ICE PELLETS
                        TOTAL MONTH:    M          5 = HAIL
                        GRTST 24HR    M  ON   M    6 = FREEZING RAIN OR DRIZZLE
                        GRTST DEPTH:  M  ON   M    7 = DUSTSTORM OR SANDSTORM:
                                                       VSBY 1/2 MILE OR LESS
                                                   8 = SMOKE OR HAZE
[NO. OF DAYS WITH]      [WEATHER - DAYS WITH]      9 = BLOWING SNOW
                                                   X = TORNADO
MAX 32 OR BELOW:   0    0.01 INCH OR MORE:   4
MAX 90 OR ABOVE:   0    0.10 INCH OR MORE:   2
MIN 32 OR BELOW:   9    0.50 INCH OR MORE:   0
MIN  0 OR BELOW:   0    1.00 INCH OR MORE:   0

[HDD (BASE 65) ]
TOTAL THIS MO.   395    CLEAR  (SCALE 0-3)   7
DPTR FM NORMAL   -68    PTCLDY (SCALE 4-7)   9
TOTAL FM JUL 1  6567    CLOUDY (SCALE 8-10)  3
DPTR FM NORMAL  -155

[CDD (BASE 65) ]
TOTAL THIS MO.     0
DPTR FM NORMAL     0    [PRESSURE DATA]
TOTAL FM JAN 1     0    HIGHEST SLP  0.00 ON  8
DPTR FM NORMAL     0    LOWEST  SLP  0.00 ON  8

[REMARKS]
