000
CXUS53 KDMX 010920
CF6LWD
PRELIMINARY LOCAL CLIMATOLOGICAL DATA (WS FORM: F-6)

                                          STATION:   LAMONI IA
                                          MONTH:     JANUARY
                                          YEAR:      2015
                                          LATITUDE:   40 37 N
                                          LONGITUDE:  93 56 W

  TEMPERATURE IN F:       :PCPN:    SNOW:  WIND      :SUNSHINE: SKY     :PK WND
================================================================================
1   2   3   4   5  6A  6B    7    8   9   10  11  12  13   14  15   16   17  18
                                     12Z  AVG MX 2MIN
DY MAX MIN AVG DEP HDD CDD  WTR  SNW DPTH SPD SPD DIR MIN PSBL S-S WX    SPD DR
================================================================================

 1  34  13  24   0  41   0 0.00  0.0    M 10.8 18 230   M    M   0        24 250
 2  36  17  27   3  38   0 0.00  0.0    M  3.6  9 140   M    M   4        14 200
 3  40  18  29   5  36   0 0.01    M    M  4.9 24 330   M    M   8 18     32 340
 4  18   2  10 -14  55   0 0.04    M    M 16.4 29 320   M    M   3 18     37 320
 5  18   3  11 -13  54   0 0.03    M    M  8.3 18 140   M    M  10 1      24 140
 6  18   2  10 -14  55   0 0.01    M    M 11.5 25 330   M    M   5        32 320
 7  12  -8   2 -22  63   0 0.00  0.0    M 14.5 28 360   M    M   1        37 350
 8  26  -5  11 -13  54   0    T    M    M 20.7 38 310   M    M   5        46 320
 9  14   2   8 -16  57   0 0.00  0.0    M 14.9 29 320   M    M   1        38 320
10  35   2  19  -5  46   0 0.00  0.0    M 14.1 28 210   M    M   0        35 200
11  35  19  27   3  38   0 0.00  0.0    M  8.1 17 350   M    M   3        22 350
12  22   1  12 -12  53   0 0.00  0.0    M 12.7 21  10   M    M   2        27  20
13  25  -6  10 -14  55   0 0.00  0.0    M  5.4 12  30   M    M   1        14  30
14  37  16  27   3  38   0 0.00  0.0    M  8.3 16 270   M    M   4        19 260
15  46  19  33   9  32   0 0.00  0.0    M  9.3 16 290   M    M   0        20 290
16  59  22  41  17  24   0 0.00  0.0    M 12.1 23 210   M    M   0        26 190
17  51  33  42  18  23   0    T  0.0    M 17.5 35 310   M    M   2        42 310
18  56  29  43  19  22   0 0.00  0.0    M  8.0 17 260   M    M   0        21 260
19  56  26  41  17  24   0 0.00  0.0    M  6.5 13 280   M    M   2        14 280
20  49  30  40  16  25   0 0.00  0.0    M 10.7 20 290   M    M   2        24 290
21  41  24  33   9  32   0 0.00  0.0    M 12.7 24 300   M    M   7        31 300
22  32  21  27   3  38   0 0.00  0.0    M  5.6  9 220   M    M   7        12 220
23  47  19  33   9  32   0 0.00  0.0    M 10.6 18 210   M    M   2        23 220
24  55  26  41  17  24   0 0.01    M    M 11.2 20 260   M    M   3        25 260
25  43  30  37  13  28   0 0.06    M    M 12.9 23  10   M    M   9 1      31  30
26  54  26  40  15  25   0 0.00  0.0    M 12.7 26 320   M    M   4        30 310
27  49  26  38  13  27   0 0.00  0.0    M  5.9 10 140   M    M   0        15 150
28  59  29  44  19  21   0 0.00  0.0    M 11.5 29 320   M    M   0 1      38 320
29  42  23  33   8  32   0 0.00  0.0    M 18.4 39 330   M    M   9        48 330
30  36  15  26   1  39   0 0.00  0.0    M  7.2 14 190   M    M   2        18  10
31  37  27  32   7  33   0 0.94    M    M  9.7 16 200   M    M   8 1      19 210
================================================================================
SM 1182  501      1164   0  1.10     0.0 336.7          M      104
================================================================================
AV 38.1 16.2                              10.9 FASTST   M    M   3    MAX(MPH)
                                 MISC ---->  # 39 330               # 48  330
================================================================================
NOTES:
# LAST OF SEVERAL OCCURRENCES

COLUMN 17 PEAK WIND IN M.P.H.

PRELIMINARY LOCAL CLIMATOLOGICAL DATA (WS FORM: F-6) , PAGE 2

                                          STATION:  LAMONI IA
                                          MONTH:    JANUARY
                                          YEAR:     2015
                                          LATITUDE:   40 37 N
                                          LONGITUDE:  93 56 W

[TEMPERATURE DATA]      [PRECIPITATION DATA]       SYMBOLS USED IN COLUMN 16

AVERAGE MONTHLY: 27.1   TOTAL FOR MONTH:   1.10    1 = FOG OR MIST
DPTR FM NORMAL:   2.9   DPTR FM NORMAL:    0.38    2 = FOG REDUCING VISIBILITY
HIGHEST:    59 ON 28,16 GRTST 24HR  0.94 ON 31-31      TO 1/4 MILE OR LESS
LOWEST:     -8 ON  7                               3 = THUNDER
                        SNOW, ICE PELLETS, HAIL    4 = ICE PELLETS
                        TOTAL MONTH:   0.0 INCH    5 = HAIL
                        GRTST 24HR     0.0         6 = FREEZING RAIN OR DRIZZLE
                        GRTST DEPTH:  M  ON   M    7 = DUSTSTORM OR SANDSTORM:
                                                       VSBY 1/2 MILE OR LESS
                                                   8 = SMOKE OR HAZE
[NO. OF DAYS WITH]      [WEATHER - DAYS WITH]      9 = BLOWING SNOW
                                                   X = TORNADO
MAX 32 OR BELOW:   9    0.01 INCH OR MORE:   7
MAX 90 OR ABOVE:   0    0.10 INCH OR MORE:   1
MIN 32 OR BELOW:  30    0.50 INCH OR MORE:   1
MIN  0 OR BELOW:   3    1.00 INCH OR MORE:   0

[HDD (BASE 65) ]
TOTAL THIS MO.  1164    CLEAR  (SCALE 0-3)  18
DPTR FM NORMAL   -99    PTCLDY (SCALE 4-7)  10
TOTAL FM JUL 1  3550    CLOUDY (SCALE 8-10)  3
DPTR FM NORMAL  -142

[CDD (BASE 65) ]
TOTAL THIS MO.     0
DPTR FM NORMAL     0    [PRESSURE DATA]
TOTAL FM JAN 1     0    HIGHEST SLP 31.06 ON  7
DPTR FM NORMAL     0    LOWEST  SLP 29.55 ON 25

[REMARKS]
#FINAL-01-15#
