000
CXUS56 KOTX 250900
CF6LWS
PRELIMINARY LOCAL CLIMATOLOGICAL DATA (WS FORM: F-6)

                                          STATION:   LEWISTON ID AIRPORT
                                          MONTH:     JULY
                                          YEAR:      2017
                                          LATITUDE:   46 22 N
                                          LONGITUDE: 117  1 W

  TEMPERATURE IN F:       :PCPN:    SNOW:  WIND      :SUNSHINE: SKY     :PK WND
================================================================================
1   2   3   4   5  6A  6B    7    8   9   10  11  12  13   14  15   16   17  18
                                     12Z  AVG MX 2MIN
DY MAX MIN AVG DEP HDD CDD  WTR  SNW DPTH SPD SPD DIR MIN PSBL S-S WX    SPD DR
================================================================================

 1  93  60  77   7   0  12 0.00  0.0    0  4.2 12 340   M    M   0        17 140
 2  94  64  79   8   0  14 0.00  0.0    0  4.8 14 350   M    M   0        21 360
 3  91  61  76   5   0  11 0.00  0.0    0  4.3 13 300   M    M   0        18 340
 4  96  58  77   6   0  12 0.00  0.0    0  4.0 10  20   M    M   0        13  10
 5 101  62  82  10   0  17 0.00  0.0    0  4.7 14 330   M    M   0        17 330
 6 103  66  85  13   0  20 0.00  0.0    0  4.1 13  20   M    M   0        16  10
 7 104  67  86  14   0  21 0.00  0.0    0  5.7 18 330   M    M   0        26 300
 8  99  67  83  10   0  18 0.00  0.0    0  4.4 14 350   M    M   0        17 350
 9  98  64  81   8   0  16 0.00  0.0    0  5.1 17 290   M    M   0        22 300
10  92  63  78   5   0  13 0.00  0.0    0  7.0 24 290   M    M   0        30 320
11  87  60  74   0   0   9 0.00  0.0    0  5.3 12  20   M    M   0        15  20
12  94  59  77   3   0  12 0.00  0.0    0  3.9 13 340   M    M   0        15 340
13  95  63  79   5   0  14 0.00  0.0    0  4.6 17 330   M    M   0        21 320
14 100  62  81   7   0  16 0.00  0.0    0  4.1 13 320   M    M   0        17 330
15  97  71  84   9   0  19 0.01  0.0    0  7.5 22 130   M    M   0 3      27 130
16  84  62  73  -2   0   8 0.00  0.0    0  7.6 18 310   M    M   0        27 330
17  87  52  70  -5   0   5 0.00  0.0    0  5.1 13  10   M    M   0        16  20
18  94  56  75   0   0  10 0.00  0.0    0  4.1 13 330   M    M   0        15  30
19  95  62  79   3   0  14 0.00  0.0    0  5.2 15 360   M    M   0        18  10
20  89  64  77   1   0  12 0.00  0.0    0  7.3 23 330   M    M   0        29 330
21  88  57  73  -3   0   8 0.00  0.0    0  5.4 14 300   M    M   0        19 300
22  93  58  76   0   0  11 0.00  0.0    0  3.1  9 180   M    M   0        13 180
23 100  65  83   7   0  18 0.00  0.0    0  4.8 16 300   M    M   0        20 300
24  93  67  80   4   0  15 0.00  0.0    0  6.3 15 310   M    M   0        19 310
================================================================================
SM 2267 1490         0 325  0.01     0.0 122.6          M        0
================================================================================
AV 94.5 62.1                               5.1 FASTST   M    M   0    MAX(MPH)
                                 MISC ---->  # 24 290               # 30  320
================================================================================
NOTES:
# LAST OF SEVERAL OCCURRENCES

COLUMN 17 PEAK WIND IN M.P.H.

PRELIMINARY LOCAL CLIMATOLOGICAL DATA (WS FORM: F-6) , PAGE 2

                                          STATION:  LEWISTON ID AIRPORT
                                          MONTH:    JULY
                                          YEAR:     2017
                                          LATITUDE:   46 22 N
                                          LONGITUDE: 117  1 W

[TEMPERATURE DATA]      [PRECIPITATION DATA]       SYMBOLS USED IN COLUMN 16

AVERAGE MONTHLY: 78.3   TOTAL FOR MONTH:   0.01    1 = FOG OR MIST
DPTR FM NORMAL:   4.5   DPTR FM NORMAL:   -0.53    2 = FOG REDUCING VISIBILITY
HIGHEST:   104 ON  7    GRTST 24HR  0.01 ON 15-15      TO 1/4 MILE OR LESS
LOWEST:     52 ON 17                               3 = THUNDER
                        SNOW, ICE PELLETS, HAIL    4 = ICE PELLETS
                        TOTAL MONTH:   0.0 INCH    5 = HAIL
                        GRTST 24HR     0.0         6 = FREEZING RAIN OR DRIZZLE
                        GRTST DEPTH:   0           7 = DUSTSTORM OR SANDSTORM:
                                                       VSBY 1/2 MILE OR LESS
                                                   8 = SMOKE OR HAZE
[NO. OF DAYS WITH]      [WEATHER - DAYS WITH]      9 = BLOWING SNOW
                                                   X = TORNADO
MAX 32 OR BELOW:   0    0.01 INCH OR MORE:   1
MAX 90 OR ABOVE:  19    0.10 INCH OR MORE:   0
MIN 32 OR BELOW:   0    0.50 INCH OR MORE:   0
MIN  0 OR BELOW:   0    1.00 INCH OR MORE:   0

[HDD (BASE 65) ]
TOTAL THIS MO.     0    CLEAR  (SCALE 0-3)  24
DPTR FM NORMAL    -4    PTCLDY (SCALE 4-7)   0
TOTAL FM JUL 1     0    CLOUDY (SCALE 8-10)  0
DPTR FM NORMAL    -4

[CDD (BASE 65) ]
TOTAL THIS MO.   325
DPTR FM NORMAL   108    [PRESSURE DATA]
TOTAL FM JAN 1   515    HIGHEST SLP M ON M
DPTR FM NORMAL   168    LOWEST  SLP 29.73 ON 23

[REMARKS]
