000
CXUS53 KGID 280730
CF6LXN
PRELIMINARY LOCAL CLIMATOLOGICAL DATA (WS FORM: F-6)

                                          STATION:   LEXINGTON
                                          MONTH:     AUGUST
                                          YEAR:      2016
                                          LATITUDE:   40 47 N
                                          LONGITUDE:  99 46 W

  TEMPERATURE IN F:       :PCPN:    SNOW:  WIND      :SUNSHINE: SKY     :PK WND
================================================================================
1   2   3   4   5  6A  6B    7    8   9   10  11  12  13   14  15   16   17  18
                                     12Z  AVG MX 2MIN
DY MAX MIN AVG DEP HDD CDD  WTR  SNW DPTH SPD SPD DIR MIN PSBL S-S WX    SPD DR
================================================================================

 1  92  69  81   M   0  16 0.00    M    M  6.6 15 120   M    M   3 12     18 110
 2  88  67  78   M   0  13 0.00    M    M  8.1 16  70   M    M   1        21  70
 3  91  68  80   M   0  15 0.00    M    M  8.5 14 140   M    M   3 12     18 140
 4  83  62  73   M   0   8 0.00    M    M  9.0 21  20   M    M   1        27  30
 5  76  61  69   M   0   4 0.00    M    M  5.0 12  30   M    M   6         M  M
 6  76  62  69   M   0   4    T    M    M  6.5 12  90   M    M  10 8       M  M
 7  75  64  70   M   0   5    T    M    M  8.0 10 140   M    M  10         M  M
 8  85  66  76   M   0  11 0.00    M    M  8.0 14 170   M    M   7         M  M
 9  91  69  80   M   0  15 0.00    M    M  8.1 15 140   M    M   3 1      17 140
10  94  66  80   M   0  15 0.00    M    M 10.6 18 150   M    M   0        24 160
11  85  67  76   M   0  11 0.00    M    M  4.3 12  30   M    M   1        18  30
12  84  63  74   M   0   9 0.50    M    M  6.6 24 310   M    M   3 38     44 310
13  85  58  72   M   0   7 1.05    M    M  4.1  8 350   M    M   1 38     21 350
14  83  58  71   M   0   6 0.00    M    M  6.9 13 140   M    M   1         M  M
15  88  60  74   M   0   9 0.00    M    M  9.9 17 170   M    M   0 3      21 170
16  86  60  73   M   0   8 0.00    M    M  6.0 13 160   M    M   0        16 150
17  89  60  75   M   0  10 0.00    M    M  6.6 14 120   M    M   0 1      20 130
18  93  61  77   M   0  12 0.00    M    M  6.8 18 170   M    M   0        23 170
19  74  60  67   M   0   2 0.13    M    M  6.8 14 340   M    M   5 3      18 340
20  75  51  63   M   2   0 0.00    M    M  8.7 16 340   M    M   2        21 340
21  85  45  65   M   0   0 0.00    M    M  7.5 15 150   M    M   0        22 150
22  91  60  76   M   0  11 0.00    M    M 14.3 23 190   M    M   0        33 180
23  89  63  76   M   0  11 0.05    M    M  8.9 22 140   M    M   2 3      29 140
24  79  55  67   M   0   2 0.00    M    M  6.8 13  50   M    M   0        17  40
25  79  56  68   M   0   3 0.00    M    M  4.8 10  60   M    M   0         M  M
26  74  51  63   M   2   0 0.07    M    M  5.3 13 110   M    M   5 1      28 270
27  83  52  68   M   0   3 0.00    M    M  6.4 14 150   M    M   0 1      18 180
================================================================================
SM 2273 1634         4 210  1.80    M    199.1          M       64
================================================================================
AV 84.2 60.5                               7.4 FASTST   M    M   2    MAX(MPH)
                                 MISC ---->    24   M                 44    M
================================================================================
NOTES:
# LAST OF SEVERAL OCCURRENCES

COLUMN 17 PEAK WIND IN M.P.H.

PRELIMINARY LOCAL CLIMATOLOGICAL DATA (WS FORM: F-6) , PAGE 2

                                          STATION:  LEXINGTON
                                          MONTH:    AUGUST
                                          YEAR:     2016
                                          LATITUDE:   40 47 N
                                          LONGITUDE:  99 46 W

[TEMPERATURE DATA]      [PRECIPITATION DATA]       SYMBOLS USED IN COLUMN 16

AVERAGE MONTHLY: 72.4   TOTAL FOR MONTH:   1.80    1 = FOG OR MIST
DPTR FM NORMAL:     M   DPTR FM NORMAL:       M    2 = FOG REDUCING VISIBILITY
HIGHEST:    94 ON 10    GRTST 24HR  1.05 ON 13-13      TO 1/4 MILE OR LESS
LOWEST:     45 ON 21                               3 = THUNDER
                        SNOW, ICE PELLETS, HAIL    4 = ICE PELLETS
                        TOTAL MONTH:    M          5 = HAIL
                        GRTST 24HR    M  ON   M    6 = FREEZING RAIN OR DRIZZLE
                        GRTST DEPTH:  M  ON   M    7 = DUSTSTORM OR SANDSTORM:
                                                       VSBY 1/2 MILE OR LESS
                                                   8 = SMOKE OR HAZE
[NO. OF DAYS WITH]      [WEATHER - DAYS WITH]      9 = BLOWING SNOW
                                                   X = TORNADO
MAX 32 OR BELOW:   0    0.01 INCH OR MORE:   5
MAX 90 OR ABOVE:   6    0.10 INCH OR MORE:   3
MIN 32 OR BELOW:   0    0.50 INCH OR MORE:   2
MIN  0 OR BELOW:   0    1.00 INCH OR MORE:   1

[HDD (BASE 65) ]
TOTAL THIS MO.     4    CLEAR  (SCALE 0-3)  20
DPTR FM NORMAL     M    PTCLDY (SCALE 4-7)   5
TOTAL FM JUL 1     7    CLOUDY (SCALE 8-10)  2
DPTR FM NORMAL     M

[CDD (BASE 65) ]
TOTAL THIS MO.   210
DPTR FM NORMAL     M    [PRESSURE DATA]
TOTAL FM JAN 1   813    HIGHEST SLP M ON M
DPTR FM NORMAL     M    LOWEST  SLP M ON M

[REMARKS]
