000
CXUS51 KRNK 310912
CF6LYH
PRELIMINARY LOCAL CLIMATOLOGICAL DATA (WS FORM: F-6)

                                          STATION:   LYNCHBURG VA
                                          MONTH:     JULY
                                          YEAR:      2015
                                          LATITUDE:   37 19 N
                                          LONGITUDE:  79 12 W

  TEMPERATURE IN F:       :PCPN:    SNOW:  WIND      :SUNSHINE: SKY     :PK WND
================================================================================
1   2   3   4   5  6A  6B    7    8   9   10  11  12  13   14  15   16   17  18
                                     12Z  AVG MX 2MIN
DY MAX MIN AVG DEP HDD CDD  WTR  SNW DPTH SPD SPD DIR MIN PSBL S-S WX    SPD DR
================================================================================

 1  84  59  72  -3   0   7 0.00  0.0    0  4.2 13 200   M    M   1 1      18 290
 2  79  63  71  -4   0   6    T  0.0    0  3.2  8  20   M    M   5 1      10  40
 3  75  62  69  -6   0   4 0.35  0.0    0  3.6 10  50   M    M   9 1      13  40
 4  84  67  76   1   0  11    T  0.0    0  4.6 13 200   M    M   6 12     17 210
 5  80  67  74  -1   0   9 0.57  0.0    0  4.9 12  50   M    M   8 123    15  60
 6  80  65  73  -2   0   8 0.84  0.0    0  4.4 24 200   M    M   7 12     28 200
 7  86  63  75   0   0  10 0.00  0.0    0  4.6 14 200   M    M   1 12     19 200
 8  85  69  77   2   0  12 0.02  0.0    0  4.7 14 210   M    M   2 1      20 210
 9  90  68  79   4   0  14 0.00  0.0    0  5.6 16 210   M    M   1        22 230
10  88  69  79   4   0  14 0.05  0.0    0  4.5 17  10   M    M   2 3      23  20
11  81  67  74  -1   0   9 0.17  0.0    0  3.6 16  20   M    M   7 1      21  40
12  83  62  73  -2   0   8 0.00  0.0    0  2.0  8 190   M    M   4 12     10 230
13  84  66  75   0   0  10 0.67  0.0    0  3.9 14  20   M    M   7 13     30 260
14  86  66  76   1   0  11 0.04  0.0    0  6.1 17 300   M    M   1 13     27 300
15  86  64  75   0   0  10    T  0.0    0  4.3 12 350   M    M   5 1      19 300
16  81  62  72  -3   0   7    T  0.0    0  4.4 12  50   M    M   4        16  40
17  82  63  73  -2   0   8 0.00  0.0    0  4.2 12 180   M    M   6 1      17 200
18  89  68  79   4   0  14 0.02  0.0    0  2.3  9 210   M    M   1 1      15 170
19  91  68  80   5   0  15 0.00  0.0    0  3.3  9  40   M    M   1 1      12  50
20  90  69  80   5   0  15 0.00  0.0    0  2.5  8 230   M    M   1         M  M
21  88  71  80   5   0  15    T  0.0    0  4.7 14 260   M    M   3        20 280
22  83  64  74  -1   0   9 0.00  0.0    0  2.9 10  20   M    M   1        14  30
23  83  63  73  -2   0   8 0.00  0.0    0  4.1 12  30   M    M   4        15  20
24  85  63  74  -1   0   9 0.00  0.0    0  2.8 10  50   M    M   2        14  40
25  86  62  74  -1   0   9    T  0.0    0  4.0 15 190   M    M   5 1      19 190
26  89  63  76   1   0  11 0.00  0.0    0  5.3 14 190   M    M   1 1      18 160
27  87  68  78   3   0  13 0.71  0.0    0  4.1 13 200   M    M   2 13     18 300
28  88  69  79   4   0  14 0.35  0.0    0  3.0 21 180   M    M   6 13     28 100
29  86  71  79   4   0  14    T  0.0    0  3.4 12 200   M    M   7 1      14 190
30  89  70  80   5   0  15    T  0.0    0  2.4  9 250   M    M   2 1      16 280
================================================================================
SM 2548 1971         0 319  3.79     0.0 117.6          M      112
================================================================================
AV 84.9 65.7                               3.9 FASTST   M    M   4    MAX(MPH)
                                 MISC ---->  # 24 200               # 30  260
================================================================================
NOTES:
# LAST OF SEVERAL OCCURRENCES

COLUMN 17 PEAK WIND IN M.P.H.

PRELIMINARY LOCAL CLIMATOLOGICAL DATA (WS FORM: F-6) , PAGE 2

                                          STATION:  LYNCHBURG VA
                                          MONTH:    JULY
                                          YEAR:     2015
                                          LATITUDE:   37 19 N
                                          LONGITUDE:  79 12 W

[TEMPERATURE DATA]      [PRECIPITATION DATA]       SYMBOLS USED IN COLUMN 16

AVERAGE MONTHLY: 75.3   TOTAL FOR MONTH:   3.79    1 = FOG OR MIST
DPTR FM NORMAL:   0.3   DPTR FM NORMAL:   -0.42    2 = FOG REDUCING VISIBILITY
HIGHEST:    91 ON 19    GRTST 24HR  1.28 ON  5- 6      TO 1/4 MILE OR LESS
LOWEST:     59 ON  1                               3 = THUNDER
                        SNOW, ICE PELLETS, HAIL    4 = ICE PELLETS
                        TOTAL MONTH:   0.0 INCH    5 = HAIL
                        GRTST 24HR     0.0         6 = FREEZING RAIN OR DRIZZLE
                        GRTST DEPTH:   0           7 = DUSTSTORM OR SANDSTORM:
                                                       VSBY 1/2 MILE OR LESS
                                                   8 = SMOKE OR HAZE
[NO. OF DAYS WITH]      [WEATHER - DAYS WITH]      9 = BLOWING SNOW
                                                   X = TORNADO
MAX 32 OR BELOW:   0    0.01 INCH OR MORE:  11
MAX 90 OR ABOVE:   3    0.10 INCH OR MORE:   7
MIN 32 OR BELOW:   0    0.50 INCH OR MORE:   4
MIN  0 OR BELOW:   0    1.00 INCH OR MORE:   0

[HDD (BASE 65) ]
TOTAL THIS MO.     0    CLEAR  (SCALE 0-3)  14
DPTR FM NORMAL     0    PTCLDY (SCALE 4-7)  15
TOTAL FM JUL 1     0    CLOUDY (SCALE 8-10)  1
DPTR FM NORMAL     0

[CDD (BASE 65) ]
TOTAL THIS MO.   319
DPTR FM NORMAL    19    [PRESSURE DATA]
TOTAL FM JAN 1   745    HIGHEST SLP M ON M
DPTR FM NORMAL   149    LOWEST  SLP 29.58 ON 14

[REMARKS]
