000
CXUS51 KRNK 260903
CF6LYH

PRELIMINARY LOCAL CLIMATOLOGICAL DATA (WS FORM: F-6)

                                          STATION:   LYNCHBURG VA
                                          MONTH:     JUNE
                                          YEAR:      2017
                                          LATITUDE:   37 19 N
                                          LONGITUDE:  79 12 W

  TEMPERATURE IN F:       :PCPN:    SNOW:  WIND      :SUNSHINE: SKY     :PK WND
================================================================================
1   2   3   4   5  6A  6B    7    8   9   10  11  12  13   14  15   16   17  18
                                     12Z  AVG MX 2MIN
DY MAX MIN AVG DEP HDD CDD  WTR  SNW DPTH SPD SPD DIR MIN PSBL S-S WX    SPD DR
================================================================================

 1  83  57  70   2   0   5 0.00  0.0    0  3.5 13 250   M    M   1        18 250
 2  82  54  68   0   0   3 0.00  0.0    0  2.3 12 270   M    M   1        13 310
 3  85  52  69   1   0   4 0.00  0.0    0  2.3 10 270   M    M   0        16 280
 4  86  53  70   1   0   5 0.00  0.0    0  5.1 20 170   M    M   1 3      25 170
 5  70  62  66  -3   0   1 0.26  0.0    0  3.2 12  20   M    M   8 12     18  20
 6  80  58  69   0   0   4 0.00  0.0    0  1.8 12 290   M    M   3 1      16 290
 7  73  54  64  -6   1   0 0.00  0.0    0  7.5 16  40   M    M   6        24  60
 8  71  53  62  -8   3   0 0.00  0.0    0  5.6 15  40   M    M   7        22  40
 9  80  51  66  -4   0   1 0.00  0.0    0  3.1 10 270   M    M   2        16 270
10  86  54  70   0   0   5 0.00  0.0    0  3.2 13 200   M    M   0        19 200
11  89  60  75   4   0  10 0.00  0.0    0  3.9 13 200   M    M   1        19 190
12  90  62  76   5   0  11 0.00  0.0    0  1.8  9  10   M    M   0        13  40
13  91  66  79   8   0  14 0.00  0.0    0  2.7 14 310   M    M   1 3      24 280
14  88  64  76   4   0  11 0.15  0.0    0  3.3 13 320   M    M   1 13     17 310
15  87  66  77   5   0  12 0.27  0.0    0  3.1 14 160   M    M   6 123    16 150
16  81  68  75   3   0  10 0.27  0.0    0  4.6 13 200   M    M   6 13     17 200
17  84  67  76   4   0  11 0.33  0.0    0  3.3 15 140   M    M   7 1      19 140
18  88  69  79   6   0  14 0.00  0.0    0  9.6 20 190   M    M   6 1      24 200
19  86  68  77   4   0  12 0.44  0.0    0  8.9 25 190   M    M   7 13     29 190
20  80  66  73   0   0   8 0.00  0.0    0  5.3 15 170   M    M   2 1      20 180
21  86  65  76   3   0  11 0.00  0.0    0  5.7 16 210   M    M   1 1      21 190
22  84  66  75   2   0  10    T  0.0    0  4.7 12 210   M    M   1        25 210
23  87  70  79   5   0  14 0.15  0.0    0 10.5 21 190   M    M   7 1      28 220
24  86  62  74   0   0   9 0.22  0.0    0  6.0 26 200   M    M   2 1      36 190
25  80  58  69  -5   0   4 0.00  0.0    0  2.8 10 220   M    M   2        16 310
================================================================================
SM 2083 1525         4 189  2.09     0.0 113.8          M       79
================================================================================
AV 83.3 61.0                               4.6 FASTST   M    M   3    MAX(MPH)
                                 MISC ---->  # 26 200               # 36  190
================================================================================
NOTES:
# LAST OF SEVERAL OCCURRENCES

COLUMN 17 PEAK WIND IN M.P.H.

PRELIMINARY LOCAL CLIMATOLOGICAL DATA (WS FORM: F-6) , PAGE 2

                                          STATION:  LYNCHBURG VA
                                          MONTH:    JUNE
                                          YEAR:     2017
                                          LATITUDE:   37 19 N
                                          LONGITUDE:  79 12 W

[TEMPERATURE DATA]      [PRECIPITATION DATA]       SYMBOLS USED IN COLUMN 16

AVERAGE MONTHLY: 72.2   TOTAL FOR MONTH:   2.09    1 = FOG OR MIST
DPTR FM NORMAL:   1.0   DPTR FM NORMAL:   -0.97    2 = FOG REDUCING VISIBILITY
HIGHEST:    91 ON 13    GRTST 24HR  0.44 ON 19-19      TO 1/4 MILE OR LESS
LOWEST:     51 ON  9                               3 = THUNDER
                        SNOW, ICE PELLETS, HAIL    4 = ICE PELLETS
                        TOTAL MONTH:   0.0 INCH    5 = HAIL
                        GRTST 24HR     0.0         6 = FREEZING RAIN OR DRIZZLE
                        GRTST DEPTH:   0           7 = DUSTSTORM OR SANDSTORM:
                                                       VSBY 1/2 MILE OR LESS
                                                   8 = SMOKE OR HAZE
[NO. OF DAYS WITH]      [WEATHER - DAYS WITH]      9 = BLOWING SNOW
                                                   X = TORNADO
MAX 32 OR BELOW:   0    0.01 INCH OR MORE:   8
MAX 90 OR ABOVE:   2    0.10 INCH OR MORE:   8
MIN 32 OR BELOW:   0    0.50 INCH OR MORE:   0
MIN  0 OR BELOW:   0    1.00 INCH OR MORE:   0

[HDD (BASE 65) ]
TOTAL THIS MO.     4    CLEAR  (SCALE 0-3)  16
DPTR FM NORMAL    -9    PTCLDY (SCALE 4-7)   8
TOTAL FM JUL 1  3506    CLOUDY (SCALE 8-10)  1
DPTR FM NORMAL  -952

[CDD (BASE 65) ]
TOTAL THIS MO.   189
DPTR FM NORMAL    22    [PRESSURE DATA]
TOTAL FM JAN 1   325    HIGHEST SLP M ON M
DPTR FM NORMAL    76    LOWEST  SLP 29.69 ON 23

[REMARKS]
DUE TO A POWER OUTAGE CAUSING A MISSING LOW TEMPERATURE ON FEBRUARY
23...THE SEASONAL HEATING DEGREE DAY TOTAL AND DEPARTURE FROM
NORMAL WILL BE CALCULATED WITHOUT DATA FROM THIS DATE.
