000
CXUS54 KLZK 281130
CF6M19
PRELIMINARY LOCAL CLIMATOLOGICAL DATA (WS FORM: F-6)

                                          STATION:   Newport Airport
                                          MONTH:     SEPTEMBER
                                          YEAR:      2016
                                          LATITUDE:   35 35 N
                                          LONGITUDE:  91 16 W

  TEMPERATURE IN F:       :PCPN:    SNOW:  WIND      :SUNSHINE: SKY     :PK WND
================================================================================
1   2   3   4   5  6A  6B    7    8   9   10  11  12  13   14  15   16   17  18
                                     12Z  AVG MX 2MIN
DY MAX MIN AVG DEP HDD CDD  WTR  SNW DPTH SPD SPD DIR MIN PSBL S-S WX    SPD DR
================================================================================

 1  86  68  77  -1   0  12 0.00  0.0    0 10.5 16  20   M    M   0        22  10
 2  82  61  72  -5   0   7 0.00  0.0    0 11.2 17  20   M    M   0        23  40
 3  85  58  72  -5   0   7 0.00  0.0    0  7.1 10  40   M    M   0        17  50
 4  91  60  76  -1   0  11 0.00  0.0    0  3.9  7 160   M    M   0 1       M  M
 5  91  71  81   5   0  16 0.34  0.0    0  7.2 13 170   M    M   0 18     22 170
 6  92  72  82   6   0  17 0.00  0.0    0  8.5 13 180   M    M   0         M  M
 7  93  73  83   7   0  18 0.00  0.0    0  8.9 17 190   M    M   0 1       M  M
 8  94  73  84   9   0  19 0.00  0.0    0  9.3 16 200   M    M   1 1      20 180
 9  93  74  84   9   0  19 0.00  0.0    0  9.5 16 220   M    M   1 1      22 200
10  86  59  73  -2   0   8 0.00  0.0    0 10.5 25 330   M    M   2        31 320
11  83  55  69  -5   0   4 0.00  0.0    0  6.7  9  80   M    M   0         M  M
12  89  56  73  -1   0   8 0.00  0.0    0  4.5  8 140   M    M   1 8       M  M
13  93  64  79   5   0  14    T  0.0    0  4.1 12 130   M    M   2         M  M
14  93  71  82   9   0  17    T  0.0    0  4.3  9  60   M    M   2 18      M  M
15  95  69  82   9   0  17 1.04  0.0    0  4.5  8 150   M    M   0 138     M  M
16  94  68  81   9   0  16 0.85  0.0    0  6.4 17 170   M    M   3 123    23 160
17  85  70  78   6   0  13 0.17  0.0    0  3.9  9 340   M    M   5 13      M  M
18  83  64  74   2   0   9 0.39  0.0    0  3.9 14  40   M    M   1 3       M  M
19  88  61  75   4   0  10    T  0.0    0  2.8  6 300   M    M   0         M  M
20  90  63  77   6   0  12 0.00  0.0    0  3.1  7  90   M    M   0 18      M  M
21  90  64  77   7   0  12    T  0.0    0  4.9  8  30   M    M   1 12      M  M
22  92  65  79   9   0  14    T  0.0    0  2.7  7 200   M    M   0         M  M
23  93  66  80  11   0  15 0.00  0.0    0  3.6  8 190   M    M   0 1       M  M
24  94  68  81  12   0  16 0.00  0.0    0  3.5  7  60   M    M   1 1       M  M
25  94  68  81  12   0  16 0.00  0.0    0  2.7  7  60   M    M   0 13      M  M
26  75  57  66  -2   0   1 0.00  0.0    0 10.6 20 340   M    M   4 8      27 340
27  80  49  65  -3   0   0 0.00  0.0    0  4.5  8 200   M    M   0         M  M
================================================================================
SM 2404 1747         0 328  2.79     0.0 163.3          M       24
================================================================================
AV 89.0 64.7                               6.0 FASTST   M    M   1    MAX(MPH)
                                 MISC ---->    25   M                 31    M
================================================================================
NOTES:
# LAST OF SEVERAL OCCURRENCES

COLUMN 17 PEAK WIND IN M.P.H.

PRELIMINARY LOCAL CLIMATOLOGICAL DATA (WS FORM: F-6) , PAGE 2

                                          STATION:  Newport Airport
                                          MONTH:    SEPTEMBER
                                          YEAR:     2016
                                          LATITUDE:   35 35 N
                                          LONGITUDE:  91 16 W

[TEMPERATURE DATA]      [PRECIPITATION DATA]       SYMBOLS USED IN COLUMN 16

AVERAGE MONTHLY: 76.9   TOTAL FOR MONTH:   2.79    1 = FOG OR MIST
DPTR FM NORMAL:   3.9   DPTR FM NORMAL:    0.06    2 = FOG REDUCING VISIBILITY
HIGHEST:    95 ON 15    GRTST 24HR  1.04 ON 15-15      TO 1/4 MILE OR LESS
LOWEST:     49 ON 27                               3 = THUNDER
                        SNOW, ICE PELLETS, HAIL    4 = ICE PELLETS
                        TOTAL MONTH:   0.0 INCH    5 = HAIL
                        GRTST 24HR     0.0         6 = FREEZING RAIN OR DRIZZLE
                        GRTST DEPTH:   0           7 = DUSTSTORM OR SANDSTORM:
                                                       VSBY 1/2 MILE OR LESS
                                                   8 = SMOKE OR HAZE
[NO. OF DAYS WITH]      [WEATHER - DAYS WITH]      9 = BLOWING SNOW
                                                   X = TORNADO
MAX 32 OR BELOW:   0    0.01 INCH OR MORE:   5
MAX 90 OR ABOVE:  16    0.10 INCH OR MORE:   5
MIN 32 OR BELOW:   0    0.50 INCH OR MORE:   2
MIN  0 OR BELOW:   0    1.00 INCH OR MORE:   1

[HDD (BASE 65) ]
TOTAL THIS MO.     0    CLEAR  (SCALE 0-3)  24
DPTR FM NORMAL   -14    PTCLDY (SCALE 4-7)   3
TOTAL FM JUL 1     0    CLOUDY (SCALE 8-10)  0
DPTR FM NORMAL   -14

[CDD (BASE 65) ]
TOTAL THIS MO.   328
DPTR FM NORMAL    96    [PRESSURE DATA]
TOTAL FM JAN 1  2117    HIGHEST SLP M ON M
DPTR FM NORMAL   305    LOWEST  SLP M ON M

[REMARKS]
