000
CXUS56 KHNX 281146
CF6MAE
PRELIMINARY LOCAL CLIMATOLOGICAL DATA (WS FORM: F-6)

                                          STATION:   MADERA CA AIRPORT
                                          MONTH:     JULY
                                          YEAR:      2016
                                          LATITUDE:   36 58 N
                                          LONGITUDE: 120  7 W

  TEMPERATURE IN F:       :PCPN:    SNOW:  WIND      :SUNSHINE: SKY     :PK WND
================================================================================
1   2   3   4   5  6A  6B    7    8   9   10  11  12  13   14  15   16   17  18
                                     12Z  AVG MX 2MIN
DY MAX MIN AVG DEP HDD CDD  WTR  SNW DPTH SPD SPD DIR MIN PSBL S-S WX    SPD DR
================================================================================

 1 104  63  84   6   0  19 0.00  0.0    0  5.8 15 300   M    M   1        18 290
 2 100  66  83   5   0  18 0.00  0.0    0  7.1 13 310   M    M   0        17 300
 3  98  64  81   3   0  16 0.00  0.0    0  7.9 15 300   M    M   0        20 300
 4  98  61  80   2   0  15 0.00  0.0    0  7.5 15 300   M    M   0        20 270
 5  95  60  78   0   0  13 0.00  0.0    0  7.8 13 290   M    M   0        16 300
 6  94  56  75  -3   0  10 0.00  0.0    0  7.4 14 290   M    M   0        18 300
 7  93  59  76  -3   0  11 0.00  0.0    0  6.7 15 340   M    M   0        17 350
 8  94  60  77  -2   0  12 0.00  0.0    0  8.8 14 320   M    M   0        19 320
 9  94  61  78  -1   0  13 0.00  0.0    0 11.5 20 330   M    M   0        24 330
10  87  55  71  -8   0   6 0.00  0.0    0 10.9 18 310   M    M   0        25 300
11  92  54  73  -6   0   8 0.00  0.0    0  7.5 15 260   M    M   0        20 260
12  95  58  77  -2   0  12 0.00  0.0    0  8.2 15 300   M    M   0        19 310
13  98  59  79   0   0  14 0.00  0.0    0  5.8 14 300   M    M   0        16 300
14 103  63  83   4   0  18 0.00  0.0    0  5.1 12 260   M    M   0        16 300
15 103  64  84   5   0  19 0.00  0.0    0  6.0 13 290   M    M   0        16 300
16  98  64  81   2   0  16 0.00  0.0    0  6.5 13 310   M    M   0        17 280
17  97  60  79   0   0  14 0.00  0.0    0  6.9 13 290   M    M   0        18 330
18  93  59  76  -3   0  11 0.00  0.0    0  8.3 14 330   M    M   0        18 350
19  93  58  76  -3   0  11 0.00  0.0    0  8.4 13 300   M    M   0        19 330
20  95  57  76  -3   0  11 0.00  0.0    0  7.3 13 310   M    M   0 8      17 300
21  97  61  79   0   0  14 0.00  0.0    0  8.6 14 320   M    M   0 8      18 310
22  98  57  78  -1   0  13 0.00  0.0    0  7.8 16 300   M    M   0        19 300
23 101  59  80   1   0  15 0.00  0.0    0  6.2 14 310   M    M   0        17 310
24 104  61  83   4   0  18 0.00  0.0    0  4.7 13 290   M    M   0        16 300
25 104  65  85   6   0  20 0.00  0.0    0  5.7 10 300   M    M   0 8      13 300
26 105  63  84   5   0  19 0.00  0.0    0  6.3 13 290   M    M   0        16 270
27 108  67  88   9   0  23 0.00  0.0    0  5.2 14 290   M    M   0 8      17 290
================================================================================
SM 2641 1634         0 389  0.00     0.0 195.9          M        1
================================================================================
AV 97.8 60.5                               7.3 FASTST   M    M   0    MAX(MPH)
                                 MISC ---->  # 20 330               # 25  300
================================================================================
NOTES:
# LAST OF SEVERAL OCCURRENCES

COLUMN 17 PEAK WIND IN M.P.H.

PRELIMINARY LOCAL CLIMATOLOGICAL DATA (WS FORM: F-6) , PAGE 2

                                          STATION:  MADERA CA AIRPORT
                                          MONTH:    JULY
                                          YEAR:     2016
                                          LATITUDE:   36 58 N
                                          LONGITUDE: 120  7 W

[TEMPERATURE DATA]      [PRECIPITATION DATA]       SYMBOLS USED IN COLUMN 16

AVERAGE MONTHLY: 79.2   TOTAL FOR MONTH:   0.00    1 = FOG OR MIST
DPTR FM NORMAL:   0.4   DPTR FM NORMAL:   -0.02    2 = FOG REDUCING VISIBILITY
HIGHEST:   108 ON 27    GRTST 24HR    T  ON  6- 7      TO 1/4 MILE OR LESS
LOWEST:     54 ON 11                               3 = THUNDER
                        SNOW, ICE PELLETS, HAIL    4 = ICE PELLETS
                        TOTAL MONTH:   0.0 INCH    5 = HAIL
                        GRTST 24HR     0.0         6 = FREEZING RAIN OR DRIZZLE
                        GRTST DEPTH:   0           7 = DUSTSTORM OR SANDSTORM:
                                                       VSBY 1/2 MILE OR LESS
                                                   8 = SMOKE OR HAZE
[NO. OF DAYS WITH]      [WEATHER - DAYS WITH]      9 = BLOWING SNOW
                                                   X = TORNADO
MAX 32 OR BELOW:   0    0.01 INCH OR MORE:   0
MAX 90 OR ABOVE:  26    0.10 INCH OR MORE:   0
MIN 32 OR BELOW:   0    0.50 INCH OR MORE:   0
MIN  0 OR BELOW:   0    1.00 INCH OR MORE:   0

[HDD (BASE 65) ]
TOTAL THIS MO.     0    CLEAR  (SCALE 0-3)  27
DPTR FM NORMAL     0    PTCLDY (SCALE 4-7)   0
TOTAL FM JUL 1     0    CLOUDY (SCALE 8-10)  0
DPTR FM NORMAL     0

[CDD (BASE 65) ]
TOTAL THIS MO.   389
DPTR FM NORMAL    17    [PRESSURE DATA]
TOTAL FM JAN 1   965    HIGHEST SLP M ON M
DPTR FM NORMAL   169    LOWEST  SLP 29.70 ON  1

[REMARKS]
