000
CXUS53 KDTX 300800
CF6MBS
PRELIMINARY LOCAL CLIMATOLOGICAL DATA (WS FORM: F-6)

                                          STATION:   TRI CITIES MI
                                          MONTH:     MAY
                                          YEAR:      2016
                                          LATITUDE:   43 31 N
                                          LONGITUDE:  84  5 W

  TEMPERATURE IN F:       :PCPN:    SNOW:  WIND      :SUNSHINE: SKY     :PK WND
================================================================================
1   2   3   4   5  6A  6B    7    8   9   10  11  12  13   14  15   16   17  18
                                     12Z  AVG MX 2MIN
DY MAX MIN AVG DEP HDD CDD  WTR  SNW DPTH SPD SPD DIR MIN PSBL S-S WX    SPD DR
================================================================================

 1  51  44  48  -4  17   0 0.11  0.0    0 13.9 24  50   M    M  10 1      30  60
 2  60  43  52   0  13   0    T  0.0    0  9.3 20  40   M    M   6        24  30
 3  69  38  54   1  11   0 0.00  0.0    0  9.1 20 220   M    M   2        24 220
 4  57  46  52  -1  13   0 0.60  0.0    0  9.1 23  40   M    M   8 13     27  50
 5  66  43  55   1  10   0 0.00  0.0    0  9.4 16  40   M    M   1         M  M
 6  73  42  58   4   7   0 0.00  0.0    0  5.4 10 180   M    M   0        13 240
 7  69  50  60   6   5   0 0.01  0.0    0  9.1 17 350   M    M   4        22 340
 8  68  39  54   0  11   0 0.00  0.0    0  9.7 22 350   M    M   2        26 260
 9  62  40  51  -4  14   0 0.00  0.0    0  9.7 21  20   M    M   0        25  20
10  63  43  53  -2  12   0    T  0.0    0 11.5 21 110   M    M   8        25 100
11  70  50  60   4   5   0 0.04  0.0    0  7.6 15  30   M    M   7        19  70
12  75  56  66  10   0   1 0.21  0.0    0  8.3 18 260   M    M   8 138    24 260
13  69  50  60   4   5   0 0.13  0.0    0 12.9 24 250   M    M   6 1      30 250
14  54  40  47 -10  18   0 0.57  0.0    0 13.8 28 300   M    M  10 1      37 300
15  51  37  44 -13  21   0 0.00  0.0    0 11.3 22 280   M    M   8        27 280
16  69  39  54  -3  11   0    T  0.0    0 14.3 26 230   M    M   4        34 250
17  64  44  54  -4  11   0 0.00  0.0    0  7.9 16  40   M    M   4        20  50
18  68  40  54  -4  11   0 0.00  0.0    0  4.5 14  90   M    M   0        21  10
19  71  44  58   0   7   0 0.00  0.0    0  5.1 12  80   M    M   0        16  90
20  74  48  61   2   4   0 0.00  0.0    0  5.5 10  60   M    M   0         M  M
21  76  55  66   7   0   1 0.00  0.0    0  6.5 16  20   M    M   1        22  30
22  68  51  60   1   5   0 0.00  0.0    0 10.0 18  40   M    M   2        23  40
23  80  44  62   2   3   0 0.00  0.0    0  3.7 12 190   M    M   0        16 170
24  87  55  71  11   0   6    T  0.0    0  8.6 20 270   M    M   1        24 270
25  89  62  76  16   0  11    T  0.0    0  7.9 20  40   M    M   2        22  40
26  86  63  75  14   0  10 0.01  0.0    0  9.2 21 210   M    M   3 13     26 220
27  88  63  76  15   0  11 0.08  0.0    0  5.4 25 250   M    M   2 138    31 240
28  87  71  79  18   0  14 0.35  0.0    0 10.2 30 230   M    M   2 38     39 230
29  86  67  77  15   0  12    T  0.0    0 13.4 29 260   M    M   3        37 260
================================================================================
SM 2050 1407       214  66  2.11     0.0 262.3          M      104
================================================================================
AV 70.7 48.5                               9.0 FASTST   M    M   4    MAX(MPH)
                                 MISC ---->  # 30 230               # 39  230
================================================================================
NOTES:
# LAST OF SEVERAL OCCURRENCES

COLUMN 17 PEAK WIND IN M.P.H.

PRELIMINARY LOCAL CLIMATOLOGICAL DATA (WS FORM: F-6) , PAGE 2

                                          STATION:  TRI CITIES MI
                                          MONTH:    MAY
                                          YEAR:     2016
                                          LATITUDE:   43 31 N
                                          LONGITUDE:  84  5 W

[TEMPERATURE DATA]      [PRECIPITATION DATA]       SYMBOLS USED IN COLUMN 16

AVERAGE MONTHLY: 59.6   TOTAL FOR MONTH:   2.11    1 = FOG OR MIST
DPTR FM NORMAL:   2.7   DPTR FM NORMAL:   -1.06    2 = FOG REDUCING VISIBILITY
HIGHEST:    89 ON 25    GRTST 24HR  0.70 ON 13-14      TO 1/4 MILE OR LESS
LOWEST:     37 ON 15                               3 = THUNDER
                        SNOW, ICE PELLETS, HAIL    4 = ICE PELLETS
                        TOTAL MONTH:   0.0 INCH    5 = HAIL
                        GRTST 24HR     0.0         6 = FREEZING RAIN OR DRIZZLE
                        GRTST DEPTH:   0           7 = DUSTSTORM OR SANDSTORM:
                                                       VSBY 1/2 MILE OR LESS
                                                   8 = SMOKE OR HAZE
[NO. OF DAYS WITH]      [WEATHER - DAYS WITH]      9 = BLOWING SNOW
                                                   X = TORNADO
MAX 32 OR BELOW:   0    0.01 INCH OR MORE:  10
MAX 90 OR ABOVE:   0    0.10 INCH OR MORE:   6
MIN 32 OR BELOW:   0    0.50 INCH OR MORE:   2
MIN  0 OR BELOW:   0    1.00 INCH OR MORE:   0

[HDD (BASE 65) ]
TOTAL THIS MO.   214    CLEAR  (SCALE 0-3)  16
DPTR FM NORMAL   -49    PTCLDY (SCALE 4-7)   8
TOTAL FM JUL 1  5647    CLOUDY (SCALE 8-10)  5
DPTR FM NORMAL -1256

[CDD (BASE 65) ]
TOTAL THIS MO.    66
DPTR FM NORMAL    39    [PRESSURE DATA]
TOTAL FM JAN 1    67    HIGHEST SLP M ON M
DPTR FM NORMAL    36    LOWEST  SLP 29.53 ON  4

[REMARKS]
