000
CXUS55 KLIX 280830
CF6MCB
PRELIMINARY LOCAL CLIMATOLOGICAL DATA (WS FORM: F-6)

                                          STATION:   MCCOMB
                                          MONTH:     DECEMBER
                                          YEAR:      2014
                                          LATITUDE:   31 10 N
                                          LONGITUDE:  90 28 W

  TEMPERATURE IN F:       :PCPN:    SNOW:  WIND      :SUNSHINE: SKY     :PK WND
================================================================================
1   2   3   4   5  6A  6B    7    8   9   10  11  12  13   14  15   16   17  18
                                     12Z  AVG MX 2MIN
DY MAX MIN AVG DEP HDD CDD  WTR  SNW DPTH SPD SPD DIR MIN PSBL S-S WX    SPD DR
================================================================================

 1  78  55  67  14   0   2 0.00  0.0    0  2.6 10 150   M    M   4 12     14 150
 2  73  49  61   8   4   0 0.00  0.0    0  4.6 12 320   M    M   4 128    13 360
 3  71  48  60   8   5   0 0.00  0.0    0  2.0  7 350   M    M   1 1       8  50
 4  74  53  64  12   1   0 0.00  0.0    0  1.7  8 180   M    M   5 12     11 190
 5  79  65  72  20   0   7 0.00  0.0    0  8.5 17 160   M    M   8 1      22 170
 6  78  52  65  13   0   0 0.01  0.0    0  8.1 18 360   M    M   8 1      26 340
 7  53  41  47  -5  18   0 0.00  0.0    0  7.4 15  20   M    M   6        23  10
 8  65  41  53   2  12   0 0.00  0.0    0  6.0 12 330   M    M   0 1      15 340
 9  66  36  51   0  14   0 0.00  0.0    0  6.5 17 320   M    M   0 18     22 340
10  58  35  47  -4  18   0 0.00  0.0    0  4.4 10 340   M    M   0 1      16  20
11  64  36  50  -1  15   0 0.00  0.0    0  2.5 10 300   M    M   4        14 310
12  60  46  53   3  12   0    T  0.0    0  0.9  7  60   M    M   8 1      10  60
13  70  47  59   9   6   0 0.00  0.0    0  0.8 10 350   M    M   4        13 310
14  70  41  56   6   9   0 0.00  0.0    0  2.4 10 130   M    M   0 1      13 160
15  76  48  62  12   3   0 0.29    M    0  9.1 22 270   M    M   8 1      29 170
16  64  42  53   3  12   0 0.00  0.0    0  7.8 18 320   M    M   1 8      24 310
17  59  33  46  -4  19   0 0.00  0.0    0  1.9  9  70   M    M   0        12  70
18  60  42  51   1  14   0 0.26  0.0    0  3.8 12 360   M    M   8 1      15 140
19  52  44  48  -1  17   0 1.31    M    0  7.0 13  60   M    M  10 1      18  90
20  51  42  47  -2  18   0 0.01    M    0  5.6 13  30   M    M   8 1      18  20
21  59  41  50   1  15   0 0.00  0.0    0  5.1 13 130   M    M   5 1      17 130
22  71  52  62  13   3   0 0.01  0.0    0  6.8 13 190   M    M   8 12     17 210
23  70  48  59  10   6   0 1.59    M    0  7.3 31 300   M    M  10 13     40 310
24  52  36  44  -5  21   0 0.00  0.0    0  9.0 18 310   M    M   6 3      24 300
25  57  30  44  -5  21   0 0.00  0.0    0  2.5 12 190   M    M   0        15 150
26  62  38  50   1  15   0 0.13    M    0  4.7 15 140   M    M   5 1      20 150
27  70  56  63  14   2   0 1.21  0.0    0  7.2 13 160   M    M  10 13     18 130
================================================================================
SM 1762 1197       280   9  4.82     0.0 136.2          M      131
================================================================================
AV 65.3 44.3                               5.0 FASTST   M    M   5    MAX(MPH)
                                 MISC ---->  # 31 300               # 40  310
================================================================================
NOTES:
# LAST OF SEVERAL OCCURRENCES

COLUMN 17 PEAK WIND IN M.P.H.

PRELIMINARY LOCAL CLIMATOLOGICAL DATA (WS FORM: F-6) , PAGE 2

                                          STATION:  MCCOMB
                                          MONTH:    DECEMBER
                                          YEAR:     2014
                                          LATITUDE:   31 10 N
                                          LONGITUDE:  90 28 W

[TEMPERATURE DATA]      [PRECIPITATION DATA]       SYMBOLS USED IN COLUMN 16

AVERAGE MONTHLY: 54.8   TOTAL FOR MONTH:   4.82    1 = FOG OR MIST
DPTR FM NORMAL:   4.4   DPTR FM NORMAL:    0.07    2 = FOG REDUCING VISIBILITY
HIGHEST:    79 ON  5    GRTST 24HR  1.59 ON 23-23      TO 1/4 MILE OR LESS
LOWEST:     30 ON 25                               3 = THUNDER
                        SNOW, ICE PELLETS, HAIL    4 = ICE PELLETS
                        TOTAL MONTH:   0.0 INCH    5 = HAIL
                        GRTST 24HR     0.0         6 = FREEZING RAIN OR DRIZZLE
                        GRTST DEPTH:   0           7 = DUSTSTORM OR SANDSTORM:
                                                       VSBY 1/2 MILE OR LESS
                                                   8 = SMOKE OR HAZE
[NO. OF DAYS WITH]      [WEATHER - DAYS WITH]      9 = BLOWING SNOW
                                                   X = TORNADO
MAX 32 OR BELOW:   0    0.01 INCH OR MORE:   9
MAX 90 OR ABOVE:   0    0.10 INCH OR MORE:   6
MIN 32 OR BELOW:   1    0.50 INCH OR MORE:   3
MIN  0 OR BELOW:   0    1.00 INCH OR MORE:   3

[HDD (BASE 65) ]
TOTAL THIS MO.   280    CLEAR  (SCALE 0-3)   8
DPTR FM NORMAL  -122    PTCLDY (SCALE 4-7)  12
TOTAL FM JUL 1   686    CLOUDY (SCALE 8-10)  7
DPTR FM NORMAL   -49

[CDD (BASE 65) ]
TOTAL THIS MO.     9
DPTR FM NORMAL     9    [PRESSURE DATA]
TOTAL FM JAN 1  2300    HIGHEST SLP M ON M
DPTR FM NORMAL    38    LOWEST  SLP 29.47 ON 23

[REMARKS]
