000
CXUS55 KLIX 301000
CF6MCB
PRELIMINARY LOCAL CLIMATOLOGICAL DATA (WS FORM: F-6)

                                          STATION:   MCCOMB
                                          MONTH:     APRIL
                                          YEAR:      2016
                                          LATITUDE:   31 10 N
                                          LONGITUDE:  90 28 W

  TEMPERATURE IN F:       :PCPN:    SNOW:  WIND      :SUNSHINE: SKY     :PK WND
================================================================================
1   2   3   4   5  6A  6B    7    8   9   10  11  12  13   14  15   16   17  18
                                     12Z  AVG MX 2MIN
DY MAX MIN AVG DEP HDD CDD  WTR  SNW DPTH SPD SPD DIR MIN PSBL S-S WX    SPD DR
================================================================================

 1  72  52  62   0   3   0 0.13  0.0    0  9.4 18 350   M    M   8 138    24 360
 2  69  44  57  -5   8   0 0.00  0.0    0 10.1 22 320   M    M   0        30 330
 3  75  38  57  -5   8   0 0.00  0.0    0  2.7 13 310   M    M   0        16 320
 4  78  42  60  -2   5   0 0.00  0.0    0  3.7 13 260   M    M   0        17 330
 5  84  47  66   3   0   1 0.00  0.0    0  2.6  9 190   M    M   2        13 120
 6  77  52  65   2   0   0 0.00  0.0    0  6.1 23 180   M    M   3 1      32 180
 7  80  47  64   1   1   0 0.00  0.0    0  4.0 15 300   M    M   0 12     18 300
 8  75  49  62  -1   3   0 0.00  0.0    0  7.5 20 310   M    M   0        27 330
 9  78  42  60  -4   5   0 0.00  0.0    0  2.3 10 220   M    M   0        13 220
10  78  49  64   0   1   0 0.00  0.0    0  9.8 26 160   M    M   1        34 160
11  77  58  68   4   0   3 0.01  0.0    0  9.2 21 160   M    M   8 13     27 160
12  72  61  67   3   0   2 0.57  0.0    0  4.4 14 360   M    M   9 13     21  90
13  71  59  65   1   0   0 0.46  0.0    0  4.8 13  40   M    M   8 13     18  60
14  79  62  71   6   0   6 1.14  0.0    0  5.2 16 130   M    M   8 123    22 110
15  67  61  64  -1   1   0 0.01  0.0    0  7.3 13 130   M    M  10 1      18 120
16  68  61  65   0   0   0 0.00  0.0    0  6.3 13  80   M    M  10 1      18 110
17  78  61  70   5   0   5 0.00  0.0    0  8.9 17 150   M    M   5        24 110
18  79  59  69   3   0   4 0.00  0.0    0  7.1 18 140   M    M   1        25 140
19  75  60  68   2   0   3    T  0.0    0  6.0 13 150   M    M   5 1      18 160
20  82  64  73   7   0   8 0.75  0.0    0  7.0 16 180   M    M   6 123    22 170
21  80  63  72   6   0   7 0.55  0.0    0  4.1 14 270   M    M   8 13     20 240
22  80  59  70   4   0   5 0.01  0.0    0  5.9 20 360   M    M   5 12     25  10
23  81  56  69   2   0   4 0.00  0.0    0  5.2 16 360   M    M   1 1      22 360
24  81  53  67   0   0   2 0.00  0.0    0  4.7 16 190   M    M   0 1      22 150
25  83  58  71   4   0   6 0.00  0.0    0  5.2 13 160   M    M   1        17 150
26  85  65  75   7   0  10 0.00  0.0    0  8.6 20 150   M    M   4 12     23 150
27  77  67  72   4   0   7 0.15  0.0    0  6.7 28 140   M    M   6 13     33 140
28  83  66  75   7   0  10 0.00  0.0    0  5.5 14 140   M    M   7 13     18 130
29  86  68  77   9   0  12 0.00  0.0    0 11.3 23 160   M    M   6 1      29 160
================================================================================
SM 2250 1623        35  95  3.78     0.0 181.6          M      122
================================================================================
AV 77.6 56.0                               6.3 FASTST   M    M   4    MAX(MPH)
                                 MISC ---->  # 28 140               # 34  160
================================================================================
NOTES:
# LAST OF SEVERAL OCCURRENCES

COLUMN 17 PEAK WIND IN M.P.H.

PRELIMINARY LOCAL CLIMATOLOGICAL DATA (WS FORM: F-6) , PAGE 2

                                          STATION:  MCCOMB
                                          MONTH:    APRIL
                                          YEAR:     2016
                                          LATITUDE:   31 10 N
                                          LONGITUDE:  90 28 W

[TEMPERATURE DATA]      [PRECIPITATION DATA]       SYMBOLS USED IN COLUMN 16

AVERAGE MONTHLY: 66.8   TOTAL FOR MONTH:   3.78    1 = FOG OR MIST
DPTR FM NORMAL:   1.8   DPTR FM NORMAL:   -0.95    2 = FOG REDUCING VISIBILITY
HIGHEST:    86 ON 29    GRTST 24HR  1.18 ON 20-21      TO 1/4 MILE OR LESS
LOWEST:     38 ON  3                               3 = THUNDER
                        SNOW, ICE PELLETS, HAIL    4 = ICE PELLETS
                        TOTAL MONTH:   0.0 INCH    5 = HAIL
                        GRTST 24HR     0.0         6 = FREEZING RAIN OR DRIZZLE
                        GRTST DEPTH:   0           7 = DUSTSTORM OR SANDSTORM:
                                                       VSBY 1/2 MILE OR LESS
                                                   8 = SMOKE OR HAZE
[NO. OF DAYS WITH]      [WEATHER - DAYS WITH]      9 = BLOWING SNOW
                                                   X = TORNADO
MAX 32 OR BELOW:   0    0.01 INCH OR MORE:  10
MAX 90 OR ABOVE:   0    0.10 INCH OR MORE:   7
MIN 32 OR BELOW:   0    0.50 INCH OR MORE:   4
MIN  0 OR BELOW:   0    1.00 INCH OR MORE:   1

[HDD (BASE 65) ]
TOTAL THIS MO.    35    CLEAR  (SCALE 0-3)  13
DPTR FM NORMAL   -50    PTCLDY (SCALE 4-7)  11
TOTAL FM JUL 1  1352    CLOUDY (SCALE 8-10)  5
DPTR FM NORMAL  -669

[CDD (BASE 65) ]
TOTAL THIS MO.    95
DPTR FM NORMAL    12    [PRESSURE DATA]
TOTAL FM JAN 1   160    HIGHEST SLP M ON M
DPTR FM NORMAL    31    LOWEST  SLP 29.70 ON 27

[REMARKS]
