000
CXUS53 KGLD 210800
CF6MCK
PRELIMINARY LOCAL CLIMATOLOGICAL DATA (WS FORM: F-6)

                                          STATION:   MCCOOK NE
                                          MONTH:     SEPTEMBER
                                          YEAR:      2017
                                          LATITUDE:   40 13 N
                                          LONGITUDE: 100 35 W

  TEMPERATURE IN F:       :PCPN:    SNOW:  WIND      :SUNSHINE: SKY     :PK WND
================================================================================
1   2   3   4   5  6A  6B    7    8   9   10  11  12  13   14  15   16   17  18
                                     12Z  AVG MX 2MIN
DY MAX MIN AVG DEP HDD CDD  WTR  SNW DPTH SPD SPD DIR MIN PSBL S-S WX    SPD DR
================================================================================

 1  82  63  73   3   0   8 0.07    M    M  9.0 21 170   M    M   4 1      30 170
 2  90  57  74   4   0   9 0.00    M    M  6.3 15  60   M    M   0 1      19  40
 3 101  59  80  10   0  15 0.00    M    M  8.6 20 200   M    M   0 18     24 220
 4  83  53  68  -1   0   3 0.00    M    M  9.9 18  60   M    M   2 8      23  50
 5  77  45  61  -8   4   0 0.00    M    M  8.3 23 350   M    M   3        35 360
 6  78  36  57 -12   8   0 0.00    M    M  4.3 12  80   M    M   0        14  80
 7  87  44  66  -2   0   1 0.00    M    M  5.5 14 130   M    M   0        18 140
 8  90  53  72   4   0   7 0.00    M    M  7.2 18 150   M    M   0 18     23 140
 9  92  63  78  11   0  13 0.00    M    M 14.4 28 180   M    M   0        37 160
10  93  63  78  11   0  13 0.00    M    M 13.1 23 180   M    M   0 8      29 180
11  95  55  75   8   0  10 0.00    M    M  7.7 15 140   M    M   0        20 170
12  93  56  75   9   0  10 0.00    M    M  6.6 15 170   M    M   0 18     19 200
13  98  59  79  13   0  14 0.00    M    M 11.6 23 200   M    M   0 8      28 200
14  98  60  79  14   0  14 0.00    M    M  6.7 22 280   M    M   0 38     29 260
15  90  64  77  12   0  12 0.00    M    M  8.2 17 270   M    M   0        22 250
16  73  49  61  -3   4   0 0.00    M    M 13.8 35 360   M    M   2        44 360
17  73  45  59  -5   6   0 0.03    M    M  8.8 18 140   M    M   4 3      23 150
18  84  58  71   8   0   6 0.06    M    M  5.0 12 130   M    M   5 1      16 140
19  95  57  76  13   0  11 0.00    M    M 11.8 37 350   M    M   0 18     46 350
20  81  42  62   0   3   0 0.00    M    M  7.6 14 140   M    M   0        16 130
================================================================================
SM 1753 1081        25 146  0.16    M    174.4          M       20
================================================================================
AV 87.7 54.1                               8.7 FASTST   M    M   1    MAX(MPH)
                                 MISC ---->  # 37 350               # 46  350
================================================================================
NOTES:
# LAST OF SEVERAL OCCURRENCES

COLUMN 17 PEAK WIND IN M.P.H.

PRELIMINARY LOCAL CLIMATOLOGICAL DATA (WS FORM: F-6) , PAGE 2

                                          STATION:  MCCOOK NE
                                          MONTH:    SEPTEMBER
                                          YEAR:     2017
                                          LATITUDE:   40 13 N
                                          LONGITUDE: 100 35 W

[TEMPERATURE DATA]      [PRECIPITATION DATA]       SYMBOLS USED IN COLUMN 16

AVERAGE MONTHLY: 70.9   TOTAL FOR MONTH:   0.16    1 = FOG OR MIST
DPTR FM NORMAL:   4.2   DPTR FM NORMAL:   -0.81    2 = FOG REDUCING VISIBILITY
HIGHEST:   101 ON  3    GRTST 24HR  0.07 ON  1- 1      TO 1/4 MILE OR LESS
LOWEST:     36 ON  6                               3 = THUNDER
                        SNOW, ICE PELLETS, HAIL    4 = ICE PELLETS
                        TOTAL MONTH:    M          5 = HAIL
                        GRTST 24HR    M  ON   M    6 = FREEZING RAIN OR DRIZZLE
                        GRTST DEPTH:  M  ON   M    7 = DUSTSTORM OR SANDSTORM:
                                                       VSBY 1/2 MILE OR LESS
                                                   8 = SMOKE OR HAZE
[NO. OF DAYS WITH]      [WEATHER - DAYS WITH]      9 = BLOWING SNOW
                                                   X = TORNADO
MAX 32 OR BELOW:   0    0.01 INCH OR MORE:   3
MAX 90 OR ABOVE:  11    0.10 INCH OR MORE:   0
MIN 32 OR BELOW:   0    0.50 INCH OR MORE:   0
MIN  0 OR BELOW:   0    1.00 INCH OR MORE:   0

[HDD (BASE 65) ]
TOTAL THIS MO.    25    CLEAR  (SCALE 0-3)  16
DPTR FM NORMAL   -26    PTCLDY (SCALE 4-7)   4
TOTAL FM JUL 1    26    CLOUDY (SCALE 8-10)  0
DPTR FM NORMAL   -37

[CDD (BASE 65) ]
TOTAL THIS MO.   146
DPTR FM NORMAL    63    [PRESSURE DATA]
TOTAL FM JAN 1  1198    HIGHEST SLP M ON M
DPTR FM NORMAL   264    LOWEST  SLP 29.38 ON 19

[REMARKS]
