000
CXUS53 KARX 200930
CF6MDZ
PRELIMINARY LOCAL CLIMATOLOGICAL DATA (WS FORM: F-6)

                                          STATION:   MEDFORD WI
                                          MONTH:     NOVEMBER
                                          YEAR:      2017
                                          LATITUDE:   45  5 N
                                          LONGITUDE:  90 18 W

  TEMPERATURE IN F:       :PCPN:    SNOW:  WIND      :SUNSHINE: SKY     :PK WND
================================================================================
1   2   3   4   5  6A  6B    7    8   9   10  11  12  13   14  15   16   17  18
                                     12Z  AVG MX 2MIN
DY MAX MIN AVG DEP HDD CDD  WTR  SNW DPTH SPD SPD DIR MIN PSBL S-S WX    SPD DR
================================================================================

 1  33  20  27   M  38   0    M    M    0  8.0 13 160   M    M   7        21 160
 2  37  32  35   M  30   0    T  0.0    0  6.6 12 330   M    M  10 12     18 320
 3  36  27  32   M  33   0 0.01    M    0  5.7 10 360   M    M   8         M  M
 4  36  32  34   M  31   0 0.10    M    M  6.9 12 100   M    M  10 12     20 110
 5  39  26  33   M  32   0 0.01  0.0    M  8.7 16 330   M    M  10 12     22 300
 6  32  19  26   M  39   0 0.00  0.0    0  5.5 14 320   M    M   3        18 320
 7  32  21  27   M  38   0 0.00  0.0    0  5.1 12 350   M    M   1         M  M
 8  35  21  28   M  37   0    T    T    0  6.9 13 270   M    M   5        18 270
 9  30   6  18   M  47   0    T    M    M 11.7 17 310   M    M   7        24 320
10  23   1  12   M  53   0    M    M    M  6.2 14 150   M    M   4        22 150
11  29  16  23   M  42   0 0.00  0.0    0  9.4 16 160   M    M   9 1      22 160
12  35   8  22   M  43   0 0.00  0.0    M  2.0  7 260   M    M   3 1       M  M
13  35  15  25   M  40   0 0.00  0.0    0  4.1  9 150   M    M   5 128     M  M
14  37  32  35   M  30   0    M  0.0    0  7.8 12 170   M    M  10 12     12 200
15  40  28  34   M  31   0    M  0.0    0 11.1 18 280   M    M  10 12     28 300
16  30  25  28   M  37   0    T    T    0  8.2 16 350   M    M   8        28 350
17  32  29  31   M  34   0 0.02  0.0    0  9.0 17 150   M    M  10 1      27 140
18  36  23  30   M  35   0 0.00  0.0    0 10.6 15 320   M    M  10 1      24 330
19  29  14  22   M  43   0 0.00  0.0    0  9.2 15 320   M    M   5        18 300
================================================================================
SM  636  395       713   0  0.14    T    142.7          M      135
================================================================================
AV 33.5 20.8                               7.5 FASTST   M    M   7    MAX(MPH)
                                 MISC ---->  # 18 280               # 28  300
================================================================================
NOTES:
# LAST OF SEVERAL OCCURRENCES

COLUMN 17 PEAK WIND IN M.P.H.

PRELIMINARY LOCAL CLIMATOLOGICAL DATA (WS FORM: F-6) , PAGE 2

                                          STATION:  MEDFORD WI
                                          MONTH:    NOVEMBER
                                          YEAR:     2017
                                          LATITUDE:   45  5 N
                                          LONGITUDE:  90 18 W

[TEMPERATURE DATA]      [PRECIPITATION DATA]       SYMBOLS USED IN COLUMN 16

AVERAGE MONTHLY: 27.1   TOTAL FOR MONTH:   0.14    1 = FOG OR MIST
DPTR FM NORMAL:     M   DPTR FM NORMAL:       M    2 = FOG REDUCING VISIBILITY
HIGHEST:    40 ON 15    GRTST 24HR  0.10 ON  4- 4      TO 1/4 MILE OR LESS
LOWEST:      1 ON 10                               3 = THUNDER
                        SNOW, ICE PELLETS, HAIL    4 = ICE PELLETS
                        TOTAL MONTH:    T          5 = HAIL
                        GRTST 24HR    T  ON 16-16  6 = FREEZING RAIN OR DRIZZLE
                        GRTST DEPTH:   0           7 = DUSTSTORM OR SANDSTORM:
                                                       VSBY 1/2 MILE OR LESS
                                                   8 = SMOKE OR HAZE
[NO. OF DAYS WITH]      [WEATHER - DAYS WITH]      9 = BLOWING SNOW
                                                   X = TORNADO
MAX 32 OR BELOW:   8    0.01 INCH OR MORE:   4
MAX 90 OR ABOVE:   0    0.10 INCH OR MORE:   1
MIN 32 OR BELOW:  19    0.50 INCH OR MORE:   0
MIN  0 OR BELOW:   0    1.00 INCH OR MORE:   0

[HDD (BASE 65) ]
TOTAL THIS MO.   713    CLEAR  (SCALE 0-3)   2
DPTR FM NORMAL     M    PTCLDY (SCALE 4-7)   9
TOTAL FM JUL 1  1610    CLOUDY (SCALE 8-10)  8
DPTR FM NORMAL     M

[CDD (BASE 65) ]
TOTAL THIS MO.     0
DPTR FM NORMAL     M    [PRESSURE DATA]
TOTAL FM JAN 1   193    HIGHEST SLP M ON M
DPTR FM NORMAL     M    LOWEST  SLP M ON M

[REMARKS]
