000
CXUS56 KPDT 291832
CF6MEH
PRELIMINARY LOCAL CLIMATOLOGICAL DATA (WS FORM: F-6)

                                          STATION:   MEACHAM OR
                                          MONTH:     MARCH
                                          YEAR:      2015
                                          LATITUDE:   45 30 N
                                          LONGITUDE: 118 24 W

  TEMPERATURE IN F:       :PCPN:    SNOW:  WIND      :SUNSHINE: SKY     :PK WND
================================================================================
1   2   3   4   5  6A  6B    7    8   9   10  11  12  13   14  15   16   17  18
                                     12Z  AVG MX 2MIN
DY MAX MIN AVG DEP HDD CDD  WTR  SNW DPTH SPD SPD DIR MIN PSBL S-S WX    SPD DR
================================================================================

 1  46  13  30  -2  35   0 0.00  0.0    0  0.1  6 290   M    M   0 8       9 210
 2  38  21  30  -2  35   0    T    T    0  1.6  7 300   M    M   6 18     11 300
 3  34  14  24  -8  41   0 0.00  0.0    0  1.2  8 300   M    M   4        14 360
 4  47   8  28  -5  37   0 0.00  0.0    0  0.3  6 300   M    M   0 18      9 360
 5  56  18  37   4  28   0 0.00  0.0    0  0.4  7 320   M    M   0 8      11 350
 6  62  20  41   8  24   0 0.00  0.0    0  0.5  8  20   M    M   0 18     12  20
 7  57  23  40   7  25   0 0.00  0.0    0  0.8  7 260   M    M   0 18     12 280
 8  59  20  40   6  25   0 0.00  0.0    0  0.9  7 310   M    M   0 18     12 300
 9  62  21  42   8  23   0 0.00  0.0    0  1.2  8 270   M    M   0 18     15 260
10  69  22  46  12  19   0 0.00  0.0    0  0.3  7  80   M    M   0 18     11  70
11  53  37  45  11  20   0 0.07  0.0    0  0.3  5 260   M    M   9 1       8  50
12  57  29  43   9  22   0 0.01  0.0    0  0.8  9 270   M    M   5 1      12 290
13  63  27  45  10  20   0 0.00  0.0    0  1.0  7 100   M    M   0 1      16 160
14  59  47  53  18  12   0 0.29  0.0    0  0.3  7 200   M    M   9 1      15 200
15  55  39  47  12  18   0 0.21  0.0    0  1.0  7  30   M    M   9 1      14 280
16  50  32  41   6  24   0 0.02  0.0    0  0.6  7  20   M    M   4 1      11 330
17  46  35  41   5  24   0 0.13  0.0    0  1.3  8 270   M    M   8 12     12 250
18  50  28  39   3  26   0 0.01  0.0    0  1.7  7 320   M    M   5 1      12 190
19  63  24  44   8  21   0 0.00  0.0    0  0.5  7 260   M    M   0 18     11 260
20  64  29  47  11  18   0 0.00  0.0    0  0.3  8 260   M    M   3 1      12 270
21  53  27  40   4  25   0    T  0.0    0  1.5  9 270   M    M   4 18     18 310
22  58  26  42   5  23   0 0.49  0.0    0  1.1  8 230   M    M   6 1      15 220
23  42  33  38   1  27   0 0.35  0.3    0  0.8  8 260   M    M   9 1      17 260
24  43  29  36  -1  29   0 0.30  0.2    1  3.6 14 280   M    M   7 12     25 270
25  47  29  38   1  27   0 0.17    T    0  0.0  5  90   M    M   8 1       8 110
26  66  32  49  12  16   0 0.00  0.0    0  0.9  6  80   M    M   1 1      10  80
27  75  35  55  17  10   0 0.00  0.0    0  1.0  7  10   M    M   2        14 330
28  51  29  40   2  25   0 0.52  0.0    0  3.8 13 280   M    M   4 1      23 270
================================================================================
SM 1525  747       679   0  2.57     0.5  27.8          M      103
================================================================================
AV 54.5 26.7                               1.0 FASTST   M    M   4    MAX(MPH)
                                 MISC ---->  # 14 280               # 25  270
================================================================================
NOTES:
# LAST OF SEVERAL OCCURRENCES

COLUMN 17 PEAK WIND IN M.P.H.

PRELIMINARY LOCAL CLIMATOLOGICAL DATA (WS FORM: F-6) , PAGE 2

                                          STATION:  MEACHAM OR
                                          MONTH:    MARCH
                                          YEAR:     2015
                                          LATITUDE:   45 30 N
                                          LONGITUDE: 118 24 W

[TEMPERATURE DATA]      [PRECIPITATION DATA]       SYMBOLS USED IN COLUMN 16

AVERAGE MONTHLY: 40.6   TOTAL FOR MONTH:   2.57    1 = FOG OR MIST
DPTR FM NORMAL:   5.6   DPTR FM NORMAL:   -1.34    2 = FOG REDUCING VISIBILITY
HIGHEST:    75 ON 27    GRTST 24HR  0.52 ON 28-28      TO 1/4 MILE OR LESS
LOWEST:      8 ON  4                               3 = THUNDER
                        SNOW, ICE PELLETS, HAIL    4 = ICE PELLETS
                        TOTAL MONTH:   0.5 INCH    5 = HAIL
                        GRTST 24HR   0.3 ON   M    6 = FREEZING RAIN OR DRIZZLE
                        GRTST DEPTH:   1 ON 24     7 = DUSTSTORM OR SANDSTORM:
                                                       VSBY 1/2 MILE OR LESS
                                                   8 = SMOKE OR HAZE
[NO. OF DAYS WITH]      [WEATHER - DAYS WITH]      9 = BLOWING SNOW
                                                   X = TORNADO
MAX 32 OR BELOW:   0    0.01 INCH OR MORE:  12
MAX 90 OR ABOVE:   0    0.10 INCH OR MORE:   8
MIN 32 OR BELOW:  22    0.50 INCH OR MORE:   1
MIN  0 OR BELOW:   0    1.00 INCH OR MORE:   0

[HDD (BASE 65) ]
TOTAL THIS MO.   679    CLEAR  (SCALE 0-3)  13
DPTR FM NORMAL  -162    PTCLDY (SCALE 4-7)  11
TOTAL FM JUL 1  5349    CLOUDY (SCALE 8-10)  4
DPTR FM NORMAL -1242

[CDD (BASE 65) ]
TOTAL THIS MO.     0
DPTR FM NORMAL     0    [PRESSURE DATA]
TOTAL FM JAN 1     0    HIGHEST SLP 30.35 ON  4
DPTR FM NORMAL     0    LOWEST  SLP 29.70 ON 15

[REMARKS]
