000
CXUS54 KJAN 191414
CF6MEI
PRELIMINARY LOCAL CLIMATOLOGICAL DATA (WS FORM: F-6)

                                          STATION:   MERIDIAN
                                          MONTH:     FEBRUARY
                                          YEAR:      2017
                                          LATITUDE:   32 19 N
                                          LONGITUDE:  88 45 W

  TEMPERATURE IN F:       :PCPN:    SNOW:  WIND      :SUNSHINE: SKY     :PK WND
================================================================================
1   2   3   4   5  6A  6B    7    8   9   10  11  12  13   14  15   16   17  18
                                     12Z  AVG MX 2MIN
DY MAX MIN AVG DEP HDD CDD  WTR  SNW DPTH SPD SPD DIR MIN PSBL S-S WX    SPD DR
================================================================================

 1  76  47  62  16   3   0 0.00  0.0    0  7.1 21 190   M    M   3        24 210
 2  77  46  62  16   3   0    T  0.0    0  8.3 22 360   M    M   7 12     25 360
 3  57  36  47   1  18   0 0.00  0.0    0 10.8 18  10   M    M   5 1      24 350
 4  60  32  46   0  19   0 0.00  0.0    0  6.0 13  50   M    M   2        16 230
 5  54  46  50   3  15   0 0.03  0.0    0  5.6 14 190   M    M   9 1      17 190
 6  75  50  63  16   2   0 0.00  0.0    0  8.0 17 180   M    M   6 12     23 170
 7  71  58  65  18   0   0 0.73  0.0    0  7.9 23 170   M    M   8 123    28 170
 8  78  57  68  21   0   3 0.00  0.0    0  9.3 22 330   M    M   6 1      29 320
 9  57  36  47   0  18   0 0.00  0.0    0  9.0 22 360   M    M   0        30 350
10  75  32  54   6  11   0 0.00  0.0    0  7.5 21 190   M    M   0 8      25 190
11  75  58  67  19   0   2 0.00  0.0    0 11.2 20 180   M    M   7        24 180
12  82  61  72  24   0   7    T  0.0    0  9.9 25 350   M    M   9 1      30 340
13  70  44  57   9   8   0 0.00  0.0    0  7.4 17  20   M    M   0        22  20
14  77  41  59  11   6   0 0.00  0.0    0  6.4 18 190   M    M   4        23 200
15  68  44  56   7   9   0 0.15  0.0    0 11.1 22 280   M    M   5 13     32 270
16  68  31  50   1  15   0 0.00  0.0    0  2.8  9 260   M    M   0        11  60
17  65  33  49   0  16   0    T  0.0    0  5.0 15 180   M    M   3        17 180
18  70  50  60  11   5   0    T  0.0    0  3.3 13 240   M    M   6 1      16 260
================================================================================
SM 1255  802       148  12  0.91     0.0 136.6          M       80
================================================================================
AV 69.7 44.6                               7.6 FASTST   M    M   4    MAX(MPH)
                                 MISC ---->  # 25 350               # 32  270
================================================================================
NOTES:
# LAST OF SEVERAL OCCURRENCES

COLUMN 17 PEAK WIND IN M.P.H.

PRELIMINARY LOCAL CLIMATOLOGICAL DATA (WS FORM: F-6) , PAGE 2

                                          STATION:  MERIDIAN
                                          MONTH:    FEBRUARY
                                          YEAR:     2017
                                          LATITUDE:   32 19 N
                                          LONGITUDE:  88 45 W

[TEMPERATURE DATA]      [PRECIPITATION DATA]       SYMBOLS USED IN COLUMN 16

AVERAGE MONTHLY: 57.1   TOTAL FOR MONTH:   0.91    1 = FOG OR MIST
DPTR FM NORMAL:   9.6   DPTR FM NORMAL:   -2.75    2 = FOG REDUCING VISIBILITY
HIGHEST:    82 ON 12    GRTST 24HR  0.73 ON  7- 7      TO 1/4 MILE OR LESS
LOWEST:     31 ON 16                               3 = THUNDER
                        SNOW, ICE PELLETS, HAIL    4 = ICE PELLETS
                        TOTAL MONTH:   0.0 INCH    5 = HAIL
                        GRTST 24HR     0.0         6 = FREEZING RAIN OR DRIZZLE
                        GRTST DEPTH:   0           7 = DUSTSTORM OR SANDSTORM:
                                                       VSBY 1/2 MILE OR LESS
                                                   8 = SMOKE OR HAZE
[NO. OF DAYS WITH]      [WEATHER - DAYS WITH]      9 = BLOWING SNOW
                                                   X = TORNADO
MAX 32 OR BELOW:   0    0.01 INCH OR MORE:   3
MAX 90 OR ABOVE:   0    0.10 INCH OR MORE:   2
MIN 32 OR BELOW:   3    0.50 INCH OR MORE:   1
MIN  0 OR BELOW:   0    1.00 INCH OR MORE:   0

[HDD (BASE 65) ]
TOTAL THIS MO.   148    CLEAR  (SCALE 0-3)   7
DPTR FM NORMAL  -169    PTCLDY (SCALE 4-7)   9
TOTAL FM JUL 1  1087    CLOUDY (SCALE 8-10)  2
DPTR FM NORMAL  -867

[CDD (BASE 65) ]
TOTAL THIS MO.    12
DPTR FM NORMAL    12    [PRESSURE DATA]
TOTAL FM JAN 1    36    HIGHEST SLP M ON M
DPTR FM NORMAL    33    LOWEST  SLP 29.64 ON  7

[REMARKS]
