000
CXUS54 KJAN 231200
CF6MEI
PRELIMINARY LOCAL CLIMATOLOGICAL DATA (WS FORM: F-6)

                                          STATION:   MERIDIAN
                                          MONTH:     JANUARY
                                          YEAR:      2018
                                          LATITUDE:   32 19 N
                                          LONGITUDE:  88 45 W

  TEMPERATURE IN F:       :PCPN:    SNOW:  WIND      :SUNSHINE: SKY     :PK WND
================================================================================
1   2   3   4   5  6A  6B    7    8   9   10  11  12  13   14  15   16   17  18
                                     12Z  AVG MX 2MIN
DY MAX MIN AVG DEP HDD CDD  WTR  SNW DPTH SPD SPD DIR MIN PSBL S-S WX    SPD DR
================================================================================

 1  32  18  25 -20  40   0 0.00  0.0    0 14.1 22  20   M    M   0        27 360
 2  38  14  26 -19  39   0 0.00  0.0    0  8.3 15  30   M    M   2        19  30
 3  44  25  35 -10  30   0 0.00  0.0    0  6.2 14 280   M    M   4        18 320
 4  44  19  32 -13  33   0 0.00  0.0    0  4.9 18 350   M    M   0        21 360
 5  51  19  35 -10  30   0 0.00  0.0    0  0.7  7 330   M    M   0        10 290
 6  55  22  39  -6  26   0 0.00  0.0    0  2.7  9  60   M    M   0        12  40
 7  55  25  40  -5  25   0 0.12  0.0    0  6.1 18 140   M    M   4        23 150
 8  51  41  46   2  19   0 0.49  0.0    0  8.5 16  80   M    M  10 1      22  80
 9  60  46  53   9  12   0    T    M    0  4.9  9  40   M    M   9 12     11  40
10  64  45  55  11  10   0    T  0.0    0  5.1 10 140   M    M  10 12     14 110
11  70  63  67  23   0   2 0.01  0.0    0  9.2 18 180   M    M  10 1      23 180
12  66  29  48   4  17   0 0.14    T    0 12.6 28 230   M    M  10 1      36 230
13  37  26  32 -12  33   0 0.00  0.0    0 12.0 20 360   M    M   6        25 350
14  48  21  35  -9  30   0    T    T    0  5.0 14  30   M    M   2 4      17  20
15  57  25  41  -3  24   0 0.00  0.0    0  1.9 10 150   M    M   0        15 230
16  37  21  29 -15  36   0 0.01  0.3    0 11.5 18 360   M    M   7 1      23 350
17  33  10  22 -22  43   0 0.00  0.0    T 10.4 20 350   M    M   0        28 330
18  44  13  29 -16  36   0 0.00  0.0    0  2.6  9 350   M    M   0        13  30
19  54  17  36  -9  29   0 0.00  0.0    0  2.3  9 180   M    M   4        13 170
20  70  34  52   7  13   0 0.00  0.0    0  5.2 15 180   M    M   5        21 170
21  75  38  57  12   8   0 0.00  0.0    0  7.3 17 160   M    M   0 1      21 170
22  71  51  61  16   4   0 0.47  0.0    0  9.9 18 170   M    M   5 13     26 180
================================================================================
SM 1156  622       537   2  1.24     0.3 151.4          M       88
================================================================================
AV 52.6 28.3                               6.9 FASTST   M    M   4    MAX(MPH)
                                 MISC ---->  # 28 230               # 36  230
================================================================================
NOTES:
# LAST OF SEVERAL OCCURRENCES

COLUMN 17 PEAK WIND IN M.P.H.

PRELIMINARY LOCAL CLIMATOLOGICAL DATA (WS FORM: F-6) , PAGE 2

                                          STATION:  MERIDIAN
                                          MONTH:    JANUARY
                                          YEAR:     2018
                                          LATITUDE:   32 19 N
                                          LONGITUDE:  88 45 W

[TEMPERATURE DATA]      [PRECIPITATION DATA]       SYMBOLS USED IN COLUMN 16

AVERAGE MONTHLY: 40.4   TOTAL FOR MONTH:   1.24    1 = FOG OR MIST
DPTR FM NORMAL:  -4.1   DPTR FM NORMAL:   -2.21    2 = FOG REDUCING VISIBILITY
HIGHEST:    75 ON 21    GRTST 24HR  0.49 ON  8- 8      TO 1/4 MILE OR LESS
LOWEST:     10 ON 17                               3 = THUNDER
                        SNOW, ICE PELLETS, HAIL    4 = ICE PELLETS
                        TOTAL MONTH:   0.3 INCH    5 = HAIL
                        GRTST 24HR   0.3 ON 16-16  6 = FREEZING RAIN OR DRIZZLE
                        GRTST DEPTH:   T           7 = DUSTSTORM OR SANDSTORM:
                                                       VSBY 1/2 MILE OR LESS
                                                   8 = SMOKE OR HAZE
[NO. OF DAYS WITH]      [WEATHER - DAYS WITH]      9 = BLOWING SNOW
                                                   X = TORNADO
MAX 32 OR BELOW:   1    0.01 INCH OR MORE:   6
MAX 90 OR ABOVE:   0    0.10 INCH OR MORE:   4
MIN 32 OR BELOW:  15    0.50 INCH OR MORE:   0
MIN  0 OR BELOW:   0    1.00 INCH OR MORE:   0

[HDD (BASE 65) ]
TOTAL THIS MO.   537    CLEAR  (SCALE 0-3)  10
DPTR FM NORMAL    86    PTCLDY (SCALE 4-7)   7
TOTAL FM JUL 1  1409    CLOUDY (SCALE 8-10)  5
DPTR FM NORMAL   -50

[CDD (BASE 65) ]
TOTAL THIS MO.     2
DPTR FM NORMAL     2    [PRESSURE DATA]
TOTAL FM JAN 1     2    HIGHEST SLP M ON M
DPTR FM NORMAL     2    LOWEST  SLP 29.64 ON 12

[REMARKS]
