000
CXUS54 KMEG 190801
CF6MEM
PRELIMINARY LOCAL CLIMATOLOGICAL DATA (WS FORM: F-6)

                                          STATION:   MEMPHIS
                                          MONTH:     JANUARY
                                          YEAR:      2018
                                          LATITUDE:   35  3 N
                                          LONGITUDE:  89 59 W

  TEMPERATURE IN F:       :PCPN:    SNOW:  WIND      :SUNSHINE: SKY     :PK WND
================================================================================
1   2   3   4   5  6A  6B    7    8   9   10  11  12  13   14  15   16   17  18
                                     12Z  AVG MX 2MIN
DY MAX MIN AVG DEP HDD CDD  WTR  SNW DPTH SPD SPD DIR MIN PSBL S-S WX    SPD DR
================================================================================

 1  23  10  17 -24  48   0    T    T    0 13.1 23  10   M    M   3        28  20
 2  27  10  19 -22  46   0 0.00  0.0    0  7.5 15  50   M    M   6        19  40
 3  36  17  27 -14  38   0 0.00  0.0    0  7.1 18 320   M    M   4        21 320
 4  30  18  24 -17  41   0 0.00  0.0    0  8.1 17  20   M    M   2        22 360
 5  42  17  30 -11  35   0 0.00  0.0    0  4.8 12 200   M    M   2        16 260
 6  39  23  31 -10  34   0 0.00  0.0    0  9.3 15  60   M    M   1        18  50
 7  48  27  38  -3  27   0 0.05  0.0    0 12.5 25 160   M    M   9 1      32 170
 8  47  42  45   4  20   0 0.38  0.0    0  7.4 24 160   M    M  10 1      31 170
 9  50  42  46   5  19   0    T  0.0    0  5.8 10  30   M    M  10 1      16  70
10  62  50  56  15   9   0 0.04  0.0    0 10.5 21 160   M    M  10 1      28 150
11  66  42  54  13  11   0 1.10  0.0    0 12.2 25 330   M    M  10 1      35 330
12  42  21  32  -9  33   0 0.90  0.7    1 15.4 24 320   M    M   9 1468   31 350
13  30  20  25 -16  40   0    T    T    1 10.2 20 360   M    M   6        25 360
14  31  20  26 -15  39   0 0.00  0.0    1  5.1 14  80   M    M   7        17  70
15  44  24  34  -7  31   0 0.03    T    T  8.4 22 360   M    M   6 14     28 340
16  26  10  18 -23  47   0 0.07  1.8    2 11.2 24  10   M    M   6 1      29  10
17  22   7  15 -26  50   0 0.00  0.0    1  5.3 13 340   M    M   1        17 340
18  36  11  24 -17  41   0 0.00  0.0    1  5.4 12 200   M    M   0        24 240
================================================================================
SM  701  411       609   0  2.57     2.5 159.3          M      102
================================================================================
AV 38.9 22.8                               8.8 FASTST   M    M   6    MAX(MPH)
                                 MISC ---->  # 25 160               # 35  330
================================================================================
NOTES:
# LAST OF SEVERAL OCCURRENCES

COLUMN 17 PEAK WIND IN M.P.H.

PRELIMINARY LOCAL CLIMATOLOGICAL DATA (WS FORM: F-6) , PAGE 2

                                          STATION:  MEMPHIS
                                          MONTH:    JANUARY
                                          YEAR:     2018
                                          LATITUDE:   35  3 N
                                          LONGITUDE:  89 59 W

[TEMPERATURE DATA]      [PRECIPITATION DATA]       SYMBOLS USED IN COLUMN 16

AVERAGE MONTHLY: 30.9   TOTAL FOR MONTH:   2.57    1 = FOG OR MIST
DPTR FM NORMAL: -10.1   DPTR FM NORMAL:    0.26    2 = FOG REDUCING VISIBILITY
HIGHEST:    66 ON 11    GRTST 24HR  1.10 ON 11-11      TO 1/4 MILE OR LESS
LOWEST:      7 ON 17                               3 = THUNDER
                        SNOW, ICE PELLETS, HAIL    4 = ICE PELLETS
                        TOTAL MONTH:   2.5 INCHES  5 = HAIL
                        GRTST 24HR   1.8 ON 16-16  6 = FREEZING RAIN OR DRIZZLE
                        GRTST DEPTH:   2 ON 16     7 = DUSTSTORM OR SANDSTORM:
                                                       VSBY 1/2 MILE OR LESS
                                                   8 = SMOKE OR HAZE
[NO. OF DAYS WITH]      [WEATHER - DAYS WITH]      9 = BLOWING SNOW
                                                   X = TORNADO
MAX 32 OR BELOW:   7    0.01 INCH OR MORE:   7
MAX 90 OR ABOVE:   0    0.10 INCH OR MORE:   3
MIN 32 OR BELOW:  14    0.50 INCH OR MORE:   2
MIN  0 OR BELOW:   0    1.00 INCH OR MORE:   1

[HDD (BASE 65) ]
TOTAL THIS MO.   609    CLEAR  (SCALE 0-3)   6
DPTR FM NORMAL   177    PTCLDY (SCALE 4-7)   6
TOTAL FM JUL 1  1748    CLOUDY (SCALE 8-10)  6
DPTR FM NORMAL   152

[CDD (BASE 65) ]
TOTAL THIS MO.     0
DPTR FM NORMAL     0    [PRESSURE DATA]
TOTAL FM JAN 1     0    HIGHEST SLP M ON M
DPTR FM NORMAL     0    LOWEST  SLP 29.71 ON 11

[REMARKS]
