155
CXUS51 KCLE 200800
CF6MFD
PRELIMINARY LOCAL CLIMATOLOGICAL DATA (WS FORM: F-6)

                                          STATION:   MANSFIELD OH
                                          MONTH:     JANUARY
                                          YEAR:      2017
                                          LATITUDE:   40 49 N
                                          LONGITUDE:  82 31 W

  TEMPERATURE IN F:       :PCPN:    SNOW:  WIND      :SUNSHINE: SKY     :PK WND
================================================================================
1   2   3   4   5  6A  6B    7    8   9   10  11  12  13   14  15   16   17  18
                                     12Z  AVG MX 2MIN
DY MAX MIN AVG DEP HDD CDD  WTR  SNW DPTH SPD SPD DIR MIN PSBL S-S WX    SPD DR
================================================================================

 1  43  21  32   6  33   0 0.00  0.0    0  5.0 12  90   M    M   0 18     16 220
 2  50  33  42  16  23   0    T  0.0    0  7.1 14 140   M    M  10 128    19 140
 3  51  40  46  20  19   0 0.79  0.0    0  7.0 17 280   M    M  10 12     22 250
 4  39  18  29   3  36   0 0.06    T    0 15.8 23 260   M    M   9 1      40 260
 5  19   7  13 -13  52   0 0.12  2.0    0  8.5 17 240   M    M   9 18     24 260
 6  12   0   6 -20  59   0    T    T    2  6.1 13 220   M    M   1 18     20 260
 7  13   0   7 -19  58   0    T    T    2  8.8 16 250   M    M   3 18     22 250
 8  15   5  10 -16  55   0    T    T    2  8.3 16 280   M    M   5 1      22 290
 9  29  10  20  -6  45   0 0.00  0.0    2 14.2 23 170   M    M   6        29 180
10  48  28  38  13  27   0 0.36  0.3    2 24.1 44 220   M    M  10 18     61 210
11  57  30  44  19  21   0 0.18  0.0    0 18.4 35 190   M    M   3 1      46 180
12  62  31  47  22  18   0 1.57  0.0    0 16.6 35 210   M    M  10 13     49 200
13  31  23  27   2  38   0 0.00  0.0    0  7.2 13 350   M    M   4        16  30
14  33  23  28   3  37   0 0.00  0.0    0  5.5 10  60   M    M   8        14  70
15  33  22  28   3  37   0 0.00  0.0    0  2.7  7 160   M    M   4 12      8 290
16  42  26  34   9  31   0 0.03  0.0    0  7.5 14 160   M    M   8 18     16 150
17  58  42  50  25  15   0 0.39  0.0    0 13.2 24 210   M    M  10 1      34 180
18  42  35  39  14  26   0    T  0.0    0 10.3 17 260   M    M  10 1      24 250
19  41  34  38  13  27   0 0.00  0.0    0  7.5 15 220   M    M   7 1      18 220
================================================================================
SM  718  428       657   0  3.50     2.3 193.8          M      127
================================================================================
AV 37.8 22.5                              10.2 FASTST   M    M   7    MAX(MPH)
                                 MISC ---->  # 44 220               # 61  210
================================================================================
NOTES:
# LAST OF SEVERAL OCCURRENCES

COLUMN 17 PEAK WIND IN M.P.H.

PRELIMINARY LOCAL CLIMATOLOGICAL DATA (WS FORM: F-6) , PAGE 2

                                          STATION:  MANSFIELD OH
                                          MONTH:    JANUARY
                                          YEAR:     2017
                                          LATITUDE:   40 49 N
                                          LONGITUDE:  82 31 W

[TEMPERATURE DATA]      [PRECIPITATION DATA]       SYMBOLS USED IN COLUMN 16

AVERAGE MONTHLY: 30.2   TOTAL FOR MONTH:   3.50    1 = FOG OR MIST
DPTR FM NORMAL:   4.7   DPTR FM NORMAL:    1.67    2 = FOG REDUCING VISIBILITY
HIGHEST:    62 ON 12    GRTST 24HR  1.75 ON 11-12      TO 1/4 MILE OR LESS
LOWEST:      0 ON  7, 6                            3 = THUNDER
                        SNOW, ICE PELLETS, HAIL    4 = ICE PELLETS
                        TOTAL MONTH:   2.3 INCHES  5 = HAIL
                        GRTST 24HR   2.0 ON  5- 5  6 = FREEZING RAIN OR DRIZZLE
                        GRTST DEPTH:   2 ON 10, 9  7 = DUSTSTORM OR SANDSTORM:
                                                       VSBY 1/2 MILE OR LESS
                                                   8 = SMOKE OR HAZE
[NO. OF DAYS WITH]      [WEATHER - DAYS WITH]      9 = BLOWING SNOW
                                                   X = TORNADO
MAX 32 OR BELOW:   6    0.01 INCH OR MORE:   8
MAX 90 OR ABOVE:   0    0.10 INCH OR MORE:   6
MIN 32 OR BELOW:  14    0.50 INCH OR MORE:   2
MIN  0 OR BELOW:   2    1.00 INCH OR MORE:   1

[HDD (BASE 65) ]
TOTAL THIS MO.   657    CLEAR  (SCALE 0-3)   3
DPTR FM NORMAL   -95    PTCLDY (SCALE 4-7)   6
TOTAL FM JUL 1  2642    CLOUDY (SCALE 8-10) 10
DPTR FM NORMAL  -487

[CDD (BASE 65) ]
TOTAL THIS MO.     0
DPTR FM NORMAL     0    [PRESSURE DATA]
TOTAL FM JAN 1     0    HIGHEST SLP M ON M
DPTR FM NORMAL     0    LOWEST  SLP 29.55 ON  3

[REMARKS]
