000
CXUS54 KBRO 300900
CF6MFE
PRELIMINARY LOCAL CLIMATOLOGICAL DATA (WS FORM: F-6)

                                          STATION:   MCALLEN
                                          MONTH:     AUGUST
                                          YEAR:      2016
                                          LATITUDE:   26 10 N
                                          LONGITUDE:  98 14 W

  TEMPERATURE IN F:       :PCPN:    SNOW:  WIND      :SUNSHINE: SKY     :PK WND
================================================================================
1   2   3   4   5  6A  6B    7    8   9   10  11  12  13   14  15   16   17  18
                                     12Z  AVG MX 2MIN
DY MAX MIN AVG DEP HDD CDD  WTR  SNW DPTH SPD SPD DIR MIN PSBL S-S WX    SPD DR
================================================================================

 1 104  78  91   3   0  26 0.00  0.0    0 15.0 25 130   M    M   0        32 120
 2 103  78  91   3   0  26 0.00  0.0    0 12.5 24 130   M    M   2        29 120
 3 103  79  91   3   0  26 0.00  0.0    0  9.7 21 120   M    M   2        26  90
 4 104  79  92   4   0  27 0.00  0.0    0 11.3 22 110   M    M   3        27 110
 5 105  79  92   4   0  27 0.00  0.0    0 11.6 23 110   M    M   1        29 110
 6 105  80  93   5   0  28    T  0.0    0 11.2 24 120   M    M   3        30 130
 7 105  80  93   5   0  28 0.00  0.0    0 11.5 25 130   M    M   2        32 110
 8 105  80  93   5   0  28 0.00  0.0    0 11.3 23 140   M    M   2        28 150
 9 106  81  94   6   0  29 0.00  0.0    0 13.7 26 120   M    M   1        31 120
10 106  81  94   6   0  29 0.00  0.0    0 14.2 24 120   M    M   1        34 140
11 107  84  96   8   0  31 0.00  0.0    0 16.3 26 130   M    M   1        31 130
12 106  82  94   6   0  29 0.00  0.0    0 15.5 25 140   M    M   1 8      37 120
13 105  84  95   7   0  30 0.00  0.0    0 13.4 24 140   M    M   4 8      30 130
14  97  82  90   2   0  25    T  0.0    0  8.4 20 270   M    M   3        31 280
15 103  77  90   2   0  25 0.00  0.0    0  6.7 23 110   M    M   2 3      28 110
16  92  77  85  -3   0  20 0.25  0.0    0  5.7 15 110   M    M   4 13     19 170
17  97  77  87  -1   0  22 0.46  0.0    0  8.6 26 120   M    M   2 13     33 170
18 100  77  89   1   0  24    T  0.0    0 11.3 24 120   M    M   1        30 100
19 100  79  90   2   0  25 0.00  0.0    0 14.5 29 140   M    M   1 1      36 130
20 103  82  93   5   0  28 0.00  0.0    0 17.3 28 130   M    M   1        37 150
21  98  79  89   2   0  24 0.08  0.0    0 10.3 22 120   M    M   5 138    29 120
22 101  77  89   2   0  24 0.00  0.0    0 13.2 25 140   M    M   2 1      32 150
23 102  79  91   4   0  26 0.00  0.0    0 13.4 25 140   M    M   1        32 140
24 103  76  90   3   0  25 0.00  0.0    0 13.2 23 130   M    M   0        29 140
25 104  75  90   3   0  25 0.01  0.0    0 10.3 22 100   M    M   1        27 110
26 102  80  91   4   0  26 0.00  0.0    0  7.9 23 110   M    M   2 3      29 110
27 103  78  91   4   0  26 0.00  0.0    0  5.8 20 120   M    M   1        26 100
28 103  79  91   4   0  26 0.00  0.0    0  5.1 17  90   M    M   1        22  80
29 101  78  90   4   0  25 0.00  0.0    0  6.9 18  20   M    M   1        26  30
================================================================================
SM 2973 2297         0 760  0.80     0.0 325.8          M       51
================================================================================
AV102.5 79.2                              11.2 FASTST   M    M   2    MAX(MPH)
                                 MISC ---->  # 29 140               # 37  120
================================================================================
NOTES:
# LAST OF SEVERAL OCCURRENCES

COLUMN 17 PEAK WIND IN M.P.H.

PRELIMINARY LOCAL CLIMATOLOGICAL DATA (WS FORM: F-6) , PAGE 2

                                          STATION:  MCALLEN
                                          MONTH:    AUGUST
                                          YEAR:     2016
                                          LATITUDE:   26 10 N
                                          LONGITUDE:  98 14 W

[TEMPERATURE DATA]      [PRECIPITATION DATA]       SYMBOLS USED IN COLUMN 16

AVERAGE MONTHLY: 90.9   TOTAL FOR MONTH:   0.80    1 = FOG OR MIST
DPTR FM NORMAL:   3.2   DPTR FM NORMAL:   -1.18    2 = FOG REDUCING VISIBILITY
HIGHEST:   107 ON 11    GRTST 24HR  0.46 ON 17-17      TO 1/4 MILE OR LESS
LOWEST:     75 ON 25                               3 = THUNDER
                        SNOW, ICE PELLETS, HAIL    4 = ICE PELLETS
                        TOTAL MONTH:   0.0 INCH    5 = HAIL
                        GRTST 24HR     0.0         6 = FREEZING RAIN OR DRIZZLE
                        GRTST DEPTH:   0           7 = DUSTSTORM OR SANDSTORM:
                                                       VSBY 1/2 MILE OR LESS
                                                   8 = SMOKE OR HAZE
[NO. OF DAYS WITH]      [WEATHER - DAYS WITH]      9 = BLOWING SNOW
                                                   X = TORNADO
MAX 32 OR BELOW:   0    0.01 INCH OR MORE:   4
MAX 90 OR ABOVE:  29    0.10 INCH OR MORE:   2
MIN 32 OR BELOW:   0    0.50 INCH OR MORE:   0
MIN  0 OR BELOW:   0    1.00 INCH OR MORE:   0

[HDD (BASE 65) ]
TOTAL THIS MO.     0    CLEAR  (SCALE 0-3)  26
DPTR FM NORMAL     0    PTCLDY (SCALE 4-7)   3
TOTAL FM JUL 1     0    CLOUDY (SCALE 8-10)  0
DPTR FM NORMAL     0

[CDD (BASE 65) ]
TOTAL THIS MO.   760
DPTR FM NORMAL   104    [PRESSURE DATA]
TOTAL FM JAN 1  3856    HIGHEST SLP M ON M
DPTR FM NORMAL   643    LOWEST  SLP 29.72 ON 13

[REMARKS]
