000
CXUS54 KBRO 260924
CF6MFE
PRELIMINARY LOCAL CLIMATOLOGICAL DATA (WS FORM: F-6)

                                          STATION:   MCALLEN
                                          MONTH:     MARCH
                                          YEAR:      2015
                                          LATITUDE:   26 10 N
                                          LONGITUDE:  98 14 W

  TEMPERATURE IN F:       :PCPN:    SNOW:  WIND      :SUNSHINE: SKY     :PK WND
================================================================================
1   2   3   4   5  6A  6B    7    8   9   10  11  12  13   14  15   16   17  18
                                     12Z  AVG MX 2MIN
DY MAX MIN AVG DEP HDD CDD  WTR  SNW DPTH SPD SPD DIR MIN PSBL S-S WX    SPD DR
================================================================================

 1  66  47  57 -11   8   0 0.00  0.0    0  7.4 13  10   M    M   9 1      17  30
 2  56  52  54 -14  11   0    T  0.0    0  6.7 12 360   M    M  10 1      15  10
 3  84  53  69   1   0   4 0.00  0.0    0  8.2 26 140   M    M   8 18     33 150
 4  86  70  78  10   0  13 0.00  0.0    0 10.8 17 140   M    M   8 18     23 110
 5  73  44  59  -9   6   0    T    M    0 18.9 37 350   M    M  10 18     45 340
 6  54  44  49 -20  16   0 0.00  0.0    0  8.5 18  10   M    M   8        23  10
 7  68  40  54 -15  11   0 0.00  0.0    0  6.1 15  80   M    M   8 8      18  80
 8  63  56  60  -9   5   0 0.30  0.0    0  5.0 10 360   M    M  10 1      14  10
 9  74  59  67  -2   0   2    M  0.0    0  4.4 12  20   M    M   9 1      14 110
10  70  59  65  -5   0   0    M  0.0    0  8.4 15  10   M    M   9 18     21  40
11  60  55  58 -12   7   0 0.01  0.0    0  9.4 18 340   M    M   8        23 320
12  77  50  64  -6   1   0 0.00  0.0    0  6.2 15 310   M    M   1 18     19 360
13  80  52  66  -4   0   1 0.00  0.0    0  4.2  9 140   M    M   2 1      11 330
14  77  60  69  -1   0   4    T  0.0    0  2.6 13 140   M    M   7 1      15 140
15  72  61  67  -4   0   2 0.11  0.0    0  5.2 15  50   M    M   8 1      19  30
16  69  59  64  -7   1   0    T  0.0    0  6.0 14  10   M    M  10 18     16 360
17  77  65  71   0   0   6 0.08  0.0    0  4.3 12 110   M    M  10 18     14 150
18  80  71  76   5   0  11 0.09  0.0    0  7.0 17 130   M    M   9 18     20  40
19  80  70  75   3   0  10 0.00  0.0    0 10.2 20 140   M    M  10 18     24 140
20  84  71  78   6   0  13 0.00  0.0    0  8.0 16 140   M    M   7 18     21 120
21  75  67  71  -1   0   6 0.49  0.0    0  4.4 14 350   M    M  10 1      17 340
22  85  65  75   3   0  10    T  0.0    0  5.8 10  80   M    M   7 12     16 360
23  87  61  74   2   0   9 0.00  0.0    0  6.9 18 120   M    M   2 128    23 120
24  87  65  76   3   0  11 0.00  0.0    0 10.4 17 130   M    M   3 1      24 140
25  81  69  75   2   0  10    T  0.0    0 11.8 21 140   M    M   9 18     26 140
================================================================================
SM 1865 1465        66 112  1.08     0.0 186.8          M      192
================================================================================
AV 74.6 58.6                               7.5 FASTST   M    M   8    MAX(MPH)
                                 MISC ---->  # 37 350               # 45  340
================================================================================
NOTES:
# LAST OF SEVERAL OCCURRENCES

COLUMN 17 PEAK WIND IN M.P.H.

PRELIMINARY LOCAL CLIMATOLOGICAL DATA (WS FORM: F-6) , PAGE 2

                                          STATION:  MCALLEN
                                          MONTH:    MARCH
                                          YEAR:     2015
                                          LATITUDE:   26 10 N
                                          LONGITUDE:  98 14 W

[TEMPERATURE DATA]      [PRECIPITATION DATA]       SYMBOLS USED IN COLUMN 16

AVERAGE MONTHLY: 66.6   TOTAL FOR MONTH:   1.08    1 = FOG OR MIST
DPTR FM NORMAL:  -3.6   DPTR FM NORMAL:    0.24    2 = FOG REDUCING VISIBILITY
HIGHEST:    87 ON 24,23 GRTST 24HR  0.49 ON 21-21      TO 1/4 MILE OR LESS
LOWEST:     40 ON  7                               3 = THUNDER
                        SNOW, ICE PELLETS, HAIL    4 = ICE PELLETS
                        TOTAL MONTH:   0.0 INCH    5 = HAIL
                        GRTST 24HR     0.0         6 = FREEZING RAIN OR DRIZZLE
                        GRTST DEPTH:   0           7 = DUSTSTORM OR SANDSTORM:
                                                       VSBY 1/2 MILE OR LESS
                                                   8 = SMOKE OR HAZE
[NO. OF DAYS WITH]      [WEATHER - DAYS WITH]      9 = BLOWING SNOW
                                                   X = TORNADO
MAX 32 OR BELOW:   0    0.01 INCH OR MORE:   6
MAX 90 OR ABOVE:   0    0.10 INCH OR MORE:   3
MIN 32 OR BELOW:   0    0.50 INCH OR MORE:   0
MIN  0 OR BELOW:   0    1.00 INCH OR MORE:   0

[HDD (BASE 65) ]
TOTAL THIS MO.    66    CLEAR  (SCALE 0-3)   4
DPTR FM NORMAL    30    PTCLDY (SCALE 4-7)   7
TOTAL FM JUL 1   756    CLOUDY (SCALE 8-10) 14
DPTR FM NORMAL   187

[CDD (BASE 65) ]
TOTAL THIS MO.   112
DPTR FM NORMAL   -51    [PRESSURE DATA]
TOTAL FM JAN 1   197    HIGHEST SLP M ON M
DPTR FM NORMAL  -125    LOWEST  SLP 29.71 ON  4

[REMARKS]
