000
CXUS53 KGRB 180654
CF6MFI
PRELIMINARY LOCAL CLIMATOLOGICAL DATA (WS FORM: F-6)

                                          STATION:   MARSHFIELD WI
                                          MONTH:     NOVEMBER
                                          YEAR:      2017
                                          LATITUDE:   44 37 N
                                          LONGITUDE:  90 11 W

  TEMPERATURE IN F:       :PCPN:    SNOW:  WIND      :SUNSHINE: SKY     :PK WND
================================================================================
1   2   3   4   5  6A  6B    7    8   9   10  11  12  13   14  15   16   17  18
                                     12Z  AVG MX 2MIN
DY MAX MIN AVG DEP HDD CDD  WTR  SNW DPTH SPD SPD DIR MIN PSBL S-S WX    SPD DR
================================================================================

 1  37  21  29 -11  36   0    M    M    M  9.3 18 160   M    M   7 1      23 170
 2  45  33  39  -1  26   0 0.00  0.0    0  9.1 21 330   M    M  10 128    25 330
 3  40  24  32  -7  33   0 0.00  0.0    0  7.4 21 330   M    M   6        24 340
 4  40  33  37  -2  28   0    M    M    M  9.8 15  90   M    M  10 1      23 100
 5  43  28  36  -2  29   0    T  0.0    0 11.7 24 340   M    M  10 1      28 330
 6  35  19  27 -11  38   0 0.00  0.0    0  6.3 16 300   M    M   5        21 300
 7  35  22  29  -8  36   0 0.00  0.0    0  6.4 15 310   M    M   1        20 310
 8  39  21  30  -6  35   0    T    T    M  8.3 16 230   M    M   4 8      20 250
 9  34   9  22 -14  43   0    M    M    M 16.3 30 320   M    M   5 18     35 330
10  25   6  16 -20  49   0 0.00  0.0    0  9.1 20 150   M    M   3        24 160
11  30  20  25 -10  40   0    M    M    M  7.8 18 160   M    M   9 1      24 170
12  41  16  29  -5  36   0 0.00  0.0    M  2.7 10 280   M    M   0 18     13 280
13  41  19  30  -4  35   0 0.00  0.0    0  5.1 15 210   M    M   2 18     21 210
14  40  33  37   4  28   0 0.05  0.0    0 10.1 17 190   M    M  10 18     23 190
15  43  29  36   3  29   0 0.01  0.0    0 15.0 28 310   M    M  10 128    35 310
16  34  27  31  -1  34   0 0.00  0.0    0 10.1 25 320   M    M   7        30 320
17  35  31  33   1  32   0 0.01  0.0    0 10.1 22 150   M    M  10 18     28 150
================================================================================
SM  637  391       587   0  0.07    T    154.6          M      109
================================================================================
AV 37.5 23.0                               9.1 FASTST   M    M   6    MAX(MPH)
                                 MISC ---->  # 30 320               # 35  330
================================================================================
NOTES:
# LAST OF SEVERAL OCCURRENCES

COLUMN 17 PEAK WIND IN M.P.H.

PRELIMINARY LOCAL CLIMATOLOGICAL DATA (WS FORM: F-6) , PAGE 2

                                          STATION:  MARSHFIELD WI
                                          MONTH:    NOVEMBER
                                          YEAR:     2017
                                          LATITUDE:   44 37 N
                                          LONGITUDE:  90 11 W

[TEMPERATURE DATA]      [PRECIPITATION DATA]       SYMBOLS USED IN COLUMN 16

AVERAGE MONTHLY: 30.2   TOTAL FOR MONTH:   0.07    1 = FOG OR MIST
DPTR FM NORMAL:  -5.8   DPTR FM NORMAL:   -0.94    2 = FOG REDUCING VISIBILITY
HIGHEST:    45 ON  2    GRTST 24HR  0.05 ON 14-14      TO 1/4 MILE OR LESS
LOWEST:      6 ON 10                               3 = THUNDER
                        SNOW, ICE PELLETS, HAIL    4 = ICE PELLETS
                        TOTAL MONTH:    T          5 = HAIL
                        GRTST 24HR    T  ON  8- 8  6 = FREEZING RAIN OR DRIZZLE
                        GRTST DEPTH:   0           7 = DUSTSTORM OR SANDSTORM:
                                                       VSBY 1/2 MILE OR LESS
                                                   8 = SMOKE OR HAZE
[NO. OF DAYS WITH]      [WEATHER - DAYS WITH]      9 = BLOWING SNOW
                                                   X = TORNADO
MAX 32 OR BELOW:   2    0.01 INCH OR MORE:   3
MAX 90 OR ABOVE:   0    0.10 INCH OR MORE:   0
MIN 32 OR BELOW:  14    0.50 INCH OR MORE:   0
MIN  0 OR BELOW:   0    1.00 INCH OR MORE:   0

[HDD (BASE 65) ]
TOTAL THIS MO.   587    CLEAR  (SCALE 0-3)   4
DPTR FM NORMAL    94    PTCLDY (SCALE 4-7)   6
TOTAL FM JUL 1  1258    CLOUDY (SCALE 8-10)  7
DPTR FM NORMAL   -91

[CDD (BASE 65) ]
TOTAL THIS MO.     0
DPTR FM NORMAL     0    [PRESSURE DATA]
TOTAL FM JAN 1   382    HIGHEST SLP M ON M
DPTR FM NORMAL    11    LOWEST  SLP 29.60 ON 17

[REMARKS]
