000
CXUS54 KBMX 181216
CF6MGM
PRELIMINARY LOCAL CLIMATOLOGICAL DATA (WS FORM: F-6)

                                          STATION:   MONTGOMERY
                                          MONTH:     JANUARY
                                          YEAR:      2017
                                          LATITUDE:   32 17 N
                                          LONGITUDE:  86 24 W

  TEMPERATURE IN F:       :PCPN:    SNOW:  WIND      :SUNSHINE: SKY     :PK WND
================================================================================
1   2   3   4   5  6A  6B    7    8   9   10  11  12  13   14  15   16   17  18
                                     12Z  AVG MX 2MIN
DY MAX MIN AVG DEP HDD CDD  WTR  SNW DPTH SPD SPD DIR MIN PSBL S-S WX    SPD DR
================================================================================

 1  66  54  60  14   5   0 1.86  0.0    0  5.5 12 150   M    M  10 13     16 160
 2  68  62  65  19   0   0 4.21  0.0    0  8.5 23 360   M    M  10 13     28 230
 3  68  53  61  15   4   0    T  0.0    0  5.1 10 240   M    M   6 18     15 240
 4  57  43  50   4  15   0 0.00  0.0    0  8.9 18 320   M    M   4 18     23 330
 5  59  34  47   1  18   0    T  0.0    0  4.0 15 330   M    M   5        20 330
 6  50  32  41  -5  24   0 1.52    M    0  9.9 22 330   M    M  10 8      30 320
 7  36  24  30 -16  35   0 0.00  0.0    0 13.1 24 330   M    M   3        31 320
 8  42  21  32 -14  33   0 0.00  0.0    0  4.6 13  30   M    M   0        16  40
 9  55  21  38  -8  27   0 0.00  0.0    0  4.8 12 140   M    M   1        15 110
10  68  31  50   4  15   0    T    M    0  8.0 20 170   M    M   6        26 160
11  75  51  63  17   2   0 0.05  0.0    0  9.6 22 180   M    M   5 18     29 200
12  80  51  66  20   0   1 0.00  0.0    0  5.3 14 170   M    M   3 1      17 170
13  81  52  67  21   0   2 0.00  0.0    0  2.0  8 180   M    M   2 128    10 190
14  79  48  64  18   1   0 0.00  0.0    0  1.1  8 180   M    M   0 18     10 170
15  78  47  63  17   2   0 0.00  0.0    0  2.2  8 170   M    M   1 18     11 170
16  80  50  65  19   0   0 0.00  0.0    0  5.1 14 180   M    M   4        17 170
17  80  55  68  22   0   3 0.00  0.0    0  4.6 16 200   M    M   5        21 200
================================================================================
SM 1122  729       181   6  7.64     0.0 102.3          M       75
================================================================================
AV 66.0 42.9                               6.0 FASTST   M    M   4    MAX(MPH)
                                 MISC ---->  # 24 330               # 31  320
================================================================================
NOTES:
# LAST OF SEVERAL OCCURRENCES

COLUMN 17 PEAK WIND IN M.P.H.

PRELIMINARY LOCAL CLIMATOLOGICAL DATA (WS FORM: F-6) , PAGE 2

                                          STATION:  MONTGOMERY
                                          MONTH:    JANUARY
                                          YEAR:     2017
                                          LATITUDE:   32 17 N
                                          LONGITUDE:  86 24 W

[TEMPERATURE DATA]      [PRECIPITATION DATA]       SYMBOLS USED IN COLUMN 16

AVERAGE MONTHLY: 54.4   TOTAL FOR MONTH:   7.64    1 = FOG OR MIST
DPTR FM NORMAL:   8.4   DPTR FM NORMAL:    5.30    2 = FOG REDUCING VISIBILITY
HIGHEST:    81 ON 13    GRTST 24HR  4.36 ON  1- 2      TO 1/4 MILE OR LESS
LOWEST:     21 ON  9, 8                            3 = THUNDER
                        SNOW, ICE PELLETS, HAIL    4 = ICE PELLETS
                        TOTAL MONTH:   0.0 INCH    5 = HAIL
                        GRTST 24HR     0.0         6 = FREEZING RAIN OR DRIZZLE
                        GRTST DEPTH:   0           7 = DUSTSTORM OR SANDSTORM:
                                                       VSBY 1/2 MILE OR LESS
                                                   8 = SMOKE OR HAZE
[NO. OF DAYS WITH]      [WEATHER - DAYS WITH]      9 = BLOWING SNOW
                                                   X = TORNADO
MAX 32 OR BELOW:   0    0.01 INCH OR MORE:   4
MAX 90 OR ABOVE:   0    0.10 INCH OR MORE:   3
MIN 32 OR BELOW:   5    0.50 INCH OR MORE:   3
MIN  0 OR BELOW:   0    1.00 INCH OR MORE:   3

[HDD (BASE 65) ]
TOTAL THIS MO.   181    CLEAR  (SCALE 0-3)   7
DPTR FM NORMAL  -142    PTCLDY (SCALE 4-7)   7
TOTAL FM JUL 1   705    CLOUDY (SCALE 8-10)  3
DPTR FM NORMAL  -506

[CDD (BASE 65) ]
TOTAL THIS MO.     6
DPTR FM NORMAL     6    [PRESSURE DATA]
TOTAL FM JAN 1     6    HIGHEST SLP M ON M
DPTR FM NORMAL     6    LOWEST  SLP 29.80 ON  2

[REMARKS]
