000
CXUS51 KPBZ 300804
CF6MGW
PRELIMINARY LOCAL CLIMATOLOGICAL DATA (WS FORM: F-6)

                                          STATION:   MORGANTOWN WV
                                          MONTH:     APRIL
                                          YEAR:      2017
                                          LATITUDE:   39 39 N
                                          LONGITUDE:  79 55 W

  TEMPERATURE IN F:       :PCPN:    SNOW:  WIND      :SUNSHINE: SKY     :PK WND
================================================================================
1   2   3   4   5  6A  6B    7    8   9   10  11  12  13   14  15   16   17  18
                                     12Z  AVG MX 2MIN
DY MAX MIN AVG DEP HDD CDD  WTR  SNW DPTH SPD SPD DIR MIN PSBL S-S WX    SPD DR
================================================================================

 1  51  40  46  -2  19   0 0.12    M    0  4.5 14 320   M    M  10 1      20 310
 2  62  32  47  -1  18   0 0.00    M    M  2.6  9 120   M    M   2 1      13 120
 3  77  47  62  14   3   0 0.04    M    M  4.7 17 180   M    M   5        25 190
 4  67  56  62  13   3   0 0.11    M    M  7.8 17 230   M    M   9 1      27 290
 5  76  44  60  11   5   0 0.01    M    M  6.8 24 160   M    M   1        34 160
 6  66  36  51   1  14   0 0.88    M    0  8.3 17 230   M    M  10 1      29 240
 7  42  31  37 -13  28   0 0.18    M    0  7.4 14 300   M    M   8 18     27 300
 8  60  27  44  -6  21   0 0.00  0.0    0  3.7 10 280   M    M   0        16 280
 9  75  33  54   3  11   0 0.00  0.0    0  3.6 10 220   M    M   0        16 230
10  80  60  70  19   0   5 0.00  0.0    0  6.6 16 220   M    M   0        27 230
11  78  58  68  17   0   3 0.35  0.0    0  5.3 21 290   M    M   4 138    32 300
12  69  49  59   7   6   0 0.10    M    0  4.3 13 360   M    M   5 1      17 350
13  65  44  55   3  10   0 0.00  0.0    0  5.8 14  30   M    M   2        19 360
14  76  48  62  10   3   0 0.00  0.0    0  1.8  9  50   M    M   3        12  10
15  81  50  66  13   0   1    T  0.0    0  4.7 22 210   M    M   2        29 210
16  76  60  68  15   0   3 0.82  0.0    0  8.6 21 210   M    M   7 13     32 200
17  70  53  62   9   3   0 0.40    M    M  5.1 13 350   M    M   5 1      19 350
18  75  43  59   5   6   0 0.00  0.0    0  5.4 17 140   M    M   1        23 130
19  72  59  66  12   0   1    T    M    M  7.1 15 160   M    M   8        22 160
20  79  60  70  16   0   5 0.84  0.0    0  6.2 21 200   M    M   4 138    27 200
21  75  55  65  10   0   0 0.59  0.0    0  6.0 15 230   M    M   7 1      24 250
22  55  43  49  -6  16   0 0.06    M    0  6.0 16 360   M    M   8 1      22 350
23  68  40  54  -1  11   0 0.00  0.0    0  5.2 14 120   M    M   0 1      20 100
24  58  51  55  -1  10   0 0.02  0.0    0  8.3 17 110   M    M   8        25  90
25  64  51  58   2   7   0 0.01  0.0    0  6.0 13  90   M    M   8        20  90
26  80  46  63   7   2   0 0.00  0.0    0  2.4 10 150   M    M   0 1      13 150
27  83  57  70  14   0   5 0.24  0.0    0  4.8 17 220   M    M   2 123    32 210
28  78  50  64   7   1   0 0.06  0.0    0  2.8 15 360   M    M   4 123    21 360
29  80  54  67  10   0   2 0.57  0.0    0  5.7 17 160   M    M   5 13     24 110
================================================================================
SM 2038 1377       197  25  5.40     0.0 157.5          M      128
================================================================================
AV 70.3 47.5                               5.4 FASTST   M    M   4    MAX(MPH)
                                 MISC ---->  # 24 160               # 34  160
================================================================================
NOTES:
# LAST OF SEVERAL OCCURRENCES

COLUMN 17 PEAK WIND IN M.P.H.

PRELIMINARY LOCAL CLIMATOLOGICAL DATA (WS FORM: F-6) , PAGE 2

                                          STATION:  MORGANTOWN WV
                                          MONTH:    APRIL
                                          YEAR:     2017
                                          LATITUDE:   39 39 N
                                          LONGITUDE:  79 55 W

[TEMPERATURE DATA]      [PRECIPITATION DATA]       SYMBOLS USED IN COLUMN 16

AVERAGE MONTHLY: 58.9   TOTAL FOR MONTH:   5.40    1 = FOG OR MIST
DPTR FM NORMAL:   6.3   DPTR FM NORMAL:    2.00    2 = FOG REDUCING VISIBILITY
HIGHEST:    83 ON 27    GRTST 24HR  1.00 ON 31- 1      TO 1/4 MILE OR LESS
LOWEST:     27 ON  8                               3 = THUNDER
                        SNOW, ICE PELLETS, HAIL    4 = ICE PELLETS
                        TOTAL MONTH:   0.0 INCH    5 = HAIL
                        GRTST 24HR     0.0         6 = FREEZING RAIN OR DRIZZLE
                        GRTST DEPTH:   0           7 = DUSTSTORM OR SANDSTORM:
                                                       VSBY 1/2 MILE OR LESS
                                                   8 = SMOKE OR HAZE
[NO. OF DAYS WITH]      [WEATHER - DAYS WITH]      9 = BLOWING SNOW
                                                   X = TORNADO
MAX 32 OR BELOW:   0    0.01 INCH OR MORE:  18
MAX 90 OR ABOVE:   0    0.10 INCH OR MORE:  12
MIN 32 OR BELOW:   3    0.50 INCH OR MORE:   5
MIN  0 OR BELOW:   0    1.00 INCH OR MORE:   0

[HDD (BASE 65) ]
TOTAL THIS MO.   197    CLEAR  (SCALE 0-3)  11
DPTR FM NORMAL  -175    PTCLDY (SCALE 4-7)  14
TOTAL FM JUL 1  3868    CLOUDY (SCALE 8-10)  4
DPTR FM NORMAL -1105

[CDD (BASE 65) ]
TOTAL THIS MO.    25
DPTR FM NORMAL    14    [PRESSURE DATA]
TOTAL FM JAN 1    30    HIGHEST SLP M ON M
DPTR FM NORMAL    17    LOWEST  SLP 29.28 ON  6

[REMARKS]
