000
CXUS55 KFSD 240905
CF6MHE
PRELIMINARY LOCAL CLIMATOLOGICAL DATA (WS FORM: F-6)

                                          STATION:   MITCHELL SD
                                          MONTH:     FEBRUARY
                                          YEAR:      2018
                                          LATITUDE:   43 46 N
                                          LONGITUDE:  98  2 W

  TEMPERATURE IN F:       :PCPN:    SNOW:  WIND      :SUNSHINE: SKY     :PK WND
================================================================================
1   2   3   4   5  6A  6B    7    8   9   10  11  12  13   14  15   16   17  18
                                     12Z  AVG MX 2MIN
DY MAX MIN AVG DEP HDD CDD  WTR  SNW DPTH SPD SPD DIR MIN PSBL S-S WX    SPD DR
================================================================================

 1  14   3   9 -11  56   0 0.00  0.0    T 12.5 26 340   M    M   0        32 350
 2  33   4  19  -1  46   0 0.00  0.0    0  9.9 18 150   M    M   7        22 160
 3  38   3  21   0  44   0    T    T    0 14.4 29 350   M    M   8 1      37 360
 4  12  -2   5 -16  60   0    T    T    T 13.1 24 350   M    M   3 1      30 360
 5  15  -3   6 -15  59   0 0.05  0.7    0 12.3 25 350   M    M   5 1      30 330
 6  12  -4   4 -17  61   0    T    T    1  8.6 20 160   M    M   8        22 160
 7  14  -3   6 -16  59   0    T    T    1 10.3 25 320   M    M   4 1      31 330
 8  17   2  10 -12  55   0 0.28  4.2    1  7.7 18  50   M    M   9 12     21  50
 9  10   1   6 -16  59   0    T    T    5 10.2 17  10   M    M   6 1      23  20
10   5 -10  -2 -24  67   0 0.00  0.0    5  7.3 12 270   M    M   1        14 250
11  17 -10   4 -18  61   0 0.00  0.0    5  6.6 15 280   M    M   1 1      19 280
12  13  -7   3 -20  62   0 0.00  0.0    5  9.8 21 160   M    M   6 1      26 140
13  30  11  21  -2  44   0 0.00  0.0    5  9.9 18 150   M    M   3 1      23 160
14  48   9  29   6  36   0 0.00  0.0    5  8.1 13 270   M    M   0 1      17 260
15  33   7  20  -4  45   0 0.03  0.4    4 14.8 30 350   M    M   6 19     35 340
16  33   0  17  -7  48   0 0.00  0.0    5 11.1 20 180   M    M   0        30 190
17  32  18  25   1  40   0 0.05  0.5    5  9.0 20 310   M    M   5 12     23 280
18  45  15  30   5  35   0 0.00  0.0    5 19.3 36 350   M    M   3        43 350
19  16   9  13 -12  52   0    T    T    5 20.6 30 360   M    M  10 19     37  10
20  12   0   6 -19  59   0 0.08  2.0    4 15.2 24 320   M    M   6 1      27 310
21  19  -5   7 -19  58   0 0.00  0.0    6 10.2 17 150   M    M   1        20 150
22  23   8  16 -10  49   0    M  3.5    6  7.6 16 140   M    M   8 12     18 150
23  22  -2  10 -16  55   0    T  0.0    8  7.2 13 290   M    M   3 1       M  M
================================================================================
SM  513   44      1210   0  0.49    11.3 255.7          M      103
================================================================================
AV 22.3  1.9                              11.1 FASTST   M    M   4    MAX(MPH)
                                 MISC ---->  # 36 350               # 43  350
================================================================================
NOTES:
# LAST OF SEVERAL OCCURRENCES

COLUMN 17 PEAK WIND IN M.P.H.

PRELIMINARY LOCAL CLIMATOLOGICAL DATA (WS FORM: F-6) , PAGE 2

                                          STATION:  MITCHELL SD
                                          MONTH:    FEBRUARY
                                          YEAR:     2018
                                          LATITUDE:   43 46 N
                                          LONGITUDE:  98  2 W

[TEMPERATURE DATA]      [PRECIPITATION DATA]       SYMBOLS USED IN COLUMN 16

AVERAGE MONTHLY: 12.1   TOTAL FOR MONTH:   0.49    1 = FOG OR MIST
DPTR FM NORMAL: -10.8   DPTR FM NORMAL:    0.21    2 = FOG REDUCING VISIBILITY
HIGHEST:    48 ON 14    GRTST 24HR  0.28 ON  8- 8      TO 1/4 MILE OR LESS
LOWEST:    -10 ON 11,10                            3 = THUNDER
                        SNOW, ICE PELLETS, HAIL    4 = ICE PELLETS
                        TOTAL MONTH:  11.3 INCHES  5 = HAIL
                        GRTST 24HR   4.2 ON  8- 8  6 = FREEZING RAIN OR DRIZZLE
                        GRTST DEPTH:   8 ON 23     7 = DUSTSTORM OR SANDSTORM:
                                                       VSBY 1/2 MILE OR LESS
                                                   8 = SMOKE OR HAZE
[NO. OF DAYS WITH]      [WEATHER - DAYS WITH]      9 = BLOWING SNOW
                                                   X = TORNADO
MAX 32 OR BELOW:  17    0.01 INCH OR MORE:   5
MAX 90 OR ABOVE:   0    0.10 INCH OR MORE:   1
MIN 32 OR BELOW:  23    0.50 INCH OR MORE:   0
MIN  0 OR BELOW:  11    1.00 INCH OR MORE:   0

[HDD (BASE 65) ]
TOTAL THIS MO.  1210    CLEAR  (SCALE 0-3)  10
DPTR FM NORMAL   243    PTCLDY (SCALE 4-7)  10
TOTAL FM JUL 1  5330    CLOUDY (SCALE 8-10)  3
DPTR FM NORMAL    -4

[CDD (BASE 65) ]
TOTAL THIS MO.     0
DPTR FM NORMAL     0    [PRESSURE DATA]
TOTAL FM JAN 1     0    HIGHEST SLP M ON M
DPTR FM NORMAL     0    LOWEST  SLP 29.52 ON 18

[REMARKS]
