000
CXUS52 KMFL 011207
CF6MIA
PRELIMINARY LOCAL CLIMATOLOGICAL DATA (WS FORM: F-6)

                                          STATION:   MIAMI
                                          MONTH:     JUNE
                                          YEAR:      2015
                                          LATITUDE:   25 49 N
                                          LONGITUDE:  80 17 W

  TEMPERATURE IN F:       :PCPN:    SNOW:  WIND      :SUNSHINE: SKY     :PK WND
================================================================================
1   2   3   4   5  6A  6B    7    8   9   10  11  12  13   14  15   16   17  18
                                     12Z  AVG MX 2MIN
DY MAX MIN AVG DEP HDD CDD  WTR  SNW DPTH SPD SPD DIR MIN PSBL S-S WX    SPD DR
================================================================================

 1  87  76  82   0   0  17 0.00  0.0    0  7.2 15 130 148    M   7        21 110
 2  85  75  80  -2   0  15 0.05  0.0    0  7.4 20 120 192    M   9        27 120
 3  84  72  78  -4   0  13 0.10  0.0    0  6.2 16 100 268    M   8 1      21 150
 4  87  75  81  -1   0  16 0.13  0.0    0  5.2 14 120 110   13   6        18 100
 5  87  77  82   0   0  17 0.24  0.0    0  6.4 17  90 117    M   8        21 120
 6  87  75  81  -1   0  16 0.02  0.0    0  5.0 17  80 394   48   8 3      22  80
 7  88  73  81  -1   0  16 0.00  0.0    0  7.3 16  80   M    M   7        22  80
 8  88  75  82   0   0  17 0.00  0.0    0  7.1 18  90   M    M   6        22  90
 9  88  74  81  -1   0  16 0.76  0.0    0  3.8 18 110   M    M   6 13     22 260
10  88  75  82   0   0  17 0.01  0.0    0  6.9 20 110 260    M   7 13     25 110
11  88  72  80  -3   0  15 0.55  0.0    0  9.8 26 100 465    M   9 13     37 110
12  90  81  86   3   0  21 0.00  0.0    0 13.4 21 110 347   42   7        25 100
13  89  82  86   3   0  21 0.02  0.0    0 14.7 22 100 375   46   9        27  90
14  88  78  83   0   0  18 0.09  0.0    0 12.3 22  90 376   46   9 8      26  80
15  89  78  84   1   0  19 0.07  0.0    0 10.1 17 110 212    M   7 3      22 100
16  90  78  84   1   0  19 0.00  0.0    0  8.2 14 110   M    M   4         M  M
17  90  78  84   1   0  19    T  0.0    0  8.1 16 110 281   34   5        22 150
18  91  82  87   4   0  22 0.00  0.0    0  9.1 15 120 752   91   3        21 120
19  92  81  87   4   0  22 0.00  0.0    0  7.6 15 110 637   77   3        22 140
20  92  80  86   3   0  21    T  0.0    0  7.0 16 110 416   50   6        20 130
21  92  80  86   3   0  21 0.00  0.0    0  7.0 16  90 631   76   6        25  90
22  91  81  86   3   0  21 0.06  0.0    0  8.6 18 110 652   79   5        23 110
23  91  82  87   4   0  22 0.00  0.0    0 10.3 18 110 644    M   5        24 110
24  92  82  87   4   0  22 0.00  0.0    0  9.3 16 110 707   86   6        23 150
25  92  81  87   4   0  22 0.00  0.0    0  6.8 17 120 451   55   7        26 160
26  90  78  84   1   0  19 0.80  0.0    0  5.0 17 250 491    M   7 38     23 260
27  92  76  84   1   0  19 0.06  0.0    0  3.8 21 240 300    M   7 3      31 230
28  91  79  85   2   0  20 0.33  0.0    0  5.5 20 190 367   44   7 3      25 190
29  93  76  85   2   0  20 0.31  0.0    0  4.3 18  50 499    M   6 3      24  50
30  95  78  87   4   0  22 0.00  0.0    0  5.5 18 110 543   66   7        23 130
================================================================================
SM 2687 2330         0 565  3.60     0.0 228.9        10635    197
================================================================================
AV 89.6 77.7                               7.6 FASTST  409  57   7    MAX(MPH)
                                 MISC ---->  # 26 100               # 37  110
================================================================================
NOTES:
# LAST OF SEVERAL OCCURRENCES

COLUMN 17 PEAK WIND IN M.P.H.

PRELIMINARY LOCAL CLIMATOLOGICAL DATA (WS FORM: F-6) , PAGE 2

                                          STATION:  MIAMI
                                          MONTH:    JUNE
                                          YEAR:     2015
                                          LATITUDE:   25 49 N
                                          LONGITUDE:  80 17 W

[TEMPERATURE DATA]      [PRECIPITATION DATA]       SYMBOLS USED IN COLUMN 16

AVERAGE MONTHLY: 83.6   TOTAL FOR MONTH:   3.60    1 = FOG OR MIST
DPTR FM NORMAL:   0.9   DPTR FM NORMAL:   -6.07    2 = FOG REDUCING VISIBILITY
HIGHEST:    95 ON 30    GRTST 24HR  0.80 ON 26-26      TO 1/4 MILE OR LESS
LOWEST:     72 ON 11, 3                            3 = THUNDER
                        SNOW, ICE PELLETS, HAIL    4 = ICE PELLETS
                        TOTAL MONTH:   0.0 INCH    5 = HAIL
                        GRTST 24HR     0.0         6 = FREEZING RAIN OR DRIZZLE
                        GRTST DEPTH:   0           7 = DUSTSTORM OR SANDSTORM:
                                                       VSBY 1/2 MILE OR LESS
                                                   8 = SMOKE OR HAZE
[NO. OF DAYS WITH]      [WEATHER - DAYS WITH]      9 = BLOWING SNOW
                                                   X = TORNADO
MAX 32 OR BELOW:   0    0.01 INCH OR MORE:  16
MAX 90 OR ABOVE:  16    0.10 INCH OR MORE:   8
MIN 32 OR BELOW:   0    0.50 INCH OR MORE:   3
MIN  0 OR BELOW:   0    1.00 INCH OR MORE:   0

[HDD (BASE 65) ]
TOTAL THIS MO.     0    CLEAR  (SCALE 0-3)   1
DPTR FM NORMAL     0    PTCLDY (SCALE 4-7)  25
TOTAL FM JUL 1    76    CLOUDY (SCALE 8-10)  4
DPTR FM NORMAL   -52

[CDD (BASE 65) ]
TOTAL THIS MO.   565
DPTR FM NORMAL    33    [PRESSURE DATA]
TOTAL FM JAN 1  2242    HIGHEST SLP 30.17 ON 30
DPTR FM NORMAL   354    LOWEST  SLP 29.87 ON  3

[REMARKS]
#FINAL-06-15#
