000
CXUS52 KMFL 161000
CF6MIA
PRELIMINARY LOCAL CLIMATOLOGICAL DATA (WS FORM: F-6)

                                          STATION:   MIAMI
                                          MONTH:     JANUARY
                                          YEAR:      2017
                                          LATITUDE:   25 49 N
                                          LONGITUDE:  80 17 W

  TEMPERATURE IN F:       :PCPN:    SNOW:  WIND      :SUNSHINE: SKY     :PK WND
================================================================================
1   2   3   4   5  6A  6B    7    8   9   10  11  12  13   14  15   16   17  18
                                     12Z  AVG MX 2MIN
DY MAX MIN AVG DEP HDD CDD  WTR  SNW DPTH SPD SPD DIR MIN PSBL S-S WX    SPD DR
================================================================================

 1  83  71  77   9   0  12 0.00  0.0    0  9.8 20 130 151   24   3        28 120
 2  85  77  81  13   0  16    T  0.0    0 12.3 23 120 152   24   6        31 140
 3  86  73  80  12   0  15 0.69  0.0    0  7.7 17 190 172   27   5 38     24 180
 4  83  73  78  10   0  13 0.16  0.0    0  6.0 12 240  44    7   8 1       M  M
 5  82  65  74   6   0   9 0.00  0.0    0  3.8 12 260 378   59   7        19 300
 6  83  62  73   5   0   8 0.00  0.0    0  5.3 15 130 200   31   5 12     20 160
 7  87  54  71   3   0   6 0.59  0.0    0 10.7 22 220 163   26   7 138    35 280
 8  70  51  61  -7   4   0 0.00  0.0    0 12.9 21 340 451   71   3        35 350
 9  73  52  63  -5   2   0    T  0.0    0  9.5 22  60 244   38   5        30  60
10  77  64  71   3   0   6 0.01  0.0    0 10.3 21  90   M    M   7        27  80
11  79  67  73   5   0   8 0.03  0.0    0 12.3 22  90 166   26   7        27 100
12  81  71  76   8   0  11    T  0.0    0 11.6 22  90 142   22   7        25  90
13  82  72  77   9   0  12    T  0.0    0 11.8 22  80   M    M   6        28  90
14  79  68  74   6   0   9 0.06  0.0    0  9.2 22  80  88   14   6 8      27  90
15  83  69  76   8   0  11    T  0.0    0 10.1 20  90 128   20   8        24  90
================================================================================
SM 1213  989         6 136  1.54     0.0 143.3         2479     90
================================================================================
AV 80.9 65.9                               9.6 FASTST  191  30   6    MAX(MPH)
                                 MISC ---->  # 23 120               # 35  280
================================================================================
NOTES:
# LAST OF SEVERAL OCCURRENCES

COLUMN 17 PEAK WIND IN M.P.H.

PRELIMINARY LOCAL CLIMATOLOGICAL DATA (WS FORM: F-6) , PAGE 2

                                          STATION:  MIAMI
                                          MONTH:    JANUARY
                                          YEAR:     2017
                                          LATITUDE:   25 49 N
                                          LONGITUDE:  80 17 W

[TEMPERATURE DATA]      [PRECIPITATION DATA]       SYMBOLS USED IN COLUMN 16

AVERAGE MONTHLY: 73.4   TOTAL FOR MONTH:   1.54    1 = FOG OR MIST
DPTR FM NORMAL:   5.4   DPTR FM NORMAL:    0.79    2 = FOG REDUCING VISIBILITY
HIGHEST:    87 ON  7    GRTST 24HR  0.80 ON  3- 4      TO 1/4 MILE OR LESS
LOWEST:     51 ON  8                               3 = THUNDER
                        SNOW, ICE PELLETS, HAIL    4 = ICE PELLETS
                        TOTAL MONTH:   0.0 INCH    5 = HAIL
                        GRTST 24HR     0.0         6 = FREEZING RAIN OR DRIZZLE
                        GRTST DEPTH:   0           7 = DUSTSTORM OR SANDSTORM:
                                                       VSBY 1/2 MILE OR LESS
                                                   8 = SMOKE OR HAZE
[NO. OF DAYS WITH]      [WEATHER - DAYS WITH]      9 = BLOWING SNOW
                                                   X = TORNADO
MAX 32 OR BELOW:   0    0.01 INCH OR MORE:   6
MAX 90 OR ABOVE:   0    0.10 INCH OR MORE:   3
MIN 32 OR BELOW:   0    0.50 INCH OR MORE:   2
MIN  0 OR BELOW:   0    1.00 INCH OR MORE:   0

[HDD (BASE 65) ]
TOTAL THIS MO.     6    CLEAR  (SCALE 0-3)   0
DPTR FM NORMAL   -24    PTCLDY (SCALE 4-7)  15
TOTAL FM JUL 1     6    CLOUDY (SCALE 8-10)  0
DPTR FM NORMAL   -61

[CDD (BASE 65) ]
TOTAL THIS MO.   136
DPTR FM NORMAL    61    [PRESSURE DATA]
TOTAL FM JAN 1   136    HIGHEST SLP M ON M
DPTR FM NORMAL    61    LOWEST  SLP 29.89 ON  5

[REMARKS]
