000
CXUS53 KIND 280730
CF6MIE
PRELIMINARY LOCAL CLIMATOLOGICAL DATA (WS FORM: F-6)

                                          STATION:   MUNCIE IN
                                          MONTH:     JULY
                                          YEAR:      2017
                                          LATITUDE:   40 13 N
                                          LONGITUDE:  85 23 W

  TEMPERATURE IN F:       :PCPN:    SNOW:  WIND      :SUNSHINE: SKY     :PK WND
================================================================================
1   2   3   4   5  6A  6B    7    8   9   10  11  12  13   14  15   16   17  18
                                     12Z  AVG MX 2MIN
DY MAX MIN AVG DEP HDD CDD  WTR  SNW DPTH SPD SPD DIR MIN PSBL S-S WX    SPD DR
================================================================================

 1  84  69  77   2   0  12 0.00    M    M  8.2 18 300   M    M   4 1      25 270
 2  84  67  76   1   0  11 0.00    M    M  6.0 15 260   M    M   0        22 250
 3  87  68  78   3   0  13 0.00    M    M  4.8 20  20   M    M   4        24  20
 4  87  68  78   3   0  13 0.00    M    M  7.1 14  70   M    M   1 1      17  50
 5  85  64  75   0   0  10 0.00    M    M  4.1  9 110   M    M   2        13  90
 6  82  70  76   1   0  11 0.42    M    M  3.5 12 150   M    M   3 138    17 160
 7  84  67  76   1   0  11 1.48    M    M  8.3 26 330   M    M   3 138    36 320
 8  79  58  69  -6   0   4 0.00    M    M  6.8 15 330   M    M   2 1      18 330
 9  82  55  69  -6   0   4 0.00    M    M  3.4 12 240   M    M   1        18 230
10  85  72  79   4   0  14 0.01    M    M  9.5 26 250   M    M   2 3      36 250
11  80  72  76   1   0  11 0.38    M    M 10.7 26 240   M    M   2 138    37 250
12  88  75  82   7   0  17 0.03    M    M  8.4 17 230   M    M   1 1      24 210
13  88  75  82   7   0  17 0.01    M    M  8.3 16 230   M    M   6 3      22 240
14  83  63  73  -2   0   8 0.00    M    M  7.5 20 320   M    M   3 1      25 320
15  81  59  70  -5   0   5 0.00    M    M  3.2  9 310   M    M   3 1      12 340
16  87  63  75   0   0  10 0.00    M    M  5.4 24 360   M    M   2 13     32 360
17  86  66  76   2   0  11 0.00    M    M  3.4  9  60   M    M   4 1      14  50
18  90  68  79   5   0  14 0.00    M    M  3.4  8 240   M    M   4 18     11 240
19  89  68  79   5   0  14 0.00    M    M  3.9 10 280   M    M   1 18     14 290
20  90  74  82   8   0  17 0.76    M    M  5.7 26 310   M    M   2 13     35 310
21  86  72  79   5   0  14 0.46    M    M  5.8 32 310   M    M   3 138    46 300
22  86  72  79   5   0  14 0.69    M    M  5.7 39 320   M    M   5 138    56 320
23  86  70  78   4   0  13 0.02    M    M  5.4 15 240   M    M   5 3      19 230
24  80  62  71  -3   0   6 0.00    M    M  6.5 13  20   M    M   4        16  10
25  80  56  68  -6   0   3 0.00    M    M  5.6 13  80   M    M   0 1      17 100
26  85  60  73  -1   0   8 0.00    M    M  4.4  9 210   M    M   0        13 180
27  84  73  79   5   0  14 0.20    M    M  4.3 14 350   M    M   7 13     18 270
================================================================================
SM 2288 1806         0 299  4.46    M    159.3          M       74
================================================================================
AV 84.7 66.9                               5.9 FASTST   M    M   3    MAX(MPH)
                                 MISC ---->  # 39 320               # 56  320
================================================================================
NOTES:
# LAST OF SEVERAL OCCURRENCES

COLUMN 17 PEAK WIND IN M.P.H.

PRELIMINARY LOCAL CLIMATOLOGICAL DATA (WS FORM: F-6) , PAGE 2

                                          STATION:  MUNCIE IN
                                          MONTH:    JULY
                                          YEAR:     2017
                                          LATITUDE:   40 13 N
                                          LONGITUDE:  85 23 W

[TEMPERATURE DATA]      [PRECIPITATION DATA]       SYMBOLS USED IN COLUMN 16

AVERAGE MONTHLY: 75.8   TOTAL FOR MONTH:   4.46    1 = FOG OR MIST
DPTR FM NORMAL:   1.2   DPTR FM NORMAL:    0.58    2 = FOG REDUCING VISIBILITY
HIGHEST:    90 ON 20,18 GRTST 24HR  2.23 ON 30- 1      TO 1/4 MILE OR LESS
LOWEST:     55 ON  9                               3 = THUNDER
                        SNOW, ICE PELLETS, HAIL    4 = ICE PELLETS
                        TOTAL MONTH:    M          5 = HAIL
                        GRTST 24HR    M  ON   M    6 = FREEZING RAIN OR DRIZZLE
                        GRTST DEPTH:  M  ON   M    7 = DUSTSTORM OR SANDSTORM:
                                                       VSBY 1/2 MILE OR LESS
                                                   8 = SMOKE OR HAZE
[NO. OF DAYS WITH]      [WEATHER - DAYS WITH]      9 = BLOWING SNOW
                                                   X = TORNADO
MAX 32 OR BELOW:   0    0.01 INCH OR MORE:  11
MAX 90 OR ABOVE:   2    0.10 INCH OR MORE:   7
MIN 32 OR BELOW:   0    0.50 INCH OR MORE:   3
MIN  0 OR BELOW:   0    1.00 INCH OR MORE:   1

[HDD (BASE 65) ]
TOTAL THIS MO.     0    CLEAR  (SCALE 0-3)  18
DPTR FM NORMAL     0    PTCLDY (SCALE 4-7)   9
TOTAL FM JUL 1     0    CLOUDY (SCALE 8-10)  0
DPTR FM NORMAL     0

[CDD (BASE 65) ]
TOTAL THIS MO.   299
DPTR FM NORMAL    38    [PRESSURE DATA]
TOTAL FM JAN 1   663    HIGHEST SLP M ON M
DPTR FM NORMAL   103    LOWEST  SLP 29.73 ON 23

[REMARKS]
