000
CXUS55 KEAX 210736
CF6MKC
PRELIMINARY LOCAL CLIMATOLOGICAL DATA (WS FORM: F-6)

                                          STATION:   Downtown Kansas City MO
                                          MONTH:     FEBRUARY
                                          YEAR:      2018
                                          LATITUDE:   39  7 N
                                          LONGITUDE:  94 36 W

  TEMPERATURE IN F:       :PCPN:    SNOW:  WIND      :SUNSHINE: SKY     :PK WND
================================================================================
1   2   3   4   5  6A  6B    7    8   9   10  11  12  13   14  15   16   17  18
                                     12Z  AVG MX 2MIN
DY MAX MIN AVG DEP HDD CDD  WTR  SNW DPTH SPD SPD DIR MIN PSBL S-S WX    SPD DR
================================================================================

 1  43  18  31  -1  34   0 0.00    M    M 11.1 23 340   M    M   5        32 340
 2  37  14  26  -6  39   0 0.00    M    M  6.8 14 200   M    M   0        20 160
 3  53  33  43  11  22   0 0.00    M    M 13.8 24 220   M    M   3        32 210
 4  40   7  24  -8  41   0 0.01    M    M 11.7 26 330   M    M   5        33 330
 5  23   4  14 -19  51   0    T    M    M  6.2 13 310   M    M   3        16 180
 6  22  14  18 -15  47   0 0.00    M    M  6.9 13  10   M    M   6        16 340
 7  32  15  24  -9  41   0 0.00    M    M  3.6 12 310   M    M   1        14 300
 8  55  23  39   6  26   0 0.00    M    M  8.7 20 200   M    M   1        24 200
 9  49  21  35   1  30   0 0.00    M    M 12.4 20 350   M    M   3 8      25  20
10  24  16  20 -14  45   0    T    M    M 11.7 22  10   M    M  10 8      26  10
11  34  16  25  -9  40   0    T    M    M  6.0 16 350   M    M   3 8      23 360
12  38  18  28  -6  37   0 0.00    M    M  8.2 18  80   M    M   0        23  90
13  51  27  39   4  26   0 0.00    M    M  7.3 17 200   M    M   4        22 200
14  58  37  48  13  17   0 0.00    M    M  7.7 21 210   M    M   3 18     24 210
15  69  38  54  19  11   0 0.00    M    M 13.1 25 350   M    M   1        34 350
16  38  25  32  -4  33   0 0.00    M    M  8.3 24 340   M    M   3        34 350
17  55  32  44   8  21   0    T    M    M  7.6 20 310   M    M   4 1      26 310
18  59  33  46  10  19   0 0.00    M    M 15.8 29 200   M    M   3        38 180
19  69  32  51  14  14   0 0.02    M    M 12.3 25 200   M    M  10 1      37 200
20  33  22  28  -9  37   0 0.39    M    M 11.2 22 280   M    M   9 136    29 300
================================================================================
SM  882  445       631   0  0.42    M    190.4          M       77
================================================================================
AV 44.1 22.3                               9.5 FASTST   M    M   4    MAX(MPH)
                                 MISC ---->  # 29 200               # 38  180
================================================================================
NOTES:
# LAST OF SEVERAL OCCURRENCES

COLUMN 17 PEAK WIND IN M.P.H.

PRELIMINARY LOCAL CLIMATOLOGICAL DATA (WS FORM: F-6) , PAGE 2

                                          STATION:  Downtown Kansas City MO
                                          MONTH:    FEBRUARY
                                          YEAR:     2018
                                          LATITUDE:   39  7 N
                                          LONGITUDE:  94 36 W

[TEMPERATURE DATA]      [PRECIPITATION DATA]       SYMBOLS USED IN COLUMN 16

AVERAGE MONTHLY: 33.2   TOTAL FOR MONTH:   0.42    1 = FOG OR MIST
DPTR FM NORMAL:  -1.0   DPTR FM NORMAL:   -0.60    2 = FOG REDUCING VISIBILITY
HIGHEST:    69 ON 19,15 GRTST 24HR  0.39 ON 20-20      TO 1/4 MILE OR LESS
LOWEST:      4 ON  5                               3 = THUNDER
                        SNOW, ICE PELLETS, HAIL    4 = ICE PELLETS
                        TOTAL MONTH:    M          5 = HAIL
                        GRTST 24HR    M  ON   M    6 = FREEZING RAIN OR DRIZZLE
                        GRTST DEPTH:  M  ON   M    7 = DUSTSTORM OR SANDSTORM:
                                                       VSBY 1/2 MILE OR LESS
                                                   8 = SMOKE OR HAZE
[NO. OF DAYS WITH]      [WEATHER - DAYS WITH]      9 = BLOWING SNOW
                                                   X = TORNADO
MAX 32 OR BELOW:   4    0.01 INCH OR MORE:   3
MAX 90 OR ABOVE:   0    0.10 INCH OR MORE:   1
MIN 32 OR BELOW:  16    0.50 INCH OR MORE:   0
MIN  0 OR BELOW:   0    1.00 INCH OR MORE:   0

[HDD (BASE 65) ]
TOTAL THIS MO.   631    CLEAR  (SCALE 0-3)  11
DPTR FM NORMAL    14    PTCLDY (SCALE 4-7)   6
TOTAL FM JUL 1  3317    CLOUDY (SCALE 8-10)  3
DPTR FM NORMAL  -202

[CDD (BASE 65) ]
TOTAL THIS MO.     0
DPTR FM NORMAL     0    [PRESSURE DATA]
TOTAL FM JAN 1     0    HIGHEST SLP  0.00 ON M
DPTR FM NORMAL     0    LOWEST  SLP  0.00 ON M

[REMARKS]
