000
CXUS53 KMKX 280648
CF6MKE
PRELIMINARY LOCAL CLIMATOLOGICAL DATA (WS FORM: F-6)

                                          STATION:   MILWAUKEE WI
                                          MONTH:     SEPTEMBER
                                          YEAR:      2016
                                          LATITUDE:   42 57 N
                                          LONGITUDE:  87 54 W

  TEMPERATURE IN F:       :PCPN:    SNOW:  WIND      :SUNSHINE: SKY     :PK WND
================================================================================
1   2   3   4   5  6A  6B    7    8   9   10  11  12  13   14  15   16   17  18
                                     12Z  AVG MX 2MIN
DY MAX MIN AVG DEP HDD CDD  WTR  SNW DPTH SPD SPD DIR MIN PSBL S-S WX    SPD DR
================================================================================

 1  72  64  68   0   0   3 0.00  0.0    0 13.8 23  40   M    M   5        31  40
 2  72  62  67  -1   0   2 0.00  0.0    0  7.4 14  60   M    M   2        19  60
 3  74  58  66  -2   0   1 0.00  0.0    0  5.1 14 110   M    M   3        19 110
 4  78  57  68   0   0   3 0.00  0.0    0  7.9 21 140   M    M   4        25 140
 5  88  68  78  11   0  13 0.00  0.0    0 11.0 24 200   M    M   4        30 210
 6  94  71  83  16   0  18 0.03  0.0    0 12.3 22 210   M    M   4        30 210
 7  82  71  77  10   0  12 1.56  0.0    0  6.3 28 310   M    M   7 13     39 330
 8  85  66  76  10   0  11    T  0.0    0  8.1 15 270   M    M   6        20 320
 9  79  61  70   4   0   5 0.00  0.0    0  6.6 18 130   M    M   6 18     22 140
10  74  60  67   1   0   2 0.08  0.0    0  9.8 22 290   M    M   6 1      30 270
11  76  54  65   0   0   0 0.00  0.0    0  7.1 15 160   M    M   2        21 210
12  79  59  69   4   0   4 0.00  0.0    0  9.9 20 150   M    M   2        25 160
13  75  64  70   6   0   5    T  0.0    0  6.9 16  20   M    M   9        20  30
14  72  61  67   3   0   2 0.01  0.0    0  5.8 14  70   M    M   6        18 120
15  74  59  67   3   0   2 0.00  0.0    0  8.6 16 130   M    M   4        21 140
16  85  68  77  14   0  12 0.05  0.0    0 10.5 23 210   M    M   8 13     31 220
17  83  63  73  10   0   8 0.05  0.0    0  8.8 22 220   M    M   4 1      30 210
18  78  58  68   6   0   3 0.00  0.0    0  6.1 15 130   M    M   2        17 120
19  87  64  76  14   0  11 0.66  0.0    0 10.4 30 360   M    M   4 13     38 360
20  79  58  69   8   0   4 0.00  0.0    0  4.9 15 130   M    M   2        17 140
21  74  64  69   8   0   4 0.69  0.0    0  6.6 24 220   M    M   9 13     29 210
22  80  63  72  12   0   7    T  0.0    0  5.1 13  10   M    M   8 128    16 360
23  71  63  67   7   0   2 0.03  0.0    0 12.5 21  10   M    M  10 128    28  10
24  69  64  67   7   0   2 0.00  0.0    0  9.9 16  90   M    M   8        21 100
25  75  64  70  11   0   5 0.50  0.0    0 10.5 22 280   M    M   6 138    30 280
26  68  55  62   3   3   0 0.00  0.0    0 13.6 24 270   M    M   4        35 250
27  63  51  57  -1   8   0 0.04  0.0    0 11.8 23 270   M    M   6        32 250
================================================================================
SM 2086 1670        11 141  3.70     0.0 237.3          M      141
================================================================================
AV 77.3 61.9                               8.8 FASTST   M    M   5    MAX(MPH)
                                 MISC ---->  # 30 360               # 39  330
================================================================================
NOTES:
# LAST OF SEVERAL OCCURRENCES

COLUMN 17 PEAK WIND IN M.P.H.

PRELIMINARY LOCAL CLIMATOLOGICAL DATA (WS FORM: F-6) , PAGE 2

                                          STATION:  MILWAUKEE WI
                                          MONTH:    SEPTEMBER
                                          YEAR:     2016
                                          LATITUDE:   42 57 N
                                          LONGITUDE:  87 54 W

[TEMPERATURE DATA]      [PRECIPITATION DATA]       SYMBOLS USED IN COLUMN 16

AVERAGE MONTHLY: 69.6   TOTAL FOR MONTH:   3.70    1 = FOG OR MIST
DPTR FM NORMAL:   5.8   DPTR FM NORMAL:    0.82    2 = FOG REDUCING VISIBILITY
HIGHEST:    94 ON  6    GRTST 24HR  1.59 ON  6- 7      TO 1/4 MILE OR LESS
LOWEST:     51 ON 27                               3 = THUNDER
                        SNOW, ICE PELLETS, HAIL    4 = ICE PELLETS
                        TOTAL MONTH:   0.0 INCH    5 = HAIL
                        GRTST 24HR     0.0         6 = FREEZING RAIN OR DRIZZLE
                        GRTST DEPTH:   0           7 = DUSTSTORM OR SANDSTORM:
                                                       VSBY 1/2 MILE OR LESS
                                                   8 = SMOKE OR HAZE
[NO. OF DAYS WITH]      [WEATHER - DAYS WITH]      9 = BLOWING SNOW
                                                   X = TORNADO
MAX 32 OR BELOW:   0    0.01 INCH OR MORE:  11
MAX 90 OR ABOVE:   1    0.10 INCH OR MORE:   4
MIN 32 OR BELOW:   0    0.50 INCH OR MORE:   4
MIN  0 OR BELOW:   0    1.00 INCH OR MORE:   1

[HDD (BASE 65) ]
TOTAL THIS MO.    11    CLEAR  (SCALE 0-3)   6
DPTR FM NORMAL   -90    PTCLDY (SCALE 4-7)  18
TOTAL FM JUL 1    13    CLOUDY (SCALE 8-10)  3
DPTR FM NORMAL  -114

[CDD (BASE 65) ]
TOTAL THIS MO.   141
DPTR FM NORMAL    74    [PRESSURE DATA]
TOTAL FM JAN 1   977    HIGHEST SLP M ON M
DPTR FM NORMAL   345    LOWEST  SLP 29.72 ON 27

[REMARKS]
