000
CXUS53 KGRR 011812
CF6MKG
PRELIMINARY LOCAL CLIMATOLOGICAL DATA (WS FORM: F-6)

                                          STATION:   MUSKEGON MI
                                          MONTH:     JULY
                                          YEAR:      2015
                                          LATITUDE:   43 10 N
                                          LONGITUDE:  86 14 W

  TEMPERATURE IN F:       :PCPN:    SNOW:  WIND      :SUNSHINE: SKY     :PK WND
================================================================================
1   2   3   4   5  6A  6B    7    8   9   10  11  12  13   14  15   16   17  18
                                     12Z  AVG MX 2MIN
DY MAX MIN AVG DEP HDD CDD  WTR  SNW DPTH SPD SPD DIR MIN PSBL S-S WX    SPD DR
================================================================================

 1  65  53  59 -11   6   0 0.00  0.0    0  8.4 16 330   M    M   8        21 290
 2  76  52  64  -6   1   0 0.00  0.0    0  6.3 16 290   M    M   2        19 300
 3  76  50  63  -7   2   0 0.00  0.0    0  3.8 13 250   M    M   4 18     15 250
 4  74  52  63  -8   2   0 0.00  0.0    0  3.6 12 230   M    M   5 18     14 230
 5  82  56  69  -2   0   4 0.00  0.0    0  4.0 10 240   M    M   2 18     13 220
 6  86  63  75   4   0  10 2.74  0.0    0 10.0 21 170   M    M   6 138    27 280
 7  73  56  65  -6   0   0 0.01  0.0    0 13.0 22 330   M    M   5 1      29 340
 8  72  52  62  -9   3   0 0.00  0.0    0  5.2 13 130   M    M   7        15 130
 9  74  54  64  -7   1   0 0.00  0.0    0  6.8 14 290   M    M   6        19 300
10  77  52  65  -6   0   0 0.00  0.0    0  3.3 13 250   M    M   5 18     15 260
11  79  52  66  -5   0   1 0.00  0.0    0  4.1 14 210   M    M   4 18     17 200
12  83  65  74   3   0   9 0.00  0.0    0  4.6 12 250   M    M   6 18     13 260
13  78  65  72   1   0   7 0.61  0.0    0  9.4 28 110   M    M   6 13     37 280
14  77  62  70  -1   0   5    T  0.0    0 10.4 20 350   M    M   6 1      25 350
15  78  57  68  -3   0   3 0.00  0.0    0  8.3 14 310   M    M   3        19  60
16  78  55  67  -4   0   2 0.09  0.0    0  7.9 17 140   M    M   7        24 210
17  83  64  74   3   0   9 0.90  0.0    0 10.0 22 190   M    M   8 18     30 190
18  88  68  78   7   0  13 0.70  0.0    0  9.2 25 320   M    M   5 138    32 270
19  78  63  71   0   0   6 0.00  0.0    0  8.6 16 210   M    M   5 1      21 330
20  78  65  72   1   0   7    T  0.0    0 10.8 17 220   M    M   5        24 250
21  75  59  67  -4   0   2 0.00  0.0    0  6.8 18 320   M    M   1        25 290
22  80  57  69  -2   0   4 0.00  0.0    0  3.2 10 260   M    M   5 1      13 270
23  81  64  73   2   0   8 0.00  0.0    0  4.6 12 260   M    M   3        15 250
24  83  61  72   1   0   7 0.00  0.0    0  6.5 15 220   M    M   4        20 220
25  84  66  75   4   0  10 0.00  0.0    0  8.9 16 210   M    M   4        21 200
26  90  60  75   4   0  10    T  0.0    0  3.9 13 130   M    M   4        16 120
27  91  64  78   7   0  13 0.00  0.0    0  4.1 13 160   M    M   4 1      17 120
28  89  63  76   5   0  11 0.00  0.0    0  5.0 13 220   M    M   4        18 190
29  86  73  80   9   0  15    T  0.0    0  9.2 17 280   M    M   6 8      23 290
30  84  70  77   6   0  12 0.00  0.0    0 11.4 18 280   M    M   1        25 270
31  83  64  74   3   0   9 0.00  0.0    0  9.7 21 290   M    M   2        29 280
================================================================================
SM 2481 1857        15 177  5.05     0.0 221.0          M      143
================================================================================
AV 80.0 59.9                               7.1 FASTST   M    M   5    MAX(MPH)
                                 MISC ---->  # 28 110               # 37  280
================================================================================
NOTES:
# LAST OF SEVERAL OCCURRENCES

COLUMN 17 PEAK WIND IN M.P.H.

PRELIMINARY LOCAL CLIMATOLOGICAL DATA (WS FORM: F-6) , PAGE 2

                                          STATION:  MUSKEGON MI
                                          MONTH:    JULY
                                          YEAR:     2015
                                          LATITUDE:   43 10 N
                                          LONGITUDE:  86 14 W

[TEMPERATURE DATA]      [PRECIPITATION DATA]       SYMBOLS USED IN COLUMN 16

AVERAGE MONTHLY: 70.0   TOTAL FOR MONTH:   5.05    1 = FOG OR MIST
DPTR FM NORMAL:  -1.1   DPTR FM NORMAL:    2.68    2 = FOG REDUCING VISIBILITY
HIGHEST:    91 ON 27    GRTST 24HR  2.75 ON  6- 7      TO 1/4 MILE OR LESS
LOWEST:     50 ON  3                               3 = THUNDER
                        SNOW, ICE PELLETS, HAIL    4 = ICE PELLETS
                        TOTAL MONTH:   0.0 INCH    5 = HAIL
                        GRTST 24HR     0.0         6 = FREEZING RAIN OR DRIZZLE
                        GRTST DEPTH:   0           7 = DUSTSTORM OR SANDSTORM:
                                                       VSBY 1/2 MILE OR LESS
                                                   8 = SMOKE OR HAZE
[NO. OF DAYS WITH]      [WEATHER - DAYS WITH]      9 = BLOWING SNOW
                                                   X = TORNADO
MAX 32 OR BELOW:   0    0.01 INCH OR MORE:   6
MAX 90 OR ABOVE:   2    0.10 INCH OR MORE:   4
MIN 32 OR BELOW:   0    0.50 INCH OR MORE:   4
MIN  0 OR BELOW:   0    1.00 INCH OR MORE:   1

[HDD (BASE 65) ]
TOTAL THIS MO.    15    CLEAR  (SCALE 0-3)   6
DPTR FM NORMAL     4    PTCLDY (SCALE 4-7)  24
TOTAL FM JUL 1    15    CLOUDY (SCALE 8-10)  1
DPTR FM NORMAL     4

[CDD (BASE 65) ]
TOTAL THIS MO.   177
DPTR FM NORMAL   -25    [PRESSURE DATA]
TOTAL FM JAN 1   279    HIGHEST SLP 30.18 ON 11
DPTR FM NORMAL   -57    LOWEST  SLP 29.48 ON 13

[REMARKS]
#FINAL-07-15#
