000
CXHW52 PHFO 011250
CF6MKK
PRELIMINARY LOCAL CLIMATOLOGICAL DATA (WS FORM: F-6)

                                          STATION:   MOLOKAI HI
                                          MONTH:     JULY
                                          YEAR:      2015
                                          LATITUDE:   21  8 N
                                          LONGITUDE: 157  6 W

  TEMPERATURE IN F:       :PCPN:    SNOW:  WIND      :SUNSHINE: SKY     :PK WND
================================================================================
1   2   3   4   5  6A  6B    7    8   9   10  11  12  13   14  15   16   17  18
                                     12Z  AVG MX 2MIN
DY MAX MIN AVG DEP HDD CDD  WTR  SNW DPTH SPD SPD DIR MIN PSBL S-S WX    SPD DR
================================================================================

 1  87  68  78   1   0  13 0.00  0.0    0  4.6 14 340   M    M   2        18 360
 2  89  69  79   2   0  14 0.00  0.0    0  4.4 12 170   M    M   3        21 160
 3  88  69  79   2   0  14 0.00  0.0    0  5.2 14  70   M    M   2        18  50
 4  89  66  78   1   0  13 0.00  0.0    0  7.1 20 350   M    M   1        25 340
 5  86  73  80   3   0  15 0.00  0.0    0 10.4 22  50   M    M   2        29 360
 6  85  74  80   3   0  15    T  0.0    0 11.6 23  50   M    M   4        35  60
 7  84  72  78   1   0  13    T  0.0    0 12.0 23  30   M    M   5        32  30
 8  86  72  79   2   0  14    T  0.0    0 14.5 26  40   M    M   5        37  50
 9  84  71  78   1   0  13 0.09  0.0    0 11.9 23  40   M    M   6 1      32  50
10  85  73  79   1   0  14 0.03  0.0    0 12.1 24  50   M    M   6 1      33  40
11  84  73  79   1   0  14 0.12  0.0    0  7.9 17  30   M    M   9 1      24  40
12  87  74  81   3   0  16    T  0.0    0  5.8 15  40   M    M   5        23  30
13  87  75  81   3   0  16    T  0.0    0 13.7 24  50   M    M   4        36  40
14  86  74  80   2   0  15    T  0.0    0 12.6 23  60   M    M   3        31  50
15  86  74  80   2   0  15 0.00  0.0    0 12.9 23  40   M    M   2        32  50
16  87  73  80   2   0  15 0.02  0.0    0  6.6 17  30   M    M   8        25  30
17  90  74  82   4   0  17    T  0.0    0 10.2 22  40   M    M   4        30  40
18  86  74  80   2   0  15 0.00  0.0    0 11.0 21  60   M    M   3        29  30
19  84  72  78   0   0  13    T  0.0    0  8.7 21  30   M    M   4        30  40
20  86  71  79   1   0  14    T  0.0    0  7.8 17  50   M    M   4        24  40
21  88  73  81   3   0  16    T  0.0    0  7.0 20  50   M    M   5        25  50
22  88  73  81   3   0  16    T  0.0    0  8.1 20  50   M    M   4        26  40
23  88  72  80   2   0  15    T  0.0    0 12.3 22  40   M    M   3        33  50
24  87  74  81   3   0  16    T  0.0    0 14.3 24  50   M    M   4        36  50
25  87  74  81   3   0  16 0.00  0.0    0  9.5 17  30   M    M   3        24  30
26  89  69  79   1   0  14 0.00  0.0    0  5.1 17 350   M    M   3        24 350
27  90  73  82   4   0  17    T  0.0    0  7.8 17  50   M    M   3        25  60
28  90  69  80   2   0  15 0.00  0.0    0  5.6 20 120   M    M   2        26 110
29   M   M   M   M   M   M 0.00  0.0    0  8.5 16  30   M    M   2        33  50
30  91  72  82   4   0  17    T  0.0    0 14.2 23  40   M    M   2        35  40
31  87  75  81   3   0  16 0.03  0.0    0 14.3 24  30   M    M   3        35  50
================================================================================
SM 2611 2165         0 446  0.29     0.0 297.7          M      116
================================================================================
AV 87.0 72.2                               9.6 FASTST   M    M   4    MAX(MPH)
                                 MISC ---->  # 26  40               # 37   50
================================================================================
NOTES:
# LAST OF SEVERAL OCCURRENCES

COLUMN 17 PEAK WIND IN M.P.H.

PRELIMINARY LOCAL CLIMATOLOGICAL DATA (WS FORM: F-6) , PAGE 2

                                          STATION:  MOLOKAI HI
                                          MONTH:    JULY
                                          YEAR:     2015
                                          LATITUDE:   21  8 N
                                          LONGITUDE: 157  6 W

[TEMPERATURE DATA]      [PRECIPITATION DATA]       SYMBOLS USED IN COLUMN 16

AVERAGE MONTHLY: 79.6   TOTAL FOR MONTH:   0.29    1 = FOG OR MIST
DPTR FM NORMAL:   1.9   DPTR FM NORMAL:   -0.32    2 = FOG REDUCING VISIBILITY
HIGHEST:    91 ON 30    GRTST 24HR  0.13 ON 10-11      TO 1/4 MILE OR LESS
LOWEST:     66 ON  4                               3 = THUNDER
                        SNOW, ICE PELLETS, HAIL    4 = ICE PELLETS
                        TOTAL MONTH:   0.0 INCH    5 = HAIL
                        GRTST 24HR     0.0         6 = FREEZING RAIN OR DRIZZLE
                        GRTST DEPTH:   0           7 = DUSTSTORM OR SANDSTORM:
                                                       VSBY 1/2 MILE OR LESS
                                                   8 = SMOKE OR HAZE
[NO. OF DAYS WITH]      [WEATHER - DAYS WITH]      9 = BLOWING SNOW
                                                   X = TORNADO
MAX 32 OR BELOW:   0    0.01 INCH OR MORE:   5
MAX 90 OR ABOVE:   4    0.10 INCH OR MORE:   1
MIN 32 OR BELOW:   0    0.50 INCH OR MORE:   0
MIN  0 OR BELOW:   0    1.00 INCH OR MORE:   0

[HDD (BASE 65) ]
TOTAL THIS MO.     0    CLEAR  (SCALE 0-3)  14
DPTR FM NORMAL     0    PTCLDY (SCALE 4-7)  16
TOTAL FM JUL 1     0    CLOUDY (SCALE 8-10)  1
DPTR FM NORMAL     0

[CDD (BASE 65) ]
TOTAL THIS MO.   446
DPTR FM NORMAL    54    [PRESSURE DATA]
TOTAL FM JAN 1  1817    HIGHEST SLP 30.07 ON 18
DPTR FM NORMAL    57    LOWEST  SLP 29.87 ON  1

[REMARKS]
#FINAL-07-15#
