000
CXUS53 KMPX 261000
CF6MKT
PRELIMINARY LOCAL CLIMATOLOGICAL DATA (WS FORM: F-6)

                                          STATION:   MANKATO MN
                                          MONTH:     DECEMBER
                                          YEAR:      2014
                                          LATITUDE:   44 13 N
                                          LONGITUDE:  93 55 W

  TEMPERATURE IN F:       :PCPN:    SNOW:  WIND      :SUNSHINE: SKY     :PK WND
================================================================================
1   2   3   4   5  6A  6B    7    8   9   10  11  12  13   14  15   16   17  18
                                     12Z  AVG MX 2MIN
DY MAX MIN AVG DEP HDD CDD  WTR  SNW DPTH SPD SPD DIR MIN PSBL S-S WX    SPD DR
================================================================================

 1   9  -6   2 -23  63   0    M    M    M  7.2 13 320   M    M   1         M  M
 2  25   7  16  -9  49   0    M    M    M 13.3 23 190   M    M   6        29 190
 3  21  10  16  -8  49   0    M    M    M 10.1 17 290   M    M   1        25 290
 4  32  16  24   0  41   0    M    M    M 11.8 17 150   M    M   6        21 160
 5  32  28  30   7  35   0    M    M    M  7.4 14 190   M    M  10        20 190
 6  32  12  22  -1  43   0    M    M    M  5.6 13 140   M    M   2         M  M
 7  34  25  30   8  35   0    M    M    M 16.2 22 190   M    M   7        29 190
 8  36  19  28   6  37   0    M    M    M 16.4 25 310   M    M  10        31 310
 9  21  18  20  -1  45   0    M    M    M  8.1 16 330   M    M   9         M  M
10  30  21  26   5  39   0    M    M    M  8.3 12 180   M    M  10        18 180
11  34  28  31  10  34   0    M    M    M  8.6 10 190   M    M  10         M  M
12  37  34  36  16  29   0    M    M    M 10.4 14 190   M    M   8        20 190
13  48  36  42  22  23   0    M    M    M 10.2 15 190   M    M   8        20 190
14  52  48  50  30  15   0    M    M    M  9.7 13 180   M    M  10        20 180
15  52  28  40  21  25   0    M    M    M  9.8 23 340   M    M  10        32 340
16  28  12  20   1  45   0    M    M    M 18.3 25 340   M    M   9        35 340
17  19   9  14  -4  51   0    M    M    M  7.2 12 330   M    M   3         M  M
18  23  12  18   0  47   0    M    M    M  3.5  7 140   M    M   5         M  M
19  30  23  27   9  38   0    M    M    M  8.5 12 160   M    M  10         M  M
20  32  30  31  13  34   0 0.00    M    M  9.2 14 190   M    M  10        17 200
21  39  32  36  19  29   0    M    M    M 12.1 16 160   M    M  10        23 180
22  39  34  37  20  28   0    M    M    M 15.2 18 140   M    M  10        23 140
23  36  34  35  18  30   0    M    M    M 14.8 17 350   M    M  10        23 340
24  36  28  32  16  33   0    M    M    M 11.0 16 230   M    M  10        20 340
25  37  28  33  17  32   0    M    M    M  8.2 15 190   M    M   8        18 190
================================================================================
SM  814  566       929   0  0.00    M    261.1          M      193
================================================================================
AV 32.6 22.6                              10.4 FASTST   M    M   8    MAX(MPH)
                                 MISC ---->    25   M               # 35  340
================================================================================
NOTES:
# LAST OF SEVERAL OCCURRENCES

COLUMN 17 PEAK WIND IN M.P.H.

PRELIMINARY LOCAL CLIMATOLOGICAL DATA (WS FORM: F-6) , PAGE 2

                                          STATION:  MANKATO MN
                                          MONTH:    DECEMBER
                                          YEAR:     2014
                                          LATITUDE:   44 13 N
                                          LONGITUDE:  93 55 W

[TEMPERATURE DATA]      [PRECIPITATION DATA]       SYMBOLS USED IN COLUMN 16

AVERAGE MONTHLY: 27.6   TOTAL FOR MONTH:   0.00    1 = FOG OR MIST
DPTR FM NORMAL:   7.4   DPTR FM NORMAL:   -0.90    2 = FOG REDUCING VISIBILITY
HIGHEST:    52 ON 15,14 GRTST 24HR  0.00 ON 20-20      TO 1/4 MILE OR LESS
LOWEST:     -6 ON  1                               3 = THUNDER
                        SNOW, ICE PELLETS, HAIL    4 = ICE PELLETS
                        TOTAL MONTH:    M          5 = HAIL
                        GRTST 24HR    M  ON   M    6 = FREEZING RAIN OR DRIZZLE
                        GRTST DEPTH:  M  ON   M    7 = DUSTSTORM OR SANDSTORM:
                                                       VSBY 1/2 MILE OR LESS
                                                   8 = SMOKE OR HAZE
[NO. OF DAYS WITH]      [WEATHER - DAYS WITH]      9 = BLOWING SNOW
                                                   X = TORNADO
MAX 32 OR BELOW:  13    0.01 INCH OR MORE:   0
MAX 90 OR ABOVE:   0    0.10 INCH OR MORE:   0
MIN 32 OR BELOW:  20    0.50 INCH OR MORE:   0
MIN  0 OR BELOW:   1    1.00 INCH OR MORE:   0

[HDD (BASE 65) ]
TOTAL THIS MO.   929    CLEAR  (SCALE 0-3)   4
DPTR FM NORMAL  -192    PTCLDY (SCALE 4-7)   6
TOTAL FM JUL 1  2755    CLOUDY (SCALE 8-10) 15
DPTR FM NORMAL   -38

[CDD (BASE 65) ]
TOTAL THIS MO.     0
DPTR FM NORMAL     0    [PRESSURE DATA]
TOTAL FM JAN 1   599    HIGHEST SLP M ON M
DPTR FM NORMAL   -55    LOWEST  SLP M ON M

[REMARKS]
